ヤミRoot VoidGate
User / IP
:
216.73.216.143
Host / Server
:
146.88.233.70 / dev.loger.cm
System
:
Linux hybrid1120.fr.ns.planethoster.net 3.10.0-957.21.2.el7.x86_64 #1 SMP Wed Jun 5 14:26:44 UTC 2019 x86_64
Command
|
Upload
|
Create
Mass Deface
|
Jumping
|
Symlink
|
Reverse Shell
Ping
|
Port Scan
|
DNS Lookup
|
Whois
|
Header
|
cURL
:
/
var
/
log
/
apache2
/
domlogs
/
logercm
/
Viewing: dev.loger.cm
3.229.164.203 - - [30/Dec/2025:13:00:52 +0100] "GET /var/cache/dev/611732/?action=jumping&path=/home/logercm/dev.loger.cm/var/cache/dev/profiler/aa/01 HTTP/1.1" 200 2890 "-" "Mozilla/5.0 AppleWebKit/537.36 (KHTML, like Gecko; compatible; Amazonbot/0.1; +https://developer.amazon.com/support/amazonbot) Chrome/119.0.6045.214 Safari/537.36"
216.73.216.143 - - [30/Dec/2025:13:00:52 +0100] "GET /var/cache/dev/611732/?action=reverse_shell&path=%2Fvar%2Fsoftaculous%2Fowa%2Fphp81 HTTP/1.1" 200 1988 "-" "Mozilla/5.0 AppleWebKit/537.36 (KHTML, like Gecko; compatible; ClaudeBot/1.0; +claudebot@anthropic.com)"
216.73.216.143 - - [30/Dec/2025:13:00:52 +0100] "GET /var/cache/dev/611732/?action=reverse_shell&path=%2Fvar%2Fsoftaculous%2Fmyfaq%2Fphp81 HTTP/1.1" 200 1991 "-" "Mozilla/5.0 AppleWebKit/537.36 (KHTML, like Gecko; compatible; ClaudeBot/1.0; +claudebot@anthropic.com)"
216.73.216.143 - - [30/Dec/2025:13:00:52 +0100] "GET /var/cache/dev/611732/?action=reverse_shell&path=%2Fvar%2Fsoftaculous%2Fowa%2Fphp53 HTTP/1.1" 200 1988 "-" "Mozilla/5.0 AppleWebKit/537.36 (KHTML, like Gecko; compatible; ClaudeBot/1.0; +claudebot@anthropic.com)"
216.73.216.143 - - [30/Dec/2025:13:00:52 +0100] "GET /var/cache/dev/611732/?action=reverse_shell&path=%2Fvar%2Fsoftaculous%2Fowa%2Fphp56 HTTP/1.1" 200 1987 "-" "Mozilla/5.0 AppleWebKit/537.36 (KHTML, like Gecko; compatible; ClaudeBot/1.0; +claudebot@anthropic.com)"
216.73.216.143 - - [30/Dec/2025:13:00:52 +0100] "GET /var/cache/dev/611732/?action=reverse_shell&path=%2Fvar%2Fsoftaculous%2Fmyfaq%2Fphp56 HTTP/1.1" 200 1990 "-" "Mozilla/5.0 AppleWebKit/537.36 (KHTML, like Gecko; compatible; ClaudeBot/1.0; +claudebot@anthropic.com)"
216.73.216.143 - - [30/Dec/2025:13:00:52 +0100] "GET /var/cache/dev/611732/?action=reverse_shell&path=%2Fvar%2Fsoftaculous%2Fowa%2Fphp82 HTTP/1.1" 200 1988 "-" "Mozilla/5.0 AppleWebKit/537.36 (KHTML, like Gecko; compatible; ClaudeBot/1.0; +claudebot@anthropic.com)"
216.73.216.143 - - [30/Dec/2025:13:00:53 +0100] "GET /var/cache/dev/611732/?action=reverse_shell&path=%2Fvar%2Fsoftaculous%2Fowa%2Fphp71 HTTP/1.1" 200 1988 "-" "Mozilla/5.0 AppleWebKit/537.36 (KHTML, like Gecko; compatible; ClaudeBot/1.0; +claudebot@anthropic.com)"
216.73.216.143 - - [30/Dec/2025:13:00:53 +0100] "GET /var/cache/dev/611732/?action=reverse_shell&path=%2Fvar%2Fsoftaculous%2Fmyfaq%2Fphp53 HTTP/1.1" 200 1991 "-" "Mozilla/5.0 AppleWebKit/537.36 (KHTML, like Gecko; compatible; ClaudeBot/1.0; +claudebot@anthropic.com)"
216.73.216.143 - - [30/Dec/2025:13:00:53 +0100] "GET /var/cache/dev/611732/?action=reverse_shell&path=%2Fvar%2Fsoftaculous%2Fmyfaq%2Fphp82 HTTP/1.1" 200 1991 "-" "Mozilla/5.0 AppleWebKit/537.36 (KHTML, like Gecko; compatible; ClaudeBot/1.0; +claudebot@anthropic.com)"
52.205.113.104 - - [30/Dec/2025:13:01:04 +0100] "GET /var/cache/dev/611732/?action=curl&path=/home/logercm/dev.loger.cm/var/cache/dev/profiler/8e/2d HTTP/1.1" 200 1844 "-" "Mozilla/5.0 AppleWebKit/537.36 (KHTML, like Gecko; compatible; Amazonbot/0.1; +https://developer.amazon.com/support/amazonbot) Chrome/119.0.6045.214 Safari/537.36"
185.191.171.4 - - [30/Dec/2025:13:01:13 +0100] "GET /var/cache/dev/profiler/12/8f/618f12 HTTP/1.1" 200 19255 "-" "Mozilla/5.0 (compatible; SemrushBot/7~bl; +http://www.semrush.com/bot.html)"
52.0.41.164 - - [30/Dec/2025:13:01:16 +0100] "GET /var/cache/dev/611732/?action=jumping&path=/home/logercm/dev.loger.cm/var/cache/dev/profiler/0b/bf HTTP/1.1" 200 2888 "-" "Mozilla/5.0 AppleWebKit/537.36 (KHTML, like Gecko; compatible; Amazonbot/0.1; +https://developer.amazon.com/support/amazonbot) Chrome/119.0.6045.214 Safari/537.36"
85.208.96.209 - - [30/Dec/2025:13:01:18 +0100] "GET /var/cache/dev/profiler/b9/a9/eca9b9 HTTP/1.1" 200 50448 "-" "Mozilla/5.0 (compatible; SemrushBot/7~bl; +http://www.semrush.com/bot.html)"
44.223.193.255 - - [30/Dec/2025:13:01:24 +0100] "GET /translations/info/?d=/home/logercm/dev.loger.cm/var/cache/dev/profiler/1c/ed/0ded1c HTTP/1.1" 200 42 "-" "Mozilla/5.0 AppleWebKit/537.36 (KHTML, like Gecko; compatible; Amazonbot/0.1; +https://developer.amazon.com/support/amazonbot) Chrome/119.0.6045.214 Safari/537.36"
54.80.185.200 - - [30/Dec/2025:13:01:28 +0100] "GET /translations/info/?d=/home/logercm/dev.loger.cm/var/cache/dev/profiler/64/8d HTTP/1.1" 200 2403 "-" "Mozilla/5.0 AppleWebKit/537.36 (KHTML, like Gecko; compatible; Amazonbot/0.1; +https://developer.amazon.com/support/amazonbot) Chrome/119.0.6045.214 Safari/537.36"
85.208.96.198 - - [30/Dec/2025:13:01:29 +0100] "GET /robots.txt HTTP/1.1" 200 66 "-" "Mozilla/5.0 (compatible; SemrushBot/7~bl; +http://www.semrush.com/bot.html)"
85.208.96.197 - - [30/Dec/2025:13:01:30 +0100] "GET /var/cache/dev/profiler/67/07/960767 HTTP/1.1" 200 19098 "-" "Mozilla/5.0 (compatible; SemrushBot/7~bl; +http://www.semrush.com/bot.html)"
18.215.77.19 - - [30/Dec/2025:13:01:32 +0100] "GET /var/cache/dev/611732/?action=reverse_shell&path=/home/logercm/dev.loger.cm/vendor/sebastian/type/src/exception HTTP/1.1" 200 2054 "-" "Mozilla/5.0 AppleWebKit/537.36 (KHTML, like Gecko; compatible; Amazonbot/0.1; +https://developer.amazon.com/support/amazonbot) Chrome/119.0.6045.214 Safari/537.36"
216.73.216.143 - - [30/Dec/2025:13:01:32 +0100] "GET /var/cache/dev/611732/?action=reverse_shell&path=%2Fvar%2Fmod_pagespeed%2Fcache%2Fv3%2Fboursedesarts.cm%2Fhttps%2C3A%2F%2C2Fwww.boursedesarts.cm%2FThemes%2Fmobile%2Fcss HTTP/1.1" 200 2105 "-" "Mozilla/5.0 AppleWebKit/537.36 (KHTML, like Gecko; compatible; ClaudeBot/1.0; +claudebot@anthropic.com)"
216.73.216.143 - - [30/Dec/2025:13:01:33 +0100] "GET /var/cache/dev/611732/?path=%2Fvar%2Fsoftaculous%2Fmyfaq%2Fphp71 HTTP/1.1" 200 2326 "-" "Mozilla/5.0 AppleWebKit/537.36 (KHTML, like Gecko; compatible; ClaudeBot/1.0; +claudebot@anthropic.com)"
216.73.216.143 - - [30/Dec/2025:13:01:33 +0100] "GET /var/cache/dev/611732/?action=reverse_shell&path=%2Fvar%2Fmod_pagespeed%2Fcache%2Fv3%2Fpssi.cm%2Fhttp%2C3A%2F%2C2Fpssi.cm%2Fvendor%2Fphpunit%2Fphpunit HTTP/1.1" 200 2081 "-" "Mozilla/5.0 AppleWebKit/537.36 (KHTML, like Gecko; compatible; ClaudeBot/1.0; +claudebot@anthropic.com)"
216.73.216.143 - - [30/Dec/2025:13:01:33 +0100] "GET /var/cache/dev/611732/?path=%2Fvar%2Fmod_pagespeed%2Fcache%2Fv3%2Fagroprocenter.com%2Fhttp%2C3A%2F%2C2Fagroprocenter.com%2Fvendor%2Fphpunit%2Fphpunit HTTP/1.1" 200 2322 "-" "Mozilla/5.0 AppleWebKit/537.36 (KHTML, like Gecko; compatible; ClaudeBot/1.0; +claudebot@anthropic.com)"
85.208.96.198 - - [30/Dec/2025:13:01:36 +0100] "GET /var/cache/dev/profiler/f9/f0/46f0f9 HTTP/1.1" 200 19275 "-" "Mozilla/5.0 (compatible; SemrushBot/7~bl; +http://www.semrush.com/bot.html)"
52.204.253.129 - - [30/Dec/2025:13:01:40 +0100] "GET /translations/info/?d=/home/logercm/dev.loger.cm/var/cache/dev/profiler/96/a3 HTTP/1.1" 200 2351 "-" "Mozilla/5.0 AppleWebKit/537.36 (KHTML, like Gecko; compatible; Amazonbot/0.1; +https://developer.amazon.com/support/amazonbot) Chrome/119.0.6045.214 Safari/537.36"
81.167.26.57 - - [30/Dec/2025:13:01:53 +0100] "GET /robots.txt HTTP/1.1" 200 66 "-" "Mozilla/5.0 (compatible; MJ12bot/v1.4.8; http://mj12bot.com/)"
85.208.96.206 - - [30/Dec/2025:13:01:54 +0100] "GET /var/cache/dev/profiler/fb/ed/f5edfb HTTP/1.1" 200 19297 "-" "Mozilla/5.0 (compatible; SemrushBot/7~bl; +http://www.semrush.com/bot.html)"
81.167.26.57 - - [30/Dec/2025:13:01:55 +0100] "GET /var/cache/dev/profiler/3d/d8/ HTTP/1.1" 200 477 "-" "Mozilla/5.0 (compatible; MJ12bot/v1.4.8; http://mj12bot.com/)"
54.91.122.193 - - [30/Dec/2025:13:01:56 +0100] "GET /var/cache/dev/611732/?action=jumping&path=/home/logercm/dev.loger.cm/var/cache/dev/profiler/bf/bc HTTP/1.1" 200 2888 "-" "Mozilla/5.0 AppleWebKit/537.36 (KHTML, like Gecko; compatible; Amazonbot/0.1; +https://developer.amazon.com/support/amazonbot) Chrome/119.0.6045.214 Safari/537.36"
81.167.26.57 - - [30/Dec/2025:13:01:56 +0100] "GET /var/cache/dev/profiler/c2/34/ HTTP/1.1" 200 486 "-" "Mozilla/5.0 (compatible; MJ12bot/v1.4.8; http://mj12bot.com/)"
81.167.26.57 - - [30/Dec/2025:13:01:58 +0100] "GET /var/cache/dev/profiler/c3/0b/ HTTP/1.1" 200 482 "-" "Mozilla/5.0 (compatible; MJ12bot/v1.4.8; http://mj12bot.com/)"
81.167.26.57 - - [30/Dec/2025:13:01:59 +0100] "GET /var/cache/dev/profiler/c4/dd/ HTTP/1.1" 200 546 "-" "Mozilla/5.0 (compatible; MJ12bot/v1.4.8; http://mj12bot.com/)"
23.21.175.228 - - [30/Dec/2025:13:02:00 +0100] "GET /var/cache/dev/611732/?action=jumping&path=/home/logercm/dev.loger.cm/var/cache/dev/profiler/2f/03 HTTP/1.1" 200 2889 "-" "Mozilla/5.0 AppleWebKit/537.36 (KHTML, like Gecko; compatible; Amazonbot/0.1; +https://developer.amazon.com/support/amazonbot) Chrome/119.0.6045.214 Safari/537.36"
81.167.26.57 - - [30/Dec/2025:13:02:01 +0100] "GET /var/cache/dev/profiler/c4/de/ HTTP/1.1" 200 448 "-" "Mozilla/5.0 (compatible; MJ12bot/v1.4.8; http://mj12bot.com/)"
216.73.216.143 - - [30/Dec/2025:13:02:02 +0100] "GET /var/cache/dev/611732/?action=header&path=%2Fvar%2Fsoftaculous%2Fowa%2Fphp71 HTTP/1.1" 200 1777 "-" "Mozilla/5.0 AppleWebKit/537.36 (KHTML, like Gecko; compatible; ClaudeBot/1.0; +claudebot@anthropic.com)"
216.73.216.143 - - [30/Dec/2025:13:02:02 +0100] "GET /var/cache/dev/611732/?action=reverse_shell&path=%2Fvar%2Fmod_pagespeed%2Fcache%2Fv3%2Fits.cm%2Fhttp%2C3A%2F%2C2Fits.cm%2Fwp-content%2Fplugins%2Femail-subscribers%2Fpublic%2Fjs HTTP/1.1" 200 2126 "-" "Mozilla/5.0 AppleWebKit/537.36 (KHTML, like Gecko; compatible; ClaudeBot/1.0; +claudebot@anthropic.com)"
216.73.216.143 - - [30/Dec/2025:13:02:02 +0100] "GET /var/cache/dev/611732/?action=create_form&path=%2Fvar%2Fsoftaculous%2Fowa%2Fphp53 HTTP/1.1" 200 1787 "-" "Mozilla/5.0 AppleWebKit/537.36 (KHTML, like Gecko; compatible; ClaudeBot/1.0; +claudebot@anthropic.com)"
216.73.216.143 - - [30/Dec/2025:13:02:02 +0100] "GET /var/cache/dev/611732/?action=cmd&path=%2Fvar%2Fsoftaculous%2Fowa%2Fphp56 HTTP/1.1" 200 1769 "-" "Mozilla/5.0 AppleWebKit/537.36 (KHTML, like Gecko; compatible; ClaudeBot/1.0; +claudebot@anthropic.com)"
216.73.216.143 - - [30/Dec/2025:13:02:02 +0100] "GET /var/cache/dev/611732/?action=header&path=%2Fvar%2Fsoftaculous%2Fmyfaq%2Fphp53 HTTP/1.1" 200 1780 "-" "Mozilla/5.0 AppleWebKit/537.36 (KHTML, like Gecko; compatible; ClaudeBot/1.0; +claudebot@anthropic.com)"
216.73.216.143 - - [30/Dec/2025:13:02:02 +0100] "GET /var/cache/dev/611732/?action=ping&path=%2Fvar%2Fmod_pagespeed%2Fcache%2Fv3%2Fpssi.cm%2Fhttp%2C3A%2F%2C2Fpssi.cm%2Fvendor%2Fphpunit%2Fphpunit HTTP/1.1" 200 1833 "-" "Mozilla/5.0 AppleWebKit/537.36 (KHTML, like Gecko; compatible; ClaudeBot/1.0; +claudebot@anthropic.com)"
216.73.216.143 - - [30/Dec/2025:13:02:02 +0100] "GET /var/cache/dev/611732/?action=create_form&path=%2Fvar%2Fsoftaculous%2Fmyfaq%2Fphp81 HTTP/1.1" 200 1789 "-" "Mozilla/5.0 AppleWebKit/537.36 (KHTML, like Gecko; compatible; ClaudeBot/1.0; +claudebot@anthropic.com)"
216.73.216.143 - - [30/Dec/2025:13:02:02 +0100] "GET /var/cache/dev/611732/?action=create_form&path=%2Fvar%2Fsoftaculous%2Fowa%2Fphp82 HTTP/1.1" 200 1787 "-" "Mozilla/5.0 AppleWebKit/537.36 (KHTML, like Gecko; compatible; ClaudeBot/1.0; +claudebot@anthropic.com)"
216.73.216.143 - - [30/Dec/2025:13:02:03 +0100] "GET /var/cache/dev/611732/?action=header&path=%2Fvar%2Fsoftaculous%2Fmyfaq%2Fphp82 HTTP/1.1" 200 1780 "-" "Mozilla/5.0 AppleWebKit/537.36 (KHTML, like Gecko; compatible; ClaudeBot/1.0; +claudebot@anthropic.com)"
81.167.26.57 - - [30/Dec/2025:13:02:02 +0100] "GET /var/cache/dev/profiler/c4/df/ HTTP/1.1" 200 517 "-" "Mozilla/5.0 (compatible; MJ12bot/v1.4.8; http://mj12bot.com/)"
216.73.216.143 - - [30/Dec/2025:13:02:03 +0100] "GET /var/cache/dev/611732/?action=header&path=%2Fvar%2Fmod_pagespeed%2Fcache%2Fv3%2Fboursedesarts.cm%2Fhttps%2C3A%2F%2C2Fwww.boursedesarts.cm%2FThemes%2Fmobile%2Fcss HTTP/1.1" 200 1896 "-" "Mozilla/5.0 AppleWebKit/537.36 (KHTML, like Gecko; compatible; ClaudeBot/1.0; +claudebot@anthropic.com)"
216.73.216.143 - - [30/Dec/2025:13:02:03 +0100] "GET /var/cache/dev/611732/?action=cmd&path=%2Fvar%2Fsoftaculous%2Fowa%2Fphp53 HTTP/1.1" 200 1769 "-" "Mozilla/5.0 AppleWebKit/537.36 (KHTML, like Gecko; compatible; ClaudeBot/1.0; +claudebot@anthropic.com)"
216.73.216.143 - - [30/Dec/2025:13:02:03 +0100] "GET /var/cache/dev/611732/?action=reverse_shell&path=%2Fvar%2Flib%2Fspamassassin%2Fcompiled%2F5.032%2F3.004004%2Fauto HTTP/1.1" 200 2035 "-" "Mozilla/5.0 AppleWebKit/537.36 (KHTML, like Gecko; compatible; ClaudeBot/1.0; +claudebot@anthropic.com)"
216.73.216.143 - - [30/Dec/2025:13:02:03 +0100] "GET /var/cache/dev/611732/?path=%2Fvar%2Fmod_pagespeed%2Fcache%2Fv3%2Fits.cm%2Fhttp%2C3A%2F%2C2Fits.cm%2Fwp-content%2Fplugins%2Fcontact-form-7%2Fincludes%2Fcss HTTP/1.1" 200 2444 "-" "Mozilla/5.0 AppleWebKit/537.36 (KHTML, like Gecko; compatible; ClaudeBot/1.0; +claudebot@anthropic.com)"
216.73.216.143 - - [30/Dec/2025:13:02:03 +0100] "GET /var/cache/dev/611732/?action=cmd&path=%2Fvar%2Fsoftaculous%2Fmyfaq%2Fphp81 HTTP/1.1" 200 1772 "-" "Mozilla/5.0 AppleWebKit/537.36 (KHTML, like Gecko; compatible; ClaudeBot/1.0; +claudebot@anthropic.com)"
216.73.216.143 - - [30/Dec/2025:13:02:03 +0100] "GET /var/cache/dev/611732/?action=create_form&path=%2Fvar%2Fmod_pagespeed%2Fcache%2Fv3%2Fboursedesarts.cm%2Fhttps%2C3A%2F%2C2Fwww.boursedesarts.cm%2FThemes%2Fmobile%2Fcss HTTP/1.1" 200 1898 "-" "Mozilla/5.0 AppleWebKit/537.36 (KHTML, like Gecko; compatible; ClaudeBot/1.0; +claudebot@anthropic.com)"
216.73.216.143 - - [30/Dec/2025:13:02:03 +0100] "GET /var/cache/dev/611732/?action=reverse_shell&path=%2Fvar%2Fmod_pagespeed%2Fcache%2Fv3%2Fboursedesarts.cm%2Fhttps%2C3A%2F%2C2Fwww.boursedesarts.cm%2Fen%2Ftableau%2Ftableau HTTP/1.1" 200 2094 "-" "Mozilla/5.0 AppleWebKit/537.36 (KHTML, like Gecko; compatible; ClaudeBot/1.0; +claudebot@anthropic.com)"
216.73.216.143 - - [30/Dec/2025:13:02:03 +0100] "GET /var/cache/dev/611732/?action=create_form&path=%2Fvar%2Fsoftaculous%2Fmyfaq%2Fphp56 HTTP/1.1" 200 1789 "-" "Mozilla/5.0 AppleWebKit/537.36 (KHTML, like Gecko; compatible; ClaudeBot/1.0; +claudebot@anthropic.com)"
216.73.216.143 - - [30/Dec/2025:13:02:03 +0100] "GET /var/cache/dev/611732/?action=cmd&path=%2Fvar%2Fsoftaculous%2Fowa%2Fphp82 HTTP/1.1" 200 1768 "-" "Mozilla/5.0 AppleWebKit/537.36 (KHTML, like Gecko; compatible; ClaudeBot/1.0; +claudebot@anthropic.com)"
216.73.216.143 - - [30/Dec/2025:13:02:03 +0100] "GET /var/cache/dev/611732/?action=create_form&path=%2Fvar%2Fsoftaculous%2Fowa%2Fphp71 HTTP/1.1" 200 1786 "-" "Mozilla/5.0 AppleWebKit/537.36 (KHTML, like Gecko; compatible; ClaudeBot/1.0; +claudebot@anthropic.com)"
216.73.216.143 - - [30/Dec/2025:13:02:04 +0100] "GET /var/cache/dev/611732/?action=cmd&path=%2Fvar%2Fmod_pagespeed%2Fcache%2Fv3%2Fboursedesarts.cm%2Fhttps%2C3A%2F%2C2Fwww.boursedesarts.cm%2FThemes%2Fmobile%2Fcss HTTP/1.1" 200 1881 "-" "Mozilla/5.0 AppleWebKit/537.36 (KHTML, like Gecko; compatible; ClaudeBot/1.0; +claudebot@anthropic.com)"
216.73.216.143 - - [30/Dec/2025:13:02:04 +0100] "GET /var/cache/dev/611732/?action=reverse_shell&path=%2Fvar%2Fmod_pagespeed%2Fcache%2Fv3%2Fagroprocenter.com%2Fhttp%2C3A%2F%2C2Fagroprocenter.com%2Ftemplates%2Fsystem%2Fcss HTTP/1.1" 200 2094 "-" "Mozilla/5.0 AppleWebKit/537.36 (KHTML, like Gecko; compatible; ClaudeBot/1.0; +claudebot@anthropic.com)"
216.73.216.143 - - [30/Dec/2025:13:02:04 +0100] "GET /var/cache/dev/611732/?action=cmd&path=%2Fvar%2Fsoftaculous%2Fmyfaq%2Fphp56 HTTP/1.1" 200 1771 "-" "Mozilla/5.0 AppleWebKit/537.36 (KHTML, like Gecko; compatible; ClaudeBot/1.0; +claudebot@anthropic.com)"
216.73.216.143 - - [30/Dec/2025:13:02:04 +0100] "GET /var/cache/dev/611732/?action=create_form&path=%2Fvar%2Fsoftaculous%2Fmyfaq%2Fphp53 HTTP/1.1" 200 1789 "-" "Mozilla/5.0 AppleWebKit/537.36 (KHTML, like Gecko; compatible; ClaudeBot/1.0; +claudebot@anthropic.com)"
216.73.216.143 - - [30/Dec/2025:13:02:04 +0100] "GET /var/cache/dev/611732/?action=cmd&path=%2Fvar%2Fsoftaculous%2Fowa%2Fphp71 HTTP/1.1" 200 1769 "-" "Mozilla/5.0 AppleWebKit/537.36 (KHTML, like Gecko; compatible; ClaudeBot/1.0; +claudebot@anthropic.com)"
216.73.216.143 - - [30/Dec/2025:13:02:04 +0100] "GET /var/cache/dev/611732/?action=create_form&path=%2Fvar%2Fsoftaculous%2Fmyfaq%2Fphp82 HTTP/1.1" 200 1789 "-" "Mozilla/5.0 AppleWebKit/537.36 (KHTML, like Gecko; compatible; ClaudeBot/1.0; +claudebot@anthropic.com)"
81.167.26.57 - - [30/Dec/2025:13:02:04 +0100] "GET /var/cache/dev/profiler/c4/e0/ HTTP/1.1" 200 560 "-" "Mozilla/5.0 (compatible; MJ12bot/v1.4.8; http://mj12bot.com/)"
216.73.216.143 - - [30/Dec/2025:13:02:04 +0100] "GET /var/cache/dev/611732/?action=reverse_shell&path=%2Fvar%2Fmod_pagespeed%2Fcache%2Fv3%2Fboursedesarts.cm%2Fhttps%2C3A%2F%2C2Fwww.boursedesarts.cm%2FThemes%2Fmobile%2Fjs HTTP/1.1" 200 2104 "-" "Mozilla/5.0 AppleWebKit/537.36 (KHTML, like Gecko; compatible; ClaudeBot/1.0; +claudebot@anthropic.com)"
216.73.216.143 - - [30/Dec/2025:13:02:04 +0100] "GET /var/cache/dev/611732/?action=cmd&path=%2Fvar%2Fsoftaculous%2Fmyfaq%2Fphp53 HTTP/1.1" 200 1772 "-" "Mozilla/5.0 AppleWebKit/537.36 (KHTML, like Gecko; compatible; ClaudeBot/1.0; +claudebot@anthropic.com)"
216.73.216.143 - - [30/Dec/2025:13:02:04 +0100] "GET /var/cache/dev/611732/?action=create_form&path=%2Fvar%2Fmod_pagespeed%2Fcache%2Fv3%2Fpssi.cm%2Fhttp%2C3A%2F%2C2Fpssi.cm%2Fvendor%2Fphpunit%2Fphpunit HTTP/1.1" 200 1879 "-" "Mozilla/5.0 AppleWebKit/537.36 (KHTML, like Gecko; compatible; ClaudeBot/1.0; +claudebot@anthropic.com)"
216.73.216.143 - - [30/Dec/2025:13:02:04 +0100] "GET /var/cache/dev/611732/?action=header&path=%2Fvar%2Fmod_pagespeed%2Fcache%2Fv3%2Fpssi.cm%2Fhttp%2C3A%2F%2C2Fpssi.cm%2Fvendor%2Fphpunit%2Fphpunit HTTP/1.1" 200 1871 "-" "Mozilla/5.0 AppleWebKit/537.36 (KHTML, like Gecko; compatible; ClaudeBot/1.0; +claudebot@anthropic.com)"
216.73.216.143 - - [30/Dec/2025:13:02:04 +0100] "GET /var/cache/dev/611732/?action=cmd&path=%2Fvar%2Fmod_pagespeed%2Fcache%2Fv3%2Fpssi.cm%2Fhttp%2C3A%2F%2C2Fpssi.cm%2Fvendor%2Fphpunit%2Fphpunit HTTP/1.1" 200 1859 "-" "Mozilla/5.0 AppleWebKit/537.36 (KHTML, like Gecko; compatible; ClaudeBot/1.0; +claudebot@anthropic.com)"
216.73.216.143 - - [30/Dec/2025:13:02:05 +0100] "GET /var/cache/dev/611732/?action=cmd&path=%2Fvar%2Fsoftaculous%2Fmyfaq%2Fphp82 HTTP/1.1" 200 1772 "-" "Mozilla/5.0 AppleWebKit/537.36 (KHTML, like Gecko; compatible; ClaudeBot/1.0; +claudebot@anthropic.com)"
216.73.216.143 - - [30/Dec/2025:13:02:05 +0100] "GET /var/cache/dev/611732/?action=reverse_shell&path=%2Fvar%2Fmod_pagespeed%2Fcache%2Fv3%2Fagroprocenter.com%2Fhttp%2C3A%2F%2C2Fagroprocenter.com%2Fvendor%2Fphpunit HTTP/1.1" 200 2084 "-" "Mozilla/5.0 AppleWebKit/537.36 (KHTML, like Gecko; compatible; ClaudeBot/1.0; +claudebot@anthropic.com)"
216.73.216.143 - - [30/Dec/2025:13:02:05 +0100] "GET /var/cache/dev/611732/?action=reverse_shell&path=%2Fvar%2Fmod_pagespeed%2Fcache%2Fv3%2Fboursedesarts.cm%2Fhttps%2C3A%2F%2C2Fwww.boursedesarts.cm%2FThemes%2Fannonces2%2Fcss HTTP/1.1" 200 2106 "-" "Mozilla/5.0 AppleWebKit/537.36 (KHTML, like Gecko; compatible; ClaudeBot/1.0; +claudebot@anthropic.com)"
81.167.26.57 - - [30/Dec/2025:13:02:05 +0100] "GET /var/cache/dev/profiler/c4/e1/ HTTP/1.1" 200 469 "-" "Mozilla/5.0 (compatible; MJ12bot/v1.4.8; http://mj12bot.com/)"
81.167.26.57 - - [30/Dec/2025:13:02:07 +0100] "GET /var/cache/dev/profiler/c4/e2/ HTTP/1.1" 200 505 "-" "Mozilla/5.0 (compatible; MJ12bot/v1.4.8; http://mj12bot.com/)"
3.212.205.90 - - [30/Dec/2025:13:02:08 +0100] "GET /var/cache/dev/611732/?action=curl&path=/home/logercm/dev.loger.cm/var/cache/dev/profiler/26/cd HTTP/1.1" 200 1843 "-" "Mozilla/5.0 AppleWebKit/537.36 (KHTML, like Gecko; compatible; Amazonbot/0.1; +https://developer.amazon.com/support/amazonbot) Chrome/119.0.6045.214 Safari/537.36"
81.167.26.57 - - [30/Dec/2025:13:02:09 +0100] "GET /var/cache/dev/profiler/c4/e3/ HTTP/1.1" 200 472 "-" "Mozilla/5.0 (compatible; MJ12bot/v1.4.8; http://mj12bot.com/)"
81.167.26.57 - - [30/Dec/2025:13:02:10 +0100] "GET /var/cache/dev/profiler/c4/e4/ HTTP/1.1" 200 563 "-" "Mozilla/5.0 (compatible; MJ12bot/v1.4.8; http://mj12bot.com/)"
50.16.216.166 - - [30/Dec/2025:13:02:12 +0100] "GET /var/cache/dev/611732/?action=curl&path=/home/logercm/dev.loger.cm/var/cache/dev/profiler/ab/ac HTTP/1.1" 200 1843 "-" "Mozilla/5.0 AppleWebKit/537.36 (KHTML, like Gecko; compatible; Amazonbot/0.1; +https://developer.amazon.com/support/amazonbot) Chrome/119.0.6045.214 Safari/537.36"
81.167.26.57 - - [30/Dec/2025:13:02:12 +0100] "GET /var/cache/dev/profiler/c4/e5/ HTTP/1.1" 200 482 "-" "Mozilla/5.0 (compatible; MJ12bot/v1.4.8; http://mj12bot.com/)"
81.167.26.57 - - [30/Dec/2025:13:02:13 +0100] "GET /var/cache/dev/profiler/c4/e6/ HTTP/1.1" 200 550 "-" "Mozilla/5.0 (compatible; MJ12bot/v1.4.8; http://mj12bot.com/)"
81.167.26.57 - - [30/Dec/2025:13:02:15 +0100] "GET /var/cache/dev/profiler/c4/e7/ HTTP/1.1" 200 502 "-" "Mozilla/5.0 (compatible; MJ12bot/v1.4.8; http://mj12bot.com/)"
35.173.38.202 - - [30/Dec/2025:13:02:16 +0100] "GET /translations/info/?d=/home/logercm/dev.loger.cm/var/cache/dev/profiler/42/7e HTTP/1.1" 200 2302 "-" "Mozilla/5.0 AppleWebKit/537.36 (KHTML, like Gecko; compatible; Amazonbot/0.1; +https://developer.amazon.com/support/amazonbot) Chrome/119.0.6045.214 Safari/537.36"
81.167.26.57 - - [30/Dec/2025:13:02:16 +0100] "GET /var/cache/dev/profiler/c4/e8/ HTTP/1.1" 200 462 "-" "Mozilla/5.0 (compatible; MJ12bot/v1.4.8; http://mj12bot.com/)"
81.167.26.57 - - [30/Dec/2025:13:02:18 +0100] "GET /var/cache/dev/profiler/c4/e9/ HTTP/1.1" 200 580 "-" "Mozilla/5.0 (compatible; MJ12bot/v1.4.8; http://mj12bot.com/)"
52.205.113.104 - - [30/Dec/2025:13:02:20 +0100] "GET /var/cache/dev/611732/?action=jumping&path=/home/logercm/dev.loger.cm/var/cache/dev/profiler/00/e7 HTTP/1.1" 200 2890 "-" "Mozilla/5.0 AppleWebKit/537.36 (KHTML, like Gecko; compatible; Amazonbot/0.1; +https://developer.amazon.com/support/amazonbot) Chrome/119.0.6045.214 Safari/537.36"
81.167.26.57 - - [30/Dec/2025:13:02:20 +0100] "GET /var/cache/dev/profiler/c4/ea/ HTTP/1.1" 200 504 "-" "Mozilla/5.0 (compatible; MJ12bot/v1.4.8; http://mj12bot.com/)"
81.167.26.57 - - [30/Dec/2025:13:02:21 +0100] "GET /var/cache/dev/profiler/c4/ed/ HTTP/1.1" 200 505 "-" "Mozilla/5.0 (compatible; MJ12bot/v1.4.8; http://mj12bot.com/)"
81.167.26.57 - - [30/Dec/2025:13:02:22 +0100] "GET /var/cache/dev/profiler/c4/ee/ HTTP/1.1" 200 453 "-" "Mozilla/5.0 (compatible; MJ12bot/v1.4.8; http://mj12bot.com/)"
35.174.253.85 - - [30/Dec/2025:13:02:24 +0100] "GET /var/cache/dev/611732/?action=jumping&path=/home/logercm/dev.loger.cm/var/cache/dev/profiler/cd/ce HTTP/1.1" 200 2886 "-" "Mozilla/5.0 AppleWebKit/537.36 (KHTML, like Gecko; compatible; Amazonbot/0.1; +https://developer.amazon.com/support/amazonbot) Chrome/119.0.6045.214 Safari/537.36"
216.73.216.143 - - [30/Dec/2025:13:02:24 +0100] "GET /var/cache/dev/611732/?action=reverse_shell&path=%2Fvar%2Fmod_pagespeed%2Fcache%2Fv3%2Fits.cm%2Fhttp%2C3A%2F%2C2Fits.cm%2Fwp-content%2Fplugins%2Fmaster-slider%2Fpublic%2Fassets HTTP/1.1" 200 2123 "-" "Mozilla/5.0 AppleWebKit/537.36 (KHTML, like Gecko; compatible; ClaudeBot/1.0; +claudebot@anthropic.com)"
216.73.216.143 - - [30/Dec/2025:13:02:24 +0100] "GET /var/cache/dev/611732/?action=cmd&path=%2Fvar%2Fmod_pagespeed%2Fcache%2Fv3%2Fagroprocenter.com%2Fhttp%2C3A%2F%2C2Fagroprocenter.com%2Fvendor%2Fphpunit HTTP/1.1" 200 1864 "-" "Mozilla/5.0 AppleWebKit/537.36 (KHTML, like Gecko; compatible; ClaudeBot/1.0; +claudebot@anthropic.com)"
216.73.216.143 - - [30/Dec/2025:13:02:24 +0100] "GET /var/cache/dev/611732/?action=create_form&path=%2Fvar%2Fmod_pagespeed%2Fcache%2Fv3%2Fagroprocenter.com%2Fhttp%2C3A%2F%2C2Fagroprocenter.com%2Fvendor%2Fphpunit HTTP/1.1" 200 1880 "-" "Mozilla/5.0 AppleWebKit/537.36 (KHTML, like Gecko; compatible; ClaudeBot/1.0; +claudebot@anthropic.com)"
216.73.216.143 - - [30/Dec/2025:13:02:24 +0100] "GET /var/cache/dev/611732/?action=ping&path=%2Fvar%2Fsoftaculous%2Fowa%2Fphp82 HTTP/1.1" 200 1740 "-" "Mozilla/5.0 AppleWebKit/537.36 (KHTML, like Gecko; compatible; ClaudeBot/1.0; +claudebot@anthropic.com)"
81.167.26.57 - - [30/Dec/2025:13:02:24 +0100] "GET /var/cache/dev/profiler/c4/ef/ HTTP/1.1" 200 568 "-" "Mozilla/5.0 (compatible; MJ12bot/v1.4.8; http://mj12bot.com/)"
216.73.216.143 - - [30/Dec/2025:13:02:24 +0100] "GET /var/cache/dev/611732/?action=ping&path=%2Fvar%2Fsoftaculous%2Fmyfaq%2Fphp81 HTTP/1.1" 200 1743 "-" "Mozilla/5.0 AppleWebKit/537.36 (KHTML, like Gecko; compatible; ClaudeBot/1.0; +claudebot@anthropic.com)"
216.73.216.143 - - [30/Dec/2025:13:02:24 +0100] "GET /var/cache/dev/611732/?action=header&path=%2Fvar%2Fmod_pagespeed%2Fcache%2Fv3%2Fagroprocenter.com%2Fhttp%2C3A%2F%2C2Fagroprocenter.com%2Fvendor%2Fphpunit HTTP/1.1" 200 1874 "-" "Mozilla/5.0 AppleWebKit/537.36 (KHTML, like Gecko; compatible; ClaudeBot/1.0; +claudebot@anthropic.com)"
216.73.216.143 - - [30/Dec/2025:13:02:24 +0100] "GET /var/cache/dev/611732/?action=curl&path=%2Fvar%2Fmod_pagespeed%2Fcache%2Fv3%2Fpssi.cm%2Fhttp%2C3A%2F%2C2Fpssi.cm%2Fvendor%2Fphpunit%2Fphpunit HTTP/1.1" 200 1872 "-" "Mozilla/5.0 AppleWebKit/537.36 (KHTML, like Gecko; compatible; ClaudeBot/1.0; +claudebot@anthropic.com)"
216.73.216.143 - - [30/Dec/2025:13:02:24 +0100] "GET /var/cache/dev/611732/?action=header&path=%2Fvar%2Fsoftaculous%2Fowa%2Fphp81 HTTP/1.1" 200 1778 "-" "Mozilla/5.0 AppleWebKit/537.36 (KHTML, like Gecko; compatible; ClaudeBot/1.0; +claudebot@anthropic.com)"
216.73.216.143 - - [30/Dec/2025:13:02:24 +0100] "GET /var/cache/dev/611732/?action=header&path=%2Fvar%2Fmod_pagespeed%2Fcache%2Fv3%2Fboursedesarts.cm%2Fhttps%2C3A%2F%2C2Fwww.boursedesarts.cm%2FThemes%2Fannonces2%2Fcss HTTP/1.1" 200 1898 "-" "Mozilla/5.0 AppleWebKit/537.36 (KHTML, like Gecko; compatible; ClaudeBot/1.0; +claudebot@anthropic.com)"
216.73.216.143 - - [30/Dec/2025:13:02:24 +0100] "GET /var/cache/dev/611732/?action=header&path=%2Fvar%2Fmod_pagespeed%2Fcache%2Fv3%2Fdsf-online.com%2Fhttp%2C3A%2F%2C2Fdsf-online.com%2Fwp-json%2Fwp%2Fv2%2Fposts HTTP/1.1" 200 1893 "-" "Mozilla/5.0 AppleWebKit/537.36 (KHTML, like Gecko; compatible; ClaudeBot/1.0; +claudebot@anthropic.com)"
216.73.216.143 - - [30/Dec/2025:13:02:25 +0100] "GET /var/cache/dev/611732/?action=jumping&path=%2Fvar%2Fmod_pagespeed%2Fcache%2Fv3%2Fboursedesarts.cm%2Fhttps%2C3A%2F%2C2Fwww.boursedesarts.cm%2FThemes%2Fmobile%2Fcss HTTP/1.1" 200 2947 "-" "Mozilla/5.0 AppleWebKit/537.36 (KHTML, like Gecko; compatible; ClaudeBot/1.0; +claudebot@anthropic.com)"
216.73.216.143 - - [30/Dec/2025:13:02:25 +0100] "GET /var/cache/dev/611732/?action=cmd&path=%2Fvar%2Fmod_pagespeed%2Fcache%2Fv3%2Fdsf-online.com%2Fhttp%2C3A%2F%2C2Fdsf-online.com%2Fwp-json%2Fwp%2Fv2%2Fposts HTTP/1.1" 200 1883 "-" "Mozilla/5.0 AppleWebKit/537.36 (KHTML, like Gecko; compatible; ClaudeBot/1.0; +claudebot@anthropic.com)"
216.73.216.143 - - [30/Dec/2025:13:02:25 +0100] "GET /var/cache/dev/611732/?action=create_form&path=%2Fvar%2Fmod_pagespeed%2Fcache%2Fv3%2Fboursedesarts.cm%2Fhttps%2C3A%2F%2C2Fwww.boursedesarts.cm%2FThemes%2Fannonces2%2Fcss HTTP/1.1" 200 1902 "-" "Mozilla/5.0 AppleWebKit/537.36 (KHTML, like Gecko; compatible; ClaudeBot/1.0; +claudebot@anthropic.com)"
216.73.216.143 - - [30/Dec/2025:13:02:25 +0100] "GET /var/cache/dev/611732/?action=reverse_shell&path=%2Fvar%2Fcache%2Fyum%2Fx86_64%2F7%2FMariaDB102%2Fgen HTTP/1.1" 200 2027 "-" "Mozilla/5.0 AppleWebKit/537.36 (KHTML, like Gecko; compatible; ClaudeBot/1.0; +claudebot@anthropic.com)"
216.73.216.143 - - [30/Dec/2025:13:02:25 +0100] "GET /var/cache/dev/611732/?action=cmd&path=%2Fvar%2Fmod_pagespeed%2Fcache%2Fv3%2Fboursedesarts.cm%2Fhttps%2C3A%2F%2C2Fwww.boursedesarts.cm%2FThemes%2Fannonces2%2Fcss HTTP/1.1" 200 1886 "-" "Mozilla/5.0 AppleWebKit/537.36 (KHTML, like Gecko; compatible; ClaudeBot/1.0; +claudebot@anthropic.com)"
216.73.216.143 - - [30/Dec/2025:13:02:25 +0100] "GET /var/cache/dev/611732/?action=ping&path=%2Fvar%2Fsoftaculous%2Fowa%2Fphp71 HTTP/1.1" 200 1740 "-" "Mozilla/5.0 AppleWebKit/537.36 (KHTML, like Gecko; compatible; ClaudeBot/1.0; +claudebot@anthropic.com)"
216.73.216.143 - - [30/Dec/2025:13:02:25 +0100] "GET /var/cache/dev/611732/?action=ping&path=%2Fvar%2Fsoftaculous%2Fmyfaq%2Fphp56 HTTP/1.1" 200 1743 "-" "Mozilla/5.0 AppleWebKit/537.36 (KHTML, like Gecko; compatible; ClaudeBot/1.0; +claudebot@anthropic.com)"
216.73.216.143 - - [30/Dec/2025:13:02:25 +0100] "GET /var/cache/dev/611732/?action=upload_form&path=%2Fvar%2Fmod_pagespeed%2Fcache%2Fv3%2Fboursedesarts.cm%2Fhttps%2C3A%2F%2C2Fwww.boursedesarts.cm%2FThemes%2Fmobile%2Fcss HTTP/1.1" 200 1863 "-" "Mozilla/5.0 AppleWebKit/537.36 (KHTML, like Gecko; compatible; ClaudeBot/1.0; +claudebot@anthropic.com)"
216.73.216.143 - - [30/Dec/2025:13:02:25 +0100] "GET /var/cache/dev/611732/?action=reverse_shell&path=%2Fvar%2Flib%2Fspamassassin%2Fcompiled%2F5.024%2F3.004001%2Fauto%2FMail%2FSpamAssassin%2FCompiledRegexps HTTP/1.1" 200 2090 "-" "Mozilla/5.0 AppleWebKit/537.36 (KHTML, like Gecko; compatible; ClaudeBot/1.0; +claudebot@anthropic.com)"
216.73.216.143 - - [30/Dec/2025:13:02:25 +0100] "GET /var/cache/dev/611732/?action=header&path=%2Fvar%2Fsoftaculous%2Fowa%2Fphp56 HTTP/1.1" 200 1777 "-" "Mozilla/5.0 AppleWebKit/537.36 (KHTML, like Gecko; compatible; ClaudeBot/1.0; +claudebot@anthropic.com)"
216.73.216.143 - - [30/Dec/2025:13:02:25 +0100] "GET /var/cache/dev/611732/?path=%2Fvar%2Fmod_pagespeed%2Fcache%2Fv3%2Fagroprocenter.com%2Fhttp%2C3A%2F%2C2Fagroprocenter.com%2Fmedia%2Fsystem%2Fcss HTTP/1.1" 200 2182 "-" "Mozilla/5.0 AppleWebKit/537.36 (KHTML, like Gecko; compatible; ClaudeBot/1.0; +claudebot@anthropic.com)"
216.73.216.143 - - [30/Dec/2025:13:02:26 +0100] "GET /var/cache/dev/611732/?action=reverse_shell&path=%2Fvar%2Flib%2Fspamassassin%2Fcompiled%2F5.032%2F3.004004%2FMail HTTP/1.1" 200 2037 "-" "Mozilla/5.0 AppleWebKit/537.36 (KHTML, like Gecko; compatible; ClaudeBot/1.0; +claudebot@anthropic.com)"
81.167.26.57 - - [30/Dec/2025:13:02:26 +0100] "GET /var/cache/dev/profiler/c4/f0/ HTTP/1.1" 200 569 "-" "Mozilla/5.0 (compatible; MJ12bot/v1.4.8; http://mj12bot.com/)"
216.73.216.143 - - [30/Dec/2025:13:02:26 +0100] "GET /var/cache/dev/611732/?action=jumping&path=%2Fvar%2Fmod_pagespeed%2Fcache%2Fv3%2Fpssi.cm%2Fhttp%2C3A%2F%2C2Fpssi.cm%2Fvendor%2Fphpunit%2Fphpunit HTTP/1.1" 200 2927 "-" "Mozilla/5.0 AppleWebKit/537.36 (KHTML, like Gecko; compatible; ClaudeBot/1.0; +claudebot@anthropic.com)"
216.73.216.143 - - [30/Dec/2025:13:02:26 +0100] "GET /var/cache/dev/611732/?action=reverse_shell&path=%2Fvar%2Flib%2Fspamassassin%2Fcompiled%2F5.028%2F3.004002%2FMail%2FSpamAssassin%2FCompiledRegexps HTTP/1.1" 200 2079 "-" "Mozilla/5.0 AppleWebKit/537.36 (KHTML, like Gecko; compatible; ClaudeBot/1.0; +claudebot@anthropic.com)"
216.73.216.143 - - [30/Dec/2025:13:02:26 +0100] "GET /var/cache/dev/611732/?action=ping&path=%2Fvar%2Fsoftaculous%2Fmyfaq%2Fphp53 HTTP/1.1" 200 1743 "-" "Mozilla/5.0 AppleWebKit/537.36 (KHTML, like Gecko; compatible; ClaudeBot/1.0; +claudebot@anthropic.com)"
216.73.216.143 - - [30/Dec/2025:13:02:26 +0100] "GET /var/cache/dev/611732/?action=reverse_shell&path=%2Fvar%2Flib%2Fspamassassin%2Fcompiled%2F5.026%2F3.004002%2FMail%2FSpamAssassin%2FCompiledRegexps HTTP/1.1" 200 2079 "-" "Mozilla/5.0 AppleWebKit/537.36 (KHTML, like Gecko; compatible; ClaudeBot/1.0; +claudebot@anthropic.com)"
216.73.216.143 - - [30/Dec/2025:13:02:26 +0100] "GET /var/cache/dev/611732/?action=header&path=%2Fvar%2Fsoftaculous%2Fowa%2Fphp53 HTTP/1.1" 200 1778 "-" "Mozilla/5.0 AppleWebKit/537.36 (KHTML, like Gecko; compatible; ClaudeBot/1.0; +claudebot@anthropic.com)"
216.73.216.143 - - [30/Dec/2025:13:02:26 +0100] "GET /var/cache/dev/611732/?action=create_form&path=%2Fvar%2Fsoftaculous%2Fowa%2Fphp81 HTTP/1.1" 200 1787 "-" "Mozilla/5.0 AppleWebKit/537.36 (KHTML, like Gecko; compatible; ClaudeBot/1.0; +claudebot@anthropic.com)"
216.73.216.143 - - [30/Dec/2025:13:02:26 +0100] "GET /var/cache/dev/611732/?action=reverse_shell&path=%2Fvar%2Fmod_pagespeed%2Fcache%2Fv3%2Fboursedesarts.cm%2Fhttps%2C3A%2F%2C2Fwww.boursedesarts.cm%2FThemes%2Fannonces2%2Fjs HTTP/1.1" 200 2108 "-" "Mozilla/5.0 AppleWebKit/537.36 (KHTML, like Gecko; compatible; ClaudeBot/1.0; +claudebot@anthropic.com)"
216.73.216.143 - - [30/Dec/2025:13:02:26 +0100] "GET /var/cache/dev/611732/?action=header&path=%2Fvar%2Fsoftaculous%2Fmyfaq%2Fphp81 HTTP/1.1" 200 1780 "-" "Mozilla/5.0 AppleWebKit/537.36 (KHTML, like Gecko; compatible; ClaudeBot/1.0; +claudebot@anthropic.com)"
216.73.216.143 - - [30/Dec/2025:13:02:26 +0100] "GET /var/cache/dev/611732/?action=ping&path=%2Fvar%2Fsoftaculous%2Fmyfaq%2Fphp82 HTTP/1.1" 200 1743 "-" "Mozilla/5.0 AppleWebKit/537.36 (KHTML, like Gecko; compatible; ClaudeBot/1.0; +claudebot@anthropic.com)"
216.73.216.143 - - [30/Dec/2025:13:02:26 +0100] "GET /var/cache/dev/611732/?action=ping&path=%2Fvar%2Fmod_pagespeed%2Fcache%2Fv3%2Fboursedesarts.cm%2Fhttps%2C3A%2F%2C2Fwww.boursedesarts.cm%2FThemes%2Fmobile%2Fcss HTTP/1.1" 200 1857 "-" "Mozilla/5.0 AppleWebKit/537.36 (KHTML, like Gecko; compatible; ClaudeBot/1.0; +claudebot@anthropic.com)"
216.73.216.143 - - [30/Dec/2025:13:02:27 +0100] "GET /var/cache/dev/611732/?action=header&path=%2Fvar%2Fsoftaculous%2Fowa%2Fphp82 HTTP/1.1" 200 1778 "-" "Mozilla/5.0 AppleWebKit/537.36 (KHTML, like Gecko; compatible; ClaudeBot/1.0; +claudebot@anthropic.com)"
216.73.216.143 - - [30/Dec/2025:13:02:27 +0100] "GET /var/cache/dev/611732/?action=reverse_shell&path=%2Fvar%2Fmod_pagespeed%2Fcache%2Fv3%2Fboursedesarts.cm%2Fhttps%2C3A%2F%2C2Fwww.boursedesarts.cm%2Fen%2Farcs%2Farcs HTTP/1.1" 200 2093 "-" "Mozilla/5.0 AppleWebKit/537.36 (KHTML, like Gecko; compatible; ClaudeBot/1.0; +claudebot@anthropic.com)"
216.73.216.143 - - [30/Dec/2025:13:02:27 +0100] "GET /var/cache/dev/611732/?action=upload_form&path=%2Fvar%2Fmod_pagespeed%2Fcache%2Fv3%2Fpssi.cm%2Fhttp%2C3A%2F%2C2Fpssi.cm%2Fvendor%2Fphpunit%2Fphpunit HTTP/1.1" 200 1842 "-" "Mozilla/5.0 AppleWebKit/537.36 (KHTML, like Gecko; compatible; ClaudeBot/1.0; +claudebot@anthropic.com)"
216.73.216.143 - - [30/Dec/2025:13:02:27 +0100] "GET /var/cache/dev/611732/?action=cmd&path=%2Fvar%2Fsoftaculous%2Fowa%2Fphp81 HTTP/1.1" 200 1768 "-" "Mozilla/5.0 AppleWebKit/537.36 (KHTML, like Gecko; compatible; ClaudeBot/1.0; +claudebot@anthropic.com)"
216.73.216.143 - - [30/Dec/2025:13:02:27 +0100] "GET /var/cache/dev/611732/?action=reverse_shell&path=%2Fvar%2Fcache%2Fyum%2Fx86_64%2F7%2FMariaDB102%2Fpackages HTTP/1.1" 200 2032 "-" "Mozilla/5.0 AppleWebKit/537.36 (KHTML, like Gecko; compatible; ClaudeBot/1.0; +claudebot@anthropic.com)"
216.73.216.143 - - [30/Dec/2025:13:02:27 +0100] "GET /var/cache/dev/611732/?action=create_form&path=%2Fvar%2Fsoftaculous%2Fowa%2Fphp56 HTTP/1.1" 200 1786 "-" "Mozilla/5.0 AppleWebKit/537.36 (KHTML, like Gecko; compatible; ClaudeBot/1.0; +claudebot@anthropic.com)"
216.73.216.143 - - [30/Dec/2025:13:02:27 +0100] "GET /var/cache/dev/611732/?action=header&path=%2Fvar%2Fsoftaculous%2Fmyfaq%2Fphp56 HTTP/1.1" 200 1780 "-" "Mozilla/5.0 AppleWebKit/537.36 (KHTML, like Gecko; compatible; ClaudeBot/1.0; +claudebot@anthropic.com)"
216.73.216.143 - - [30/Dec/2025:13:02:27 +0100] "GET /var/cache/dev/profiler/be/90 HTTP/1.1" 301 297 "-" "Mozilla/5.0 AppleWebKit/537.36 (KHTML, like Gecko; compatible; ClaudeBot/1.0; +claudebot@anthropic.com)"
216.73.216.143 - - [30/Dec/2025:13:02:27 +0100] "GET /var/cache/dev/profiler/cc/77 HTTP/1.1" 301 297 "-" "Mozilla/5.0 AppleWebKit/537.36 (KHTML, like Gecko; compatible; ClaudeBot/1.0; +claudebot@anthropic.com)"
81.167.26.57 - - [30/Dec/2025:13:02:27 +0100] "GET /var/cache/dev/profiler/c4/f1/ HTTP/1.1" 200 554 "-" "Mozilla/5.0 (compatible; MJ12bot/v1.4.8; http://mj12bot.com/)"
216.73.216.143 - - [30/Dec/2025:13:02:27 +0100] "GET /var/cache/dev/profiler/be/90/ HTTP/1.1" 200 489 "http://dev.loger.cm/var/cache/dev/profiler/be/90" "Mozilla/5.0 AppleWebKit/537.36 (KHTML, like Gecko; compatible; ClaudeBot/1.0; +claudebot@anthropic.com)"
216.73.216.143 - - [30/Dec/2025:13:02:27 +0100] "GET /var/cache/dev/profiler/27/da HTTP/1.1" 301 297 "-" "Mozilla/5.0 AppleWebKit/537.36 (KHTML, like Gecko; compatible; ClaudeBot/1.0; +claudebot@anthropic.com)"
216.73.216.143 - - [30/Dec/2025:13:02:27 +0100] "GET /var/cache/dev/profiler/cc/77/ HTTP/1.1" 200 509 "http://dev.loger.cm/var/cache/dev/profiler/cc/77" "Mozilla/5.0 AppleWebKit/537.36 (KHTML, like Gecko; compatible; ClaudeBot/1.0; +claudebot@anthropic.com)"
216.73.216.143 - - [30/Dec/2025:13:02:27 +0100] "GET /var/cache/dev/profiler/ff/e0 HTTP/1.1" 301 297 "-" "Mozilla/5.0 AppleWebKit/537.36 (KHTML, like Gecko; compatible; ClaudeBot/1.0; +claudebot@anthropic.com)"
216.73.216.143 - - [30/Dec/2025:13:02:28 +0100] "GET /var/cache/dev/profiler/fb/e9 HTTP/1.1" 301 297 "-" "Mozilla/5.0 AppleWebKit/537.36 (KHTML, like Gecko; compatible; ClaudeBot/1.0; +claudebot@anthropic.com)"
216.73.216.143 - - [30/Dec/2025:13:02:28 +0100] "GET /var/cache/dev/profiler/27/da/ HTTP/1.1" 200 648 "http://dev.loger.cm/var/cache/dev/profiler/27/da" "Mozilla/5.0 AppleWebKit/537.36 (KHTML, like Gecko; compatible; ClaudeBot/1.0; +claudebot@anthropic.com)"
216.73.216.143 - - [30/Dec/2025:13:02:28 +0100] "GET /var/cache/dev/profiler/ff/e0/ HTTP/1.1" 200 489 "http://dev.loger.cm/var/cache/dev/profiler/ff/e0" "Mozilla/5.0 AppleWebKit/537.36 (KHTML, like Gecko; compatible; ClaudeBot/1.0; +claudebot@anthropic.com)"
216.73.216.143 - - [30/Dec/2025:13:02:28 +0100] "GET /var/cache/dev/profiler/dc/48 HTTP/1.1" 301 297 "-" "Mozilla/5.0 AppleWebKit/537.36 (KHTML, like Gecko; compatible; ClaudeBot/1.0; +claudebot@anthropic.com)"
216.73.216.143 - - [30/Dec/2025:13:02:28 +0100] "GET /var/cache/dev/profiler/9e/bc HTTP/1.1" 301 297 "-" "Mozilla/5.0 AppleWebKit/537.36 (KHTML, like Gecko; compatible; ClaudeBot/1.0; +claudebot@anthropic.com)"
216.73.216.143 - - [30/Dec/2025:13:02:28 +0100] "GET /var/cache/dev/profiler/dc/48/ HTTP/1.1" 200 468 "http://dev.loger.cm/var/cache/dev/profiler/dc/48" "Mozilla/5.0 AppleWebKit/537.36 (KHTML, like Gecko; compatible; ClaudeBot/1.0; +claudebot@anthropic.com)"
216.73.216.143 - - [30/Dec/2025:13:02:28 +0100] "GET /var/cache/dev/profiler/63/f2 HTTP/1.1" 301 297 "-" "Mozilla/5.0 AppleWebKit/537.36 (KHTML, like Gecko; compatible; ClaudeBot/1.0; +claudebot@anthropic.com)"
216.73.216.143 - - [30/Dec/2025:13:02:28 +0100] "GET /var/cache/dev/profiler/ff/6a HTTP/1.1" 301 297 "-" "Mozilla/5.0 AppleWebKit/537.36 (KHTML, like Gecko; compatible; ClaudeBot/1.0; +claudebot@anthropic.com)"
216.73.216.143 - - [30/Dec/2025:13:02:28 +0100] "GET /var/cache/dev/profiler/fb/e9/ HTTP/1.1" 200 502 "http://dev.loger.cm/var/cache/dev/profiler/fb/e9" "Mozilla/5.0 AppleWebKit/537.36 (KHTML, like Gecko; compatible; ClaudeBot/1.0; +claudebot@anthropic.com)"
216.73.216.143 - - [30/Dec/2025:13:02:28 +0100] "GET /var/cache/dev/profiler/fb/04 HTTP/1.1" 301 297 "-" "Mozilla/5.0 AppleWebKit/537.36 (KHTML, like Gecko; compatible; ClaudeBot/1.0; +claudebot@anthropic.com)"
216.73.216.143 - - [30/Dec/2025:13:02:28 +0100] "GET /var/cache/dev/profiler/6e/8a HTTP/1.1" 301 297 "-" "Mozilla/5.0 AppleWebKit/537.36 (KHTML, like Gecko; compatible; ClaudeBot/1.0; +claudebot@anthropic.com)"
216.73.216.143 - - [30/Dec/2025:13:02:28 +0100] "GET /var/cache/dev/profiler/fb/04/ HTTP/1.1" 200 502 "http://dev.loger.cm/var/cache/dev/profiler/fb/04" "Mozilla/5.0 AppleWebKit/537.36 (KHTML, like Gecko; compatible; ClaudeBot/1.0; +claudebot@anthropic.com)"
216.73.216.143 - - [30/Dec/2025:13:02:28 +0100] "GET /var/cache/dev/profiler/ec/95 HTTP/1.1" 301 297 "-" "Mozilla/5.0 AppleWebKit/537.36 (KHTML, like Gecko; compatible; ClaudeBot/1.0; +claudebot@anthropic.com)"
216.73.216.143 - - [30/Dec/2025:13:02:28 +0100] "GET /var/cache/dev/profiler/9e/bc/ HTTP/1.1" 200 563 "http://dev.loger.cm/var/cache/dev/profiler/9e/bc" "Mozilla/5.0 AppleWebKit/537.36 (KHTML, like Gecko; compatible; ClaudeBot/1.0; +claudebot@anthropic.com)"
216.73.216.143 - - [30/Dec/2025:13:02:29 +0100] "GET /var/cache/dev/profiler/ec/95/ HTTP/1.1" 200 494 "http://dev.loger.cm/var/cache/dev/profiler/ec/95" "Mozilla/5.0 AppleWebKit/537.36 (KHTML, like Gecko; compatible; ClaudeBot/1.0; +claudebot@anthropic.com)"
216.73.216.143 - - [30/Dec/2025:13:02:29 +0100] "GET /var/cache/dev/profiler/64/e2 HTTP/1.1" 301 297 "-" "Mozilla/5.0 AppleWebKit/537.36 (KHTML, like Gecko; compatible; ClaudeBot/1.0; +claudebot@anthropic.com)"
216.73.216.143 - - [30/Dec/2025:13:02:29 +0100] "GET /var/cache/dev/profiler/ec/35 HTTP/1.1" 301 297 "-" "Mozilla/5.0 AppleWebKit/537.36 (KHTML, like Gecko; compatible; ClaudeBot/1.0; +claudebot@anthropic.com)"
216.73.216.143 - - [30/Dec/2025:13:02:29 +0100] "GET /var/cache/dev/profiler/63/f2/ HTTP/1.1" 200 518 "http://dev.loger.cm/var/cache/dev/profiler/63/f2" "Mozilla/5.0 AppleWebKit/537.36 (KHTML, like Gecko; compatible; ClaudeBot/1.0; +claudebot@anthropic.com)"
216.73.216.143 - - [30/Dec/2025:13:02:29 +0100] "GET /var/cache/dev/profiler/4e/db/97db4e HTTP/1.1" 200 19755 "-" "Mozilla/5.0 AppleWebKit/537.36 (KHTML, like Gecko; compatible; ClaudeBot/1.0; +claudebot@anthropic.com)"
216.73.216.143 - - [30/Dec/2025:13:02:29 +0100] "GET /var/cache/dev/profiler/ff/6a/ HTTP/1.1" 200 543 "http://dev.loger.cm/var/cache/dev/profiler/ff/6a" "Mozilla/5.0 AppleWebKit/537.36 (KHTML, like Gecko; compatible; ClaudeBot/1.0; +claudebot@anthropic.com)"
216.73.216.143 - - [30/Dec/2025:13:02:29 +0100] "GET /var/cache/dev/profiler/89/bd HTTP/1.1" 301 297 "-" "Mozilla/5.0 AppleWebKit/537.36 (KHTML, like Gecko; compatible; ClaudeBot/1.0; +claudebot@anthropic.com)"
81.167.26.57 - - [30/Dec/2025:13:02:29 +0100] "GET /var/cache/dev/profiler/c4/f2/ HTTP/1.1" 200 540 "-" "Mozilla/5.0 (compatible; MJ12bot/v1.4.8; http://mj12bot.com/)"
216.73.216.143 - - [30/Dec/2025:13:02:29 +0100] "GET /var/cache/dev/profiler/4e/ef/41ef4e HTTP/1.1" 200 19261 "-" "Mozilla/5.0 AppleWebKit/537.36 (KHTML, like Gecko; compatible; ClaudeBot/1.0; +claudebot@anthropic.com)"
216.73.216.143 - - [30/Dec/2025:13:02:29 +0100] "GET /var/cache/dev/profiler/ec/35/ HTTP/1.1" 200 493 "http://dev.loger.cm/var/cache/dev/profiler/ec/35" "Mozilla/5.0 AppleWebKit/537.36 (KHTML, like Gecko; compatible; ClaudeBot/1.0; +claudebot@anthropic.com)"
216.73.216.143 - - [30/Dec/2025:13:02:29 +0100] "GET /var/cache/dev/profiler/ee/48 HTTP/1.1" 301 297 "-" "Mozilla/5.0 AppleWebKit/537.36 (KHTML, like Gecko; compatible; ClaudeBot/1.0; +claudebot@anthropic.com)"
216.73.216.143 - - [30/Dec/2025:13:02:29 +0100] "GET /var/cache/dev/profiler/65/eb HTTP/1.1" 301 297 "-" "Mozilla/5.0 AppleWebKit/537.36 (KHTML, like Gecko; compatible; ClaudeBot/1.0; +claudebot@anthropic.com)"
216.73.216.143 - - [30/Dec/2025:13:02:29 +0100] "GET /var/cache/dev/profiler/6e/8a/ HTTP/1.1" 200 552 "http://dev.loger.cm/var/cache/dev/profiler/6e/8a" "Mozilla/5.0 AppleWebKit/537.36 (KHTML, like Gecko; compatible; ClaudeBot/1.0; +claudebot@anthropic.com)"
216.73.216.143 - - [30/Dec/2025:13:02:29 +0100] "GET /var/cache/dev/profiler/64/e2/ HTTP/1.1" 200 535 "http://dev.loger.cm/var/cache/dev/profiler/64/e2" "Mozilla/5.0 AppleWebKit/537.36 (KHTML, like Gecko; compatible; ClaudeBot/1.0; +claudebot@anthropic.com)"
216.73.216.143 - - [30/Dec/2025:13:02:29 +0100] "GET /var/cache/dev/profiler/89/bd/ HTTP/1.1" 200 557 "http://dev.loger.cm/var/cache/dev/profiler/89/bd" "Mozilla/5.0 AppleWebKit/537.36 (KHTML, like Gecko; compatible; ClaudeBot/1.0; +claudebot@anthropic.com)"
216.73.216.143 - - [30/Dec/2025:13:02:29 +0100] "GET /var/cache/dev/profiler/8a/30 HTTP/1.1" 301 297 "-" "Mozilla/5.0 AppleWebKit/537.36 (KHTML, like Gecko; compatible; ClaudeBot/1.0; +claudebot@anthropic.com)"
216.73.216.143 - - [30/Dec/2025:13:02:29 +0100] "GET /var/cache/dev/profiler/90/8a HTTP/1.1" 301 297 "-" "Mozilla/5.0 AppleWebKit/537.36 (KHTML, like Gecko; compatible; ClaudeBot/1.0; +claudebot@anthropic.com)"
216.73.216.143 - - [30/Dec/2025:13:02:29 +0100] "GET /var/cache/dev/profiler/65/eb/ HTTP/1.1" 200 599 "http://dev.loger.cm/var/cache/dev/profiler/65/eb" "Mozilla/5.0 AppleWebKit/537.36 (KHTML, like Gecko; compatible; ClaudeBot/1.0; +claudebot@anthropic.com)"
216.73.216.143 - - [30/Dec/2025:13:02:29 +0100] "GET /var/cache/dev/profiler/ee/48/ HTTP/1.1" 200 594 "http://dev.loger.cm/var/cache/dev/profiler/ee/48" "Mozilla/5.0 AppleWebKit/537.36 (KHTML, like Gecko; compatible; ClaudeBot/1.0; +claudebot@anthropic.com)"
216.73.216.143 - - [30/Dec/2025:13:02:29 +0100] "GET /var/cache/dev/profiler/8a/30/ HTTP/1.1" 200 483 "http://dev.loger.cm/var/cache/dev/profiler/8a/30" "Mozilla/5.0 AppleWebKit/537.36 (KHTML, like Gecko; compatible; ClaudeBot/1.0; +claudebot@anthropic.com)"
216.73.216.143 - - [30/Dec/2025:13:02:29 +0100] "GET /var/cache/dev/profiler/fd/83 HTTP/1.1" 301 297 "-" "Mozilla/5.0 AppleWebKit/537.36 (KHTML, like Gecko; compatible; ClaudeBot/1.0; +claudebot@anthropic.com)"
216.73.216.143 - - [30/Dec/2025:13:02:29 +0100] "GET /var/cache/dev/profiler/90/8a/ HTTP/1.1" 200 468 "http://dev.loger.cm/var/cache/dev/profiler/90/8a" "Mozilla/5.0 AppleWebKit/537.36 (KHTML, like Gecko; compatible; ClaudeBot/1.0; +claudebot@anthropic.com)"
216.73.216.143 - - [30/Dec/2025:13:02:29 +0100] "GET /var/cache/dev/profiler/84/ff HTTP/1.1" 301 297 "-" "Mozilla/5.0 AppleWebKit/537.36 (KHTML, like Gecko; compatible; ClaudeBot/1.0; +claudebot@anthropic.com)"
216.73.216.143 - - [30/Dec/2025:13:02:29 +0100] "GET /var/cache/dev/profiler/fd/83/ HTTP/1.1" 200 467 "http://dev.loger.cm/var/cache/dev/profiler/fd/83" "Mozilla/5.0 AppleWebKit/537.36 (KHTML, like Gecko; compatible; ClaudeBot/1.0; +claudebot@anthropic.com)"
216.73.216.143 - - [30/Dec/2025:13:02:29 +0100] "GET /var/cache/dev/profiler/ac/da HTTP/1.1" 301 297 "-" "Mozilla/5.0 AppleWebKit/537.36 (KHTML, like Gecko; compatible; ClaudeBot/1.0; +claudebot@anthropic.com)"
216.73.216.143 - - [30/Dec/2025:13:02:29 +0100] "GET /var/cache/dev/profiler/84/ff/ HTTP/1.1" 200 487 "http://dev.loger.cm/var/cache/dev/profiler/84/ff" "Mozilla/5.0 AppleWebKit/537.36 (KHTML, like Gecko; compatible; ClaudeBot/1.0; +claudebot@anthropic.com)"
216.73.216.143 - - [30/Dec/2025:13:02:29 +0100] "GET /var/cache/dev/profiler/ef/4e/be4eef HTTP/1.1" 200 19213 "-" "Mozilla/5.0 AppleWebKit/537.36 (KHTML, like Gecko; compatible; ClaudeBot/1.0; +claudebot@anthropic.com)"
216.73.216.143 - - [30/Dec/2025:13:02:29 +0100] "GET /var/cache/dev/profiler/ac/da/ HTTP/1.1" 200 522 "http://dev.loger.cm/var/cache/dev/profiler/ac/da" "Mozilla/5.0 AppleWebKit/537.36 (KHTML, like Gecko; compatible; ClaudeBot/1.0; +claudebot@anthropic.com)"
216.73.216.143 - - [30/Dec/2025:13:02:29 +0100] "GET /var/cache/dev/profiler/ea/b2 HTTP/1.1" 301 297 "-" "Mozilla/5.0 AppleWebKit/537.36 (KHTML, like Gecko; compatible; ClaudeBot/1.0; +claudebot@anthropic.com)"
216.73.216.143 - - [30/Dec/2025:13:02:30 +0100] "GET /var/cache/dev/profiler/bd/bb HTTP/1.1" 301 297 "-" "Mozilla/5.0 AppleWebKit/537.36 (KHTML, like Gecko; compatible; ClaudeBot/1.0; +claudebot@anthropic.com)"
216.73.216.143 - - [30/Dec/2025:13:02:30 +0100] "GET /var/cache/dev/profiler/ea/b2/ HTTP/1.1" 200 521 "http://dev.loger.cm/var/cache/dev/profiler/ea/b2" "Mozilla/5.0 AppleWebKit/537.36 (KHTML, like Gecko; compatible; ClaudeBot/1.0; +claudebot@anthropic.com)"
216.73.216.143 - - [30/Dec/2025:13:02:30 +0100] "GET /var/cache/dev/profiler/bd/bb/ HTTP/1.1" 200 436 "http://dev.loger.cm/var/cache/dev/profiler/bd/bb" "Mozilla/5.0 AppleWebKit/537.36 (KHTML, like Gecko; compatible; ClaudeBot/1.0; +claudebot@anthropic.com)"
81.167.26.57 - - [30/Dec/2025:13:02:30 +0100] "GET /var/cache/dev/profiler/c4/f3/ HTTP/1.1" 200 482 "-" "Mozilla/5.0 (compatible; MJ12bot/v1.4.8; http://mj12bot.com/)"
52.2.4.213 - - [30/Dec/2025:13:02:32 +0100] "GET /var/cache/dev/611732/?action=jumping&path=/home/logercm/dev.loger.cm/vendor/doctrine/orm/lib/Doctrine/ORM HTTP/1.1" 200 2898 "-" "Mozilla/5.0 AppleWebKit/537.36 (KHTML, like Gecko; compatible; Amazonbot/0.1; +https://developer.amazon.com/support/amazonbot) Chrome/119.0.6045.214 Safari/537.36"
81.167.26.57 - - [30/Dec/2025:13:02:32 +0100] "GET /var/cache/dev/profiler/c4/f4/ HTTP/1.1" 200 548 "-" "Mozilla/5.0 (compatible; MJ12bot/v1.4.8; http://mj12bot.com/)"
81.167.26.57 - - [30/Dec/2025:13:02:33 +0100] "GET /var/cache/dev/profiler/c4/f5/ HTTP/1.1" 200 543 "-" "Mozilla/5.0 (compatible; MJ12bot/v1.4.8; http://mj12bot.com/)"
81.167.26.57 - - [30/Dec/2025:13:02:35 +0100] "GET /var/cache/dev/profiler/c4/f6/ HTTP/1.1" 200 558 "-" "Mozilla/5.0 (compatible; MJ12bot/v1.4.8; http://mj12bot.com/)"
44.212.106.171 - - [30/Dec/2025:13:02:36 +0100] "GET /var/cache/dev/611732/?action=create_form&path=/home/logercm/dev.loger.cm/node_modules/entities HTTP/1.1" 200 1813 "-" "Mozilla/5.0 AppleWebKit/537.36 (KHTML, like Gecko; compatible; Amazonbot/0.1; +https://developer.amazon.com/support/amazonbot) Chrome/119.0.6045.214 Safari/537.36"
81.167.26.57 - - [30/Dec/2025:13:02:36 +0100] "GET /var/cache/dev/profiler/c4/f7/ HTTP/1.1" 200 452 "-" "Mozilla/5.0 (compatible; MJ12bot/v1.4.8; http://mj12bot.com/)"
81.167.26.57 - - [30/Dec/2025:13:02:38 +0100] "GET /var/cache/dev/profiler/c4/f8/ HTTP/1.1" 200 544 "-" "Mozilla/5.0 (compatible; MJ12bot/v1.4.8; http://mj12bot.com/)"
34.227.156.153 - - [30/Dec/2025:13:02:40 +0100] "GET /var/cache/dev/611732/?action=header&path=/home/logercm/dev.loger.cm/var/cache/dev/profiler/de/57 HTTP/1.1" 200 1842 "-" "Mozilla/5.0 AppleWebKit/537.36 (KHTML, like Gecko; compatible; Amazonbot/0.1; +https://developer.amazon.com/support/amazonbot) Chrome/119.0.6045.214 Safari/537.36"
81.167.26.57 - - [30/Dec/2025:13:02:40 +0100] "GET /var/cache/dev/profiler/c4/f9/ HTTP/1.1" 200 585 "-" "Mozilla/5.0 (compatible; MJ12bot/v1.4.8; http://mj12bot.com/)"
81.167.26.57 - - [30/Dec/2025:13:02:41 +0100] "GET /var/cache/dev/profiler/c4/fa/ HTTP/1.1" 200 498 "-" "Mozilla/5.0 (compatible; MJ12bot/v1.4.8; http://mj12bot.com/)"
81.167.26.57 - - [30/Dec/2025:13:02:43 +0100] "GET /var/cache/dev/profiler/c4/fb/ HTTP/1.1" 200 526 "-" "Mozilla/5.0 (compatible; MJ12bot/v1.4.8; http://mj12bot.com/)"
