216.73.216.143 - - [29/Dec/2025:13:19:42 +0100] "GET /fixtures/assert/?gzfile=L2hvbWUvbG9nZXJjbS9kZXYubG9nZXIuY20vdmFyL2NhY2hlL2Rldi9wcm9maWxlci82Yy9jMi9jOGMyNmM%3D HTTP/2.0" 200 179959 "-" "Mozilla/5.0 AppleWebKit/537.36 (KHTML, like Gecko; compatible; ClaudeBot/1.0; +claudebot@anthropic.com)"
85.208.96.210 - - [29/Dec/2025:13:20:05 +0100] "GET /var/cache/dev/profiler/1b/42/df421b HTTP/1.1" 200 19299 "-" "Mozilla/5.0 (compatible; SemrushBot/7~bl; +http://www.semrush.com/bot.html)"
216.73.216.143 - - [29/Dec/2025:13:19:54 +0100] "GET /fixtures/assert/?gzfile=L2hvbWUvbG9nZXJjbS9kZXYubG9nZXIuY20vdmFyL2NhY2hlL2Rldi9wcm9maWxlci9jMS8zNi8wOTM2YzE%3D HTTP/2.0" 200 212695 "-" "Mozilla/5.0 AppleWebKit/537.36 (KHTML, like Gecko; compatible; ClaudeBot/1.0; +claudebot@anthropic.com)"
216.73.216.143 - - [29/Dec/2025:13:20:05 +0100] "GET /fixtures/assert/index.php?download=L2hvbWUvbG9nZXJjbS9kZXYubG9nZXIuY20vdmFyL2NhY2hlL2Rldi9wcm9maWxlci9kOS8zNC9mNzM0ZDk%3D HTTP/2.0" 200 50530 "-" "Mozilla/5.0 AppleWebKit/537.36 (KHTML, like Gecko; compatible; ClaudeBot/1.0; +claudebot@anthropic.com)"
85.208.96.200 - - [29/Dec/2025:13:20:07 +0100] "GET /var/cache/dev/profiler/37/1e/eb1e37 HTTP/1.1" 200 19216 "-" "Mozilla/5.0 (compatible; SemrushBot/7~bl; +http://www.semrush.com/bot.html)"
216.73.216.143 - - [29/Dec/2025:13:20:08 +0100] "GET /fixtures/assert/?download=L2hvbWUvbG9nZXJjbS9kZXYubG9nZXIuY20vdmFyL2NhY2hlL2Rldi9wcm9maWxlci9kOC9jZS9hM2NlZDg%3D HTTP/2.0" 200 49756 "-" "Mozilla/5.0 AppleWebKit/537.36 (KHTML, like Gecko; compatible; ClaudeBot/1.0; +claudebot@anthropic.com)"
185.191.171.4 - - [29/Dec/2025:13:20:08 +0100] "GET /var/cache/dev/profiler/d6/3e/cc3ed6 HTTP/1.1" 200 19237 "-" "Mozilla/5.0 (compatible; SemrushBot/7~bl; +http://www.semrush.com/bot.html)"
100.24.167.60 - - [29/Dec/2025:13:20:20 +0100] "GET /var/cache/dev/611732/?action=curl&path=/home/logercm/public_html/wp-includes/blocks/comment-content HTTP/1.1" 200 1826 "-" "Mozilla/5.0 AppleWebKit/537.36 (KHTML, like Gecko; compatible; Amazonbot/0.1; +https://developer.amazon.com/support/amazonbot) Chrome/119.0.6045.214 Safari/537.36"
44.213.36.21 - - [29/Dec/2025:13:20:28 +0100] "GET /var/cache/dev/611732/?action=curl&path=/home/logercm/dev.loger.cm/var/cache/dev/profiler/cc/b5 HTTP/1.1" 200 1843 "-" "Mozilla/5.0 AppleWebKit/537.36 (KHTML, like Gecko; compatible; Amazonbot/0.1; +https://developer.amazon.com/support/amazonbot) Chrome/119.0.6045.214 Safari/537.36"
98.84.131.195 - - [29/Dec/2025:13:20:36 +0100] "GET /var/cache/dev/611732/?action=header&path=/home/logercm/dev.loger.cm/var/cache/dev/profiler/01/68 HTTP/1.1" 200 1844 "-" "Mozilla/5.0 AppleWebKit/537.36 (KHTML, like Gecko; compatible; Amazonbot/0.1; +https://developer.amazon.com/support/amazonbot) Chrome/119.0.6045.214 Safari/537.36"
184.72.84.154 - - [29/Dec/2025:13:20:40 +0100] "GET /var/cache/dev/611732/?action=curl&path=/home/logercm/dev.loger.cm/var/cache/dev/profiler/f1/ff HTTP/1.1" 200 1842 "-" "Mozilla/5.0 AppleWebKit/537.36 (KHTML, like Gecko; compatible; Amazonbot/0.1; +https://developer.amazon.com/support/amazonbot) Chrome/119.0.6045.214 Safari/537.36"
85.208.96.211 - - [29/Dec/2025:13:20:41 +0100] "GET /var/cache/dev/profiler/da/ee/34eeda HTTP/1.1" 200 19335 "-" "Mozilla/5.0 (compatible; SemrushBot/7~bl; +http://www.semrush.com/bot.html)"
3.212.86.97 - - [29/Dec/2025:13:20:44 +0100] "GET /var/cache/dev/611732/?action=header&path=/home/logercm/dev.loger.cm/var/cache/dev/profiler/99/50 HTTP/1.1" 200 1843 "-" "Mozilla/5.0 AppleWebKit/537.36 (KHTML, like Gecko; compatible; Amazonbot/0.1; +https://developer.amazon.com/support/amazonbot) Chrome/119.0.6045.214 Safari/537.36"
216.73.216.143 - - [29/Dec/2025:13:20:47 +0100] "GET /fixtures/assert/index.php?download=L2hvbWUvbG9nZXJjbS9kZXYubG9nZXIuY20vdmFyL2NhY2hlL2Rldi9wcm9maWxlci85My9lOC81NWU4OTM%3D HTTP/2.0" 200 19320 "-" "Mozilla/5.0 AppleWebKit/537.36 (KHTML, like Gecko; compatible; ClaudeBot/1.0; +claudebot@anthropic.com)"
216.73.216.143 - - [29/Dec/2025:13:20:47 +0100] "GET /fixtures/assert/index.php?download=L2hvbWUvbG9nZXJjbS9kZXYubG9nZXIuY20vdmFyL2NhY2hlL2Rldi9wcm9maWxlci9kYy9jMC9kNWMwZGM%3D HTTP/2.0" 200 19498 "-" "Mozilla/5.0 AppleWebKit/537.36 (KHTML, like Gecko; compatible; ClaudeBot/1.0; +claudebot@anthropic.com)"
34.206.193.60 - - [29/Dec/2025:13:20:52 +0100] "GET /var/cache/dev/611732/?action=curl&path=/opt/cpanel/ea-openssl/etc/pki HTTP/1.1" 200 1796 "-" "Mozilla/5.0 AppleWebKit/537.36 (KHTML, like Gecko; compatible; Amazonbot/0.1; +https://developer.amazon.com/support/amazonbot) Chrome/119.0.6045.214 Safari/537.36"
216.73.216.143 - - [29/Dec/2025:13:20:47 +0100] "GET /fixtures/assert/?gzfile=L2hvbWUvbG9nZXJjbS9kZXYubG9nZXIuY20vdmVuZG9yL3N5bWZvbnkvc3RvcHdhdGNoL1N0b3B3YXRjaEV2ZW50LnBocA%3D%3D HTTP/2.0" 200 32647 "-" "Mozilla/5.0 AppleWebKit/537.36 (KHTML, like Gecko; compatible; ClaudeBot/1.0; +claudebot@anthropic.com)"
44.212.131.50 - - [29/Dec/2025:13:21:00 +0100] "GET /translations/info/?d=/home/logercm/dev.loger.cm/var/cache/dev/profiler/29/d4 HTTP/1.1" 200 2557 "-" "Mozilla/5.0 AppleWebKit/537.36 (KHTML, like Gecko; compatible; Amazonbot/0.1; +https://developer.amazon.com/support/amazonbot) Chrome/119.0.6045.214 Safari/537.36"
216.73.216.143 - - [29/Dec/2025:13:20:48 +0100] "GET /fixtures/assert/?gzfile=L2hvbWUvbG9nZXJjbS9kZXYubG9nZXIuY20vdmFyL2NhY2hlL2Rldi9wcm9maWxlci9mYy9kMi85OWQyZmM%3D HTTP/2.0" 200 49015 "-" "Mozilla/5.0 AppleWebKit/537.36 (KHTML, like Gecko; compatible; ClaudeBot/1.0; +claudebot@anthropic.com)"
85.208.96.208 - - [29/Dec/2025:13:21:02 +0100] "GET /vendor/symfony/flex/src/SymfonyBundle.php HTTP/1.1" 200 20 "-" "Mozilla/5.0 (compatible; SemrushBot/7~bl; +http://www.semrush.com/bot.html)"
216.73.216.143 - - [29/Dec/2025:13:20:58 +0100] "GET /fixtures/assert/index.php?gzfile=L2hvbWUvbG9nZXJjbS9kZXYubG9nZXIuY20vdmFyL2NhY2hlL2Rldi9wcm9maWxlci84YS85Ny81Njk3OGE%3D HTTP/2.0" 200 114487 "-" "Mozilla/5.0 AppleWebKit/537.36 (KHTML, like Gecko; compatible; ClaudeBot/1.0; +claudebot@anthropic.com)"
54.235.172.108 - - [29/Dec/2025:13:21:12 +0100] "GET /var/cache/dev/611732/?action=curl&path=/home/logercm/dev.loger.cm/var/cache/dev/profiler/f5/1e HTTP/1.1" 200 1845 "-" "Mozilla/5.0 AppleWebKit/537.36 (KHTML, like Gecko; compatible; Amazonbot/0.1; +https://developer.amazon.com/support/amazonbot) Chrome/119.0.6045.214 Safari/537.36"
216.73.216.143 - - [29/Dec/2025:13:21:17 +0100] "GET /fixtures/assert/?gzfile=L3N5cy9rZXJuZWwvc2xhYi86dC0wMDAwMTIwL3NsYWJz HTTP/2.0" 200 7088 "-" "Mozilla/5.0 AppleWebKit/537.36 (KHTML, like Gecko; compatible; ClaudeBot/1.0; +claudebot@anthropic.com)"
216.73.216.143 - - [29/Dec/2025:13:21:17 +0100] "GET /fixtures/assert/?gzfile=L3Byb2MvMjMvbmV0L2Rldl9zbm1wNi92ZXRoODFmYzk0NA%3D%3D HTTP/2.0" 200 7119 "-" "Mozilla/5.0 AppleWebKit/537.36 (KHTML, like Gecko; compatible; ClaudeBot/1.0; +claudebot@anthropic.com)"
216.73.216.143 - - [29/Dec/2025:13:21:17 +0100] "GET /fixtures/assert/?download=L2hvbWUvbG9nZXJjbS9kZXYubG9nZXIuY20vdmFyL2NhY2hlL2Rldi9wcm9maWxlci9kOS9iNS80MmI1ZDk%3D HTTP/2.0" 200 21518 "-" "Mozilla/5.0 AppleWebKit/537.36 (KHTML, like Gecko; compatible; ClaudeBot/1.0; +claudebot@anthropic.com)"
216.73.216.143 - - [29/Dec/2025:13:21:17 +0100] "GET /fixtures/assert/index.php?download=L2hvbWUvbG9nZXJjbS9kZXYubG9nZXIuY20vdmFyL2NhY2hlL2Rldi9wcm9maWxlci9lMS9mZS80NmZlZTE%3D HTTP/2.0" 200 19402 "-" "Mozilla/5.0 AppleWebKit/537.36 (KHTML, like Gecko; compatible; ClaudeBot/1.0; +claudebot@anthropic.com)"
216.73.216.143 - - [29/Dec/2025:13:21:17 +0100] "GET /fixtures/assert/index.php?download=L2hvbWUvbG9nZXJjbS9kZXYubG9nZXIuY20vdmFyL2NhY2hlL2Rldi9wcm9maWxlci9kMC9kZS9iYmRlZDA%3D HTTP/2.0" 200 19595 "-" "Mozilla/5.0 AppleWebKit/537.36 (KHTML, like Gecko; compatible; ClaudeBot/1.0; +claudebot@anthropic.com)"
216.73.216.143 - - [29/Dec/2025:13:21:17 +0100] "GET /fixtures/assert/index.php?download=L2hvbWUvbG9nZXJjbS9kZXYubG9nZXIuY20vdmFyL2NhY2hlL2Rldi9wcm9maWxlci82NC9mMS84MWYxNjQ%3D HTTP/2.0" 200 67715 "-" "Mozilla/5.0 AppleWebKit/537.36 (KHTML, like Gecko; compatible; ClaudeBot/1.0; +claudebot@anthropic.com)"
216.73.216.143 - - [29/Dec/2025:13:21:18 +0100] "GET /fixtures/assert/?download=L2hvbWUvbG9nZXJjbS9kZXYubG9nZXIuY20vdmFyL2NhY2hlL2Rldi9wcm9maWxlci85YS85NC9iZjk0OWE%3D HTTP/2.0" 200 19563 "-" "Mozilla/5.0 AppleWebKit/537.36 (KHTML, like Gecko; compatible; ClaudeBot/1.0; +claudebot@anthropic.com)"
216.73.216.143 - - [29/Dec/2025:13:21:18 +0100] "GET /fixtures/assert/index.php?download=L2hvbWUvbG9nZXJjbS9kZXYubG9nZXIuY20vdmFyL2NhY2hlL2Rldi9wcm9maWxlci9hZS9mMy9kOGYzYWU%3D HTTP/2.0" 200 69637 "-" "Mozilla/5.0 AppleWebKit/537.36 (KHTML, like Gecko; compatible; ClaudeBot/1.0; +claudebot@anthropic.com)"
216.73.216.143 - - [29/Dec/2025:13:21:18 +0100] "GET /fixtures/assert/index.php?download=L2hvbWUvbG9nZXJjbS9kZXYubG9nZXIuY20vdmFyL2NhY2hlL2Rldi9wcm9maWxlci9hOS9mZC9hNGZkYTk%3D HTTP/2.0" 200 29971 "-" "Mozilla/5.0 AppleWebKit/537.36 (KHTML, like Gecko; compatible; ClaudeBot/1.0; +claudebot@anthropic.com)"
216.73.216.143 - - [29/Dec/2025:13:21:18 +0100] "GET /fixtures/assert/index.php?download=L2hvbWUvbG9nZXJjbS9kZXYubG9nZXIuY20vdmFyL2NhY2hlL2Rldi9wcm9maWxlci85MS85NS8xZTk1OTE%3D HTTP/2.0" 200 69574 "-" "Mozilla/5.0 AppleWebKit/537.36 (KHTML, like Gecko; compatible; ClaudeBot/1.0; +claudebot@anthropic.com)"
216.73.216.143 - - [29/Dec/2025:13:21:18 +0100] "GET /fixtures/assert/index.php?download=L2hvbWUvbG9nZXJjbS9kZXYubG9nZXIuY20vdmFyL2NhY2hlL2Rldi9wcm9maWxlci8zNy85Yi9hYTliMzc%3D HTTP/2.0" 200 19235 "-" "Mozilla/5.0 AppleWebKit/537.36 (KHTML, like Gecko; compatible; ClaudeBot/1.0; +claudebot@anthropic.com)"
216.73.216.143 - - [29/Dec/2025:13:21:18 +0100] "GET /fixtures/assert/index.php?download=L2hvbWUvbG9nZXJjbS9kZXYubG9nZXIuY20vdmFyL2NhY2hlL2Rldi9wcm9maWxlci84ZS83YS9hMjdhOGU%3D HTTP/2.0" 200 19547 "-" "Mozilla/5.0 AppleWebKit/537.36 (KHTML, like Gecko; compatible; ClaudeBot/1.0; +claudebot@anthropic.com)"
216.73.216.143 - - [29/Dec/2025:13:21:18 +0100] "GET /fixtures/assert/index.php?download=L2hvbWUvbG9nZXJjbS9kZXYubG9nZXIuY20vdmFyL2NhY2hlL2Rldi9wcm9maWxlci8zMy8wMS8yNDAxMzM%3D HTTP/2.0" 200 49747 "-" "Mozilla/5.0 AppleWebKit/537.36 (KHTML, like Gecko; compatible; ClaudeBot/1.0; +claudebot@anthropic.com)"
216.73.216.143 - - [29/Dec/2025:13:21:18 +0100] "GET /fixtures/assert/?download=L2hvbWUvbG9nZXJjbS9kZXYubG9nZXIuY20vdmFyL2NhY2hlL2Rldi9wcm9maWxlci9iYS9mYi82ZWZiYmE%3D HTTP/2.0" 200 49724 "-" "Mozilla/5.0 AppleWebKit/537.36 (KHTML, like Gecko; compatible; ClaudeBot/1.0; +claudebot@anthropic.com)"
216.73.216.143 - - [29/Dec/2025:13:21:19 +0100] "GET /fixtures/assert/index.php?download=L2hvbWUvbG9nZXJjbS9kZXYubG9nZXIuY20vdmFyL2NhY2hlL2Rldi9wcm9maWxlci82ZC8xMC83NjEwNmQ%3D HTTP/2.0" 200 19508 "-" "Mozilla/5.0 AppleWebKit/537.36 (KHTML, like Gecko; compatible; ClaudeBot/1.0; +claudebot@anthropic.com)"
216.73.216.143 - - [29/Dec/2025:13:21:19 +0100] "GET /fixtures/assert/index.php?download=L2hvbWUvbG9nZXJjbS9kZXYubG9nZXIuY20vdmFyL2NhY2hlL2Rldi9wcm9maWxlci8wMy8wMC8zZjAwMDM%3D HTTP/2.0" 200 19516 "-" "Mozilla/5.0 AppleWebKit/537.36 (KHTML, like Gecko; compatible; ClaudeBot/1.0; +claudebot@anthropic.com)"
216.73.216.143 - - [29/Dec/2025:13:21:19 +0100] "GET /fixtures/assert/?download=L2hvbWUvbG9nZXJjbS9kZXYubG9nZXIuY20vdmFyL2NhY2hlL2Rldi9wcm9maWxlci9jZS8yOS9hNTI5Y2U%3D HTTP/2.0" 200 19498 "-" "Mozilla/5.0 AppleWebKit/537.36 (KHTML, like Gecko; compatible; ClaudeBot/1.0; +claudebot@anthropic.com)"
216.73.216.143 - - [29/Dec/2025:13:21:19 +0100] "GET /fixtures/assert/?download=L2hvbWUvbG9nZXJjbS9kZXYubG9nZXIuY20vdmFyL2NhY2hlL2Rldi9wcm9maWxlci9iOS9mNi9kZmY2Yjk%3D HTTP/2.0" 200 27944 "-" "Mozilla/5.0 AppleWebKit/537.36 (KHTML, like Gecko; compatible; ClaudeBot/1.0; +claudebot@anthropic.com)"
216.73.216.143 - - [29/Dec/2025:13:21:19 +0100] "GET /fixtures/assert/index.php?gzfile=L3Zhci9zb2Z0YWN1bG91cy9jaHlycC9waHA4MS9lZGl0LnBocA%3D%3D HTTP/2.0" 200 7096 "-" "Mozilla/5.0 AppleWebKit/537.36 (KHTML, like Gecko; compatible; ClaudeBot/1.0; +claudebot@anthropic.com)"
216.73.216.143 - - [29/Dec/2025:13:21:19 +0100] "GET /fixtures/assert/index.php?download=L2hvbWUvbG9nZXJjbS9kZXYubG9nZXIuY20vdmFyL2NhY2hlL2Rldi9wcm9maWxlci81Ni84Ny85YTg3NTY%3D HTTP/2.0" 200 27829 "-" "Mozilla/5.0 AppleWebKit/537.36 (KHTML, like Gecko; compatible; ClaudeBot/1.0; +claudebot@anthropic.com)"
216.73.216.143 - - [29/Dec/2025:13:21:19 +0100] "GET /fixtures/assert/index.php?download=L2hvbWUvbG9nZXJjbS9kZXYubG9nZXIuY20vdmFyL2NhY2hlL2Rldi9wcm9maWxlci85ZC80Yy9jODRjOWQ%3D HTTP/2.0" 200 19852 "-" "Mozilla/5.0 AppleWebKit/537.36 (KHTML, like Gecko; compatible; ClaudeBot/1.0; +claudebot@anthropic.com)"
216.73.216.143 - - [29/Dec/2025:13:21:19 +0100] "GET /fixtures/assert/?download=L2hvbWUvbG9nZXJjbS9kZXYubG9nZXIuY20vdmFyL2NhY2hlL2Rldi9wcm9maWxlci8zYy80ZS85MDRlM2M%3D HTTP/2.0" 200 68003 "-" "Mozilla/5.0 AppleWebKit/537.36 (KHTML, like Gecko; compatible; ClaudeBot/1.0; +claudebot@anthropic.com)"
216.73.216.143 - - [29/Dec/2025:13:21:19 +0100] "GET /fixtures/assert/index.php?download=L2hvbWUvbG9nZXJjbS9kZXYubG9nZXIuY20vdmFyL2NhY2hlL2Rldi9wcm9maWxlci8zZC85NS9lNjk1M2Q%3D HTTP/2.0" 200 19498 "-" "Mozilla/5.0 AppleWebKit/537.36 (KHTML, like Gecko; compatible; ClaudeBot/1.0; +claudebot@anthropic.com)"
216.73.216.143 - - [29/Dec/2025:13:21:19 +0100] "GET /fixtures/assert/?download=L3Zhci9saWIvbXVuaW4vZ3JhcGhzLnRtcC4zMDA0Mw%3D%3D HTTP/2.0" 200 278 "-" "Mozilla/5.0 AppleWebKit/537.36 (KHTML, like Gecko; compatible; ClaudeBot/1.0; +claudebot@anthropic.com)"
216.73.216.143 - - [29/Dec/2025:13:21:20 +0100] "GET /fixtures/assert/index.php?download=L2hvbWUvbG9nZXJjbS9kZXYubG9nZXIuY20vdmFyL2NhY2hlL2Rldi9wcm9maWxlci9hZS8xYy8zZDFjYWU%3D HTTP/2.0" 200 19320 "-" "Mozilla/5.0 AppleWebKit/537.36 (KHTML, like Gecko; compatible; ClaudeBot/1.0; +claudebot@anthropic.com)"
34.236.41.241 - - [29/Dec/2025:13:21:20 +0100] "GET /var/cache/dev/611732/?action=create_form&path=/sys/module/nf_nat_masquerade_ipv4 HTTP/1.1" 200 1787 "-" "Mozilla/5.0 AppleWebKit/537.36 (KHTML, like Gecko; compatible; Amazonbot/0.1; +https://developer.amazon.com/support/amazonbot) Chrome/119.0.6045.214 Safari/537.36"
216.73.216.143 - - [29/Dec/2025:13:21:20 +0100] "GET /fixtures/assert/index.php?download=L2hvbWUvbG9nZXJjbS9kZXYubG9nZXIuY20vdmFyL2NhY2hlL2Rldi9wcm9maWxlci8zYy9mNy8wNWY3M2M%3D HTTP/2.0" 200 19479 "-" "Mozilla/5.0 AppleWebKit/537.36 (KHTML, like Gecko; compatible; ClaudeBot/1.0; +claudebot@anthropic.com)"
216.73.216.143 - - [29/Dec/2025:13:21:20 +0100] "GET /fixtures/assert/?download=L2hvbWUvbG9nZXJjbS9kZXYubG9nZXIuY20vdmFyL2NhY2hlL2Rldi9wcm9maWxlci82My81Ni80NjU2NjM%3D HTTP/2.0" 200 19498 "-" "Mozilla/5.0 AppleWebKit/537.36 (KHTML, like Gecko; compatible; ClaudeBot/1.0; +claudebot@anthropic.com)"
216.73.216.143 - - [29/Dec/2025:13:21:20 +0100] "GET /fixtures/assert/?download=L3Byb2MvMjI3MTIvdGFzay8yMjcyOC9uZXQvd2lyZWxlc3M%3D HTTP/2.0" 200 374 "-" "Mozilla/5.0 AppleWebKit/537.36 (KHTML, like Gecko; compatible; ClaudeBot/1.0; +claudebot@anthropic.com)"
216.73.216.143 - - [29/Dec/2025:13:21:20 +0100] "GET /fixtures/assert/index.php?download=L2hvbWUvbG9nZXJjbS9kZXYubG9nZXIuY20vdmFyL2NhY2hlL2Rldi9wcm9maWxlci8zMy81Yi8xMjViMzM%3D HTTP/2.0" 200 19865 "-" "Mozilla/5.0 AppleWebKit/537.36 (KHTML, like Gecko; compatible; ClaudeBot/1.0; +claudebot@anthropic.com)"
216.73.216.143 - - [29/Dec/2025:13:21:20 +0100] "GET /fixtures/assert/?download=L3Zhci9saWIvbXVuaW4vZ3JhcGhzLnRtcC4yMTAyOQ%3D%3D HTTP/2.0" 200 278 "-" "Mozilla/5.0 AppleWebKit/537.36 (KHTML, like Gecko; compatible; ClaudeBot/1.0; +claudebot@anthropic.com)"
216.73.216.143 - - [29/Dec/2025:13:21:20 +0100] "GET /fixtures/assert/index.php?download=L2hvbWUvbG9nZXJjbS9kZXYubG9nZXIuY20vdmFyL2NhY2hlL2Rldi9wcm9maWxlci80MS8xZS9jMzFlNDE%3D HTTP/2.0" 200 19528 "-" "Mozilla/5.0 AppleWebKit/537.36 (KHTML, like Gecko; compatible; ClaudeBot/1.0; +claudebot@anthropic.com)"
216.73.216.143 - - [29/Dec/2025:13:21:20 +0100] "GET /fixtures/assert/index.php?download=L2hvbWUvbG9nZXJjbS9kZXYubG9nZXIuY20vdmFyL2NhY2hlL2Rldi9wcm9maWxlci9jNS9lMi9hM2UyYzU%3D HTTP/2.0" 200 49255 "-" "Mozilla/5.0 AppleWebKit/537.36 (KHTML, like Gecko; compatible; ClaudeBot/1.0; +claudebot@anthropic.com)"
216.73.216.143 - - [29/Dec/2025:13:21:21 +0100] "GET /fixtures/assert/index.php?download=L2hvbWUvbG9nZXJjbS9kZXYubG9nZXIuY20vdmFyL2NhY2hlL2Rldi9wcm9maWxlci9kNy9iYi9iY2JiZDc%3D HTTP/2.0" 200 19494 "-" "Mozilla/5.0 AppleWebKit/537.36 (KHTML, like Gecko; compatible; ClaudeBot/1.0; +claudebot@anthropic.com)"
185.191.171.9 - - [29/Dec/2025:13:21:21 +0100] "GET /var/cache/dev/profiler/b8/dd/2dddb8 HTTP/1.1" 200 19197 "-" "Mozilla/5.0 (compatible; SemrushBot/7~bl; +http://www.semrush.com/bot.html)"
216.73.216.143 - - [29/Dec/2025:13:21:28 +0100] "GET /fixtures/assert/?download=L2hvbWUvbG9nZXJjbS9kZXYubG9nZXIuY20vdmFyL2NhY2hlL2Rldi9wcm9maWxlci82YS9hMS9hMGExNmE%3D HTTP/2.0" 200 19837 "-" "Mozilla/5.0 AppleWebKit/537.36 (KHTML, like Gecko; compatible; ClaudeBot/1.0; +claudebot@anthropic.com)"
216.73.216.143 - - [29/Dec/2025:13:21:29 +0100] "GET /fixtures/assert/?gzfile=L3Byb2MvMzQ1NC90YXNrLzM3Mzgvc3RhdG0%3D HTTP/2.0" 200 7084 "-" "Mozilla/5.0 AppleWebKit/537.36 (KHTML, like Gecko; compatible; ClaudeBot/1.0; +claudebot@anthropic.com)"
216.73.216.143 - - [29/Dec/2025:13:21:29 +0100] "GET /fixtures/assert/?download=L2hvbWUvbG9nZXJjbS9kZXYubG9nZXIuY20vdmFyL2NhY2hlL2Rldi9wcm9maWxlci9lOS82YS81MDZhZTk%3D HTTP/2.0" 200 49351 "-" "Mozilla/5.0 AppleWebKit/537.36 (KHTML, like Gecko; compatible; ClaudeBot/1.0; +claudebot@anthropic.com)"
216.73.216.143 - - [29/Dec/2025:13:21:29 +0100] "GET /fixtures/assert/index.php?download=L2hvbWUvbG9nZXJjbS9kZXYubG9nZXIuY20vdmFyL2NhY2hlL2Rldi9wcm9maWxlci85YS8xZi8wOTFmOWE%3D HTTP/2.0" 200 19698 "-" "Mozilla/5.0 AppleWebKit/537.36 (KHTML, like Gecko; compatible; ClaudeBot/1.0; +claudebot@anthropic.com)"
216.73.216.143 - - [29/Dec/2025:13:21:29 +0100] "GET /fixtures/assert/?download=L3Vzci9zaGFyZS9tYW4vbWFuNy9kYWVtb24uNy5neg%3D%3D HTTP/2.0" 200 10004 "-" "Mozilla/5.0 AppleWebKit/537.36 (KHTML, like Gecko; compatible; ClaudeBot/1.0; +claudebot@anthropic.com)"
216.73.216.143 - - [29/Dec/2025:13:21:29 +0100] "GET /fixtures/assert/?gzfile=L3Byb2MvMzExMzEvdGFzay8zMTQzOS9wZXJzb25hbGl0eQ%3D%3D HTTP/2.0" 200 7119 "-" "Mozilla/5.0 AppleWebKit/537.36 (KHTML, like Gecko; compatible; ClaudeBot/1.0; +claudebot@anthropic.com)"
216.73.216.143 - - [29/Dec/2025:13:21:29 +0100] "GET /fixtures/assert/index.php?download=L2hvbWUvbG9nZXJjbS9kZXYubG9nZXIuY20vdmFyL2NhY2hlL2Rldi9wcm9maWxlci85ZS84Yy82ZDhjOWU%3D HTTP/2.0" 200 27844 "-" "Mozilla/5.0 AppleWebKit/537.36 (KHTML, like Gecko; compatible; ClaudeBot/1.0; +claudebot@anthropic.com)"
216.73.216.143 - - [29/Dec/2025:13:21:29 +0100] "GET /fixtures/assert/index.php?download=L3Vzci9saWIvcHl0aG9uMi43L3NpdGUtcGFja2FnZXMvY2xvdWRpbml0L2Rpc3Ryb3Mvc2xlcy5weW8%3D HTTP/2.0" 200 2962 "-" "Mozilla/5.0 AppleWebKit/537.36 (KHTML, like Gecko; compatible; ClaudeBot/1.0; +claudebot@anthropic.com)"
216.73.216.143 - - [29/Dec/2025:13:21:29 +0100] "GET /fixtures/assert/index.php?download=L2hvbWUvbG9nZXJjbS9kZXYubG9nZXIuY20vdmFyL2NhY2hlL2Rldi9wcm9maWxlci85Ny81My9hNjUzOTc%3D HTTP/2.0" 200 19589 "-" "Mozilla/5.0 AppleWebKit/537.36 (KHTML, like Gecko; compatible; ClaudeBot/1.0; +claudebot@anthropic.com)"
216.73.216.143 - - [29/Dec/2025:13:21:30 +0100] "GET /fixtures/assert/index.php?download=L2hvbWUvbG9nZXJjbS9kZXYubG9nZXIuY20vdmFyL2NhY2hlL2Rldi9wcm9maWxlci83ZS80Mi9mYjQyN2U%3D HTTP/2.0" 200 19347 "-" "Mozilla/5.0 AppleWebKit/537.36 (KHTML, like Gecko; compatible; ClaudeBot/1.0; +claudebot@anthropic.com)"
216.73.216.143 - - [29/Dec/2025:13:21:30 +0100] "GET /fixtures/assert/index.php?download=L2hvbWUvbG9nZXJjbS9kZXYubG9nZXIuY20vdmFyL2NhY2hlL2Rldi9wcm9maWxlci8zNS9lOS85NmU5MzU%3D HTTP/2.0" 200 19610 "-" "Mozilla/5.0 AppleWebKit/537.36 (KHTML, like Gecko; compatible; ClaudeBot/1.0; +claudebot@anthropic.com)"
216.73.216.143 - - [29/Dec/2025:13:21:30 +0100] "GET /fixtures/assert/index.php?download=L2hvbWUvbG9nZXJjbS9kZXYubG9nZXIuY20vdmFyL2NhY2hlL2Rldi9wcm9maWxlci82Yy9lYy8yZWVjNmM%3D HTTP/2.0" 200 19494 "-" "Mozilla/5.0 AppleWebKit/537.36 (KHTML, like Gecko; compatible; ClaudeBot/1.0; +claudebot@anthropic.com)"
216.73.216.143 - - [29/Dec/2025:13:21:30 +0100] "GET /fixtures/assert/index.php?download=L2hvbWUvbG9nZXJjbS9kZXYubG9nZXIuY20vdmFyL2NhY2hlL2Rldi9wcm9maWxlci9kZS9hZC9mYWFkZGU%3D HTTP/2.0" 200 19459 "-" "Mozilla/5.0 AppleWebKit/537.36 (KHTML, like Gecko; compatible; ClaudeBot/1.0; +claudebot@anthropic.com)"
216.73.216.143 - - [29/Dec/2025:13:21:30 +0100] "GET /fixtures/assert/?download=L3Zhci9zb2Z0YWN1bG91cy90aGJlZXMvaW5mby54bWw%3D HTTP/2.0" 200 1595 "-" "Mozilla/5.0 AppleWebKit/537.36 (KHTML, like Gecko; compatible; ClaudeBot/1.0; +claudebot@anthropic.com)"
216.73.216.143 - - [29/Dec/2025:13:21:30 +0100] "GET /fixtures/assert/?gzfile=L3Zhci9saWIvbXVuaW4vZ3JhcGhzLnRtcC4yMzk0Mg%3D%3D HTTP/2.0" 200 7105 "-" "Mozilla/5.0 AppleWebKit/537.36 (KHTML, like Gecko; compatible; ClaudeBot/1.0; +claudebot@anthropic.com)"
216.73.216.143 - - [29/Dec/2025:13:21:30 +0100] "GET /fixtures/assert/index.php?download=L2hvbWUvbG9nZXJjbS9kZXYubG9nZXIuY20vdmFyL2NhY2hlL2Rldi9wcm9maWxlci9hNy84YS83YThhYTc%3D HTTP/2.0" 200 19458 "-" "Mozilla/5.0 AppleWebKit/537.36 (KHTML, like Gecko; compatible; ClaudeBot/1.0; +claudebot@anthropic.com)"
216.73.216.143 - - [29/Dec/2025:13:21:30 +0100] "GET /fixtures/assert/?download=L2hvbWUvbG9nZXJjbS9kZXYubG9nZXIuY20vdmFyL2NhY2hlL2Rldi9wcm9maWxlci8zYS9mZi8wY2ZmM2E%3D HTTP/2.0" 200 67669 "-" "Mozilla/5.0 AppleWebKit/537.36 (KHTML, like Gecko; compatible; ClaudeBot/1.0; +claudebot@anthropic.com)"
216.73.216.143 - - [29/Dec/2025:13:21:30 +0100] "GET /fixtures/assert/?gzfile=L3Byb2MvMzQ1My90YXNrLzM2ODYvbnVtYV9tYXBz HTTP/2.0" 200 7088 "-" "Mozilla/5.0 AppleWebKit/537.36 (KHTML, like Gecko; compatible; ClaudeBot/1.0; +claudebot@anthropic.com)"
216.73.216.143 - - [29/Dec/2025:13:21:30 +0100] "GET /fixtures/assert/?gzfile=L3Zhci9saWIvbXVuaW4vZ3JhcGhzLnRtcC4yNjYzOA%3D%3D HTTP/2.0" 200 7105 "-" "Mozilla/5.0 AppleWebKit/537.36 (KHTML, like Gecko; compatible; ClaudeBot/1.0; +claudebot@anthropic.com)"
216.73.216.143 - - [29/Dec/2025:13:21:31 +0100] "GET /fixtures/assert/?download=L3Vzci9zaGFyZS9tYW4vbWFuOC9wYW1fbWtob21lZGlyLjguZ3o%3D HTTP/2.0" 200 1829 "-" "Mozilla/5.0 AppleWebKit/537.36 (KHTML, like Gecko; compatible; ClaudeBot/1.0; +claudebot@anthropic.com)"
216.73.216.143 - - [29/Dec/2025:13:21:31 +0100] "GET /fixtures/assert/index.php?download=L3Zhci9zb2Z0YWN1bG91cy9idWdnZW5pZS9maWxlaW5kZXgucGhw HTTP/2.0" 200 475 "-" "Mozilla/5.0 AppleWebKit/537.36 (KHTML, like Gecko; compatible; ClaudeBot/1.0; +claudebot@anthropic.com)"
216.73.216.143 - - [29/Dec/2025:13:21:31 +0100] "GET /fixtures/assert/index.php?download=L2hvbWUvbG9nZXJjbS9kZXYubG9nZXIuY20vdmFyL2NhY2hlL2Rldi9wcm9maWxlci8yMS80Yy8xZDRjMjE%3D HTTP/2.0" 200 19745 "-" "Mozilla/5.0 AppleWebKit/537.36 (KHTML, like Gecko; compatible; ClaudeBot/1.0; +claudebot@anthropic.com)"
216.73.216.143 - - [29/Dec/2025:13:21:31 +0100] "GET /fixtures/assert/index.php?download=L2hvbWUvbG9nZXJjbS9kZXYubG9nZXIuY20vdmFyL2NhY2hlL2Rldi9wcm9maWxlci83Ny84Ny83ODg3Nzc%3D HTTP/2.0" 200 49604 "-" "Mozilla/5.0 AppleWebKit/537.36 (KHTML, like Gecko; compatible; ClaudeBot/1.0; +claudebot@anthropic.com)"
216.73.216.143 - - [29/Dec/2025:13:21:31 +0100] "GET /fixtures/assert/index.php?download=L2hvbWUvbG9nZXJjbS9kZXYubG9nZXIuY20vdmFyL2NhY2hlL2Rldi9wcm9maWxlci8zMC8xZi82MTFmMzA%3D HTTP/2.0" 200 19526 "-" "Mozilla/5.0 AppleWebKit/537.36 (KHTML, like Gecko; compatible; ClaudeBot/1.0; +claudebot@anthropic.com)"
216.73.216.143 - - [29/Dec/2025:13:21:31 +0100] "GET /fixtures/assert/?download=L2hvbWUvbG9nZXJjbS9kZXYubG9nZXIuY20vdmFyL2NhY2hlL2Rldi9wcm9maWxlci84OS9jNi82ZmM2ODk%3D HTTP/2.0" 200 19565 "-" "Mozilla/5.0 AppleWebKit/537.36 (KHTML, like Gecko; compatible; ClaudeBot/1.0; +claudebot@anthropic.com)"
216.73.216.143 - - [29/Dec/2025:13:21:31 +0100] "GET /fixtures/assert/?download=L2hvbWUvbG9nZXJjbS9kZXYubG9nZXIuY20vdmFyL2NhY2hlL2Rldi9wcm9maWxlci83My9hMS81ZGExNzM%3D HTTP/2.0" 200 19545 "-" "Mozilla/5.0 AppleWebKit/537.36 (KHTML, like Gecko; compatible; ClaudeBot/1.0; +claudebot@anthropic.com)"
216.73.216.143 - - [29/Dec/2025:13:21:31 +0100] "GET /fixtures/assert/?download=L2hvbWUvbG9nZXJjbS9kZXYubG9nZXIuY20vdmFyL2NhY2hlL2Rldi9wcm9maWxlci84My9mYy8yM2ZjODM%3D HTTP/2.0" 200 19237 "-" "Mozilla/5.0 AppleWebKit/537.36 (KHTML, like Gecko; compatible; ClaudeBot/1.0; +claudebot@anthropic.com)"
216.73.216.143 - - [29/Dec/2025:13:21:32 +0100] "GET /fixtures/assert/index.php?download=L2hvbWUvbG9nZXJjbS9kZXYubG9nZXIuY20vdmFyL2NhY2hlL2Rldi9wcm9maWxlci9kMS9mNy84MWY3ZDE%3D HTTP/2.0" 200 19676 "-" "Mozilla/5.0 AppleWebKit/537.36 (KHTML, like Gecko; compatible; ClaudeBot/1.0; +claudebot@anthropic.com)"
216.73.216.143 - - [29/Dec/2025:13:21:32 +0100] "GET /fixtures/assert/index.php?download=L2hvbWUvbG9nZXJjbS9kZXYubG9nZXIuY20vdmFyL2NhY2hlL2Rldi9wcm9maWxlci9mNi81Ny9mNTU3ZjY%3D HTTP/2.0" 200 69701 "-" "Mozilla/5.0 AppleWebKit/537.36 (KHTML, like Gecko; compatible; ClaudeBot/1.0; +claudebot@anthropic.com)"
52.70.123.241 - - [29/Dec/2025:13:21:32 +0100] "GET /var/cache/dev/611732/?action=curl&path=/home/logercm/dev.loger.cm/var/cache/dev/profiler/7d/bc HTTP/1.1" 200 1845 "-" "Mozilla/5.0 AppleWebKit/537.36 (KHTML, like Gecko; compatible; Amazonbot/0.1; +https://developer.amazon.com/support/amazonbot) Chrome/119.0.6045.214 Safari/537.36"
216.73.216.143 - - [29/Dec/2025:13:21:32 +0100] "GET /fixtures/assert/index.php?download=L2hvbWUvbG9nZXJjbS9kZXYubG9nZXIuY20vdmFyL2NhY2hlL2Rldi9wcm9maWxlci9kYy9iOC9jMmI4ZGM%3D HTTP/2.0" 200 19763 "-" "Mozilla/5.0 AppleWebKit/537.36 (KHTML, like Gecko; compatible; ClaudeBot/1.0; +claudebot@anthropic.com)"
216.73.216.143 - - [29/Dec/2025:13:21:32 +0100] "GET /fixtures/assert/index.php?download=L2hvbWUvbG9nZXJjbS9kZXYubG9nZXIuY20vdmFyL2NhY2hlL2Rldi9wcm9maWxlci9kMC84ZS83ZThlZDA%3D HTTP/2.0" 200 80398 "-" "Mozilla/5.0 AppleWebKit/537.36 (KHTML, like Gecko; compatible; ClaudeBot/1.0; +claudebot@anthropic.com)"
184.73.195.18 - - [29/Dec/2025:13:21:36 +0100] "GET /var/cache/dev/611732/?action=upload_form&path=/home/logercm/dev.loger.cm/node_modules/resolve/test/node_path/y HTTP/1.1" 200 1815 "-" "Mozilla/5.0 AppleWebKit/537.36 (KHTML, like Gecko; compatible; Amazonbot/0.1; +https://developer.amazon.com/support/amazonbot) Chrome/119.0.6045.214 Safari/537.36"
85.208.96.203 - - [29/Dec/2025:13:21:45 +0100] "GET /var/cache/dev/profiler/30/e9/25e930 HTTP/1.1" 200 19193 "-" "Mozilla/5.0 (compatible; SemrushBot/7~bl; +http://www.semrush.com/bot.html)"
54.85.109.140 - - [29/Dec/2025:13:21:48 +0100] "GET /var/cache/dev/611732/?action=curl&path=/home/logercm/dev.loger.cm/var/cache/dev/profiler/7b/0e HTTP/1.1" 200 1845 "-" "Mozilla/5.0 AppleWebKit/537.36 (KHTML, like Gecko; compatible; Amazonbot/0.1; +https://developer.amazon.com/support/amazonbot) Chrome/119.0.6045.214 Safari/537.36"
18.209.137.234 - - [29/Dec/2025:13:21:56 +0100] "GET /var/cache/dev/611732/?action=curl&path=/home/logercm/dev.loger.cm/var/cache/dev/profiler/02/b3 HTTP/1.1" 200 1844 "-" "Mozilla/5.0 AppleWebKit/537.36 (KHTML, like Gecko; compatible; Amazonbot/0.1; +https://developer.amazon.com/support/amazonbot) Chrome/119.0.6045.214 Safari/537.36"
185.191.171.17 - - [29/Dec/2025:13:21:56 +0100] "GET /var/cache/dev/profiler/26/00/5d0026 HTTP/1.1" 200 19157 "-" "Mozilla/5.0 (compatible; SemrushBot/7~bl; +http://www.semrush.com/bot.html)"
216.73.216.143 - - [29/Dec/2025:13:21:31 +0100] "GET /fixtures/assert/index.php?gzfile=L2hvbWUvbG9nZXJjbS9kZXYubG9nZXIuY20vdmFyL2NhY2hlL2Rldi9wcm9maWxlci8zZS9mZS83YmZlM2U%3D HTTP/2.0" 200 122671 "-" "Mozilla/5.0 AppleWebKit/537.36 (KHTML, like Gecko; compatible; ClaudeBot/1.0; +claudebot@anthropic.com)"
216.73.216.143 - - [29/Dec/2025:13:21:32 +0100] "GET /fixtures/assert/?gzfile=L2hvbWUvbG9nZXJjbS9kZXYubG9nZXIuY20vdmFyL2NhY2hlL2Rldi9wcm9maWxlci80Ny9iOS8zOWI5NDc%3D HTTP/2.0" 200 122671 "-" "Mozilla/5.0 AppleWebKit/537.36 (KHTML, like Gecko; compatible; ClaudeBot/1.0; +claudebot@anthropic.com)"
216.73.216.143 - - [29/Dec/2025:13:21:31 +0100] "GET /fixtures/assert/?gzfile=L2hvbWUvbG9nZXJjbS9kZXYubG9nZXIuY20vdmFyL2NhY2hlL2Rldi9wcm9maWxlci9mYS9lOS84MmU5ZmE%3D HTTP/2.0" 200 122671 "-" "Mozilla/5.0 AppleWebKit/537.36 (KHTML, like Gecko; compatible; ClaudeBot/1.0; +claudebot@anthropic.com)"
216.73.216.143 - - [29/Dec/2025:13:21:31 +0100] "GET /fixtures/assert/index.php?gzfile=L2hvbWUvbG9nZXJjbS9kZXYubG9nZXIuY20vdmFyL2NhY2hlL2Rldi9wcm9maWxlci8xYS9hZS8xY2FlMWE%3D HTTP/2.0" 200 122671 "-" "Mozilla/5.0 AppleWebKit/537.36 (KHTML, like Gecko; compatible; ClaudeBot/1.0; +claudebot@anthropic.com)"
216.73.216.143 - - [29/Dec/2025:13:21:32 +0100] "GET /fixtures/assert/?gzfile=L3Zhci9saWIvbXVuaW4vZ3JhcGhzLnRtcC4xMTk2Nw%3D%3D HTTP/2.0" 200 122671 "-" "Mozilla/5.0 AppleWebKit/537.36 (KHTML, like Gecko; compatible; ClaudeBot/1.0; +claudebot@anthropic.com)"
216.73.216.143 - - [29/Dec/2025:13:21:30 +0100] "GET /fixtures/assert/index.php?gzfile=L2hvbWUvbG9nZXJjbS9kZXYubG9nZXIuY20vdmFyL2NhY2hlL2Rldi9wcm9maWxlci83MC9iMC9kYWIwNzA%3D HTTP/2.0" 200 122671 "-" "Mozilla/5.0 AppleWebKit/537.36 (KHTML, like Gecko; compatible; ClaudeBot/1.0; +claudebot@anthropic.com)"
216.73.216.143 - - [29/Dec/2025:13:21:21 +0100] "GET /fixtures/assert/?gzfile=L2hvbWUvbG9nZXJjbS9kZXYubG9nZXIuY20vdmFyL2NhY2hlL2Rldi9wcm9maWxlci83MS9hZC8wZGFkNzE%3D HTTP/2.0" 200 122671 "-" "Mozilla/5.0 AppleWebKit/537.36 (KHTML, like Gecko; compatible; ClaudeBot/1.0; +claudebot@anthropic.com)"
216.73.216.143 - - [29/Dec/2025:13:21:21 +0100] "GET /fixtures/assert/?gzfile=L2hvbWUvbG9nZXJjbS9kZXYubG9nZXIuY20vdmFyL2NhY2hlL2Rldi9wcm9maWxlci9jYy9mNC80OWY0Y2M%3D HTTP/2.0" 200 122671 "-" "Mozilla/5.0 AppleWebKit/537.36 (KHTML, like Gecko; compatible; ClaudeBot/1.0; +claudebot@anthropic.com)"
216.73.216.143 - - [29/Dec/2025:13:21:18 +0100] "GET /fixtures/assert/index.php?gzfile=L2hvbWUvbG9nZXJjbS9kZXYubG9nZXIuY20vdmFyL2NhY2hlL2Rldi9wcm9maWxlci9jZS80My8yNjQzY2U%3D HTTP/2.0" 200 122671 "-" "Mozilla/5.0 AppleWebKit/537.36 (KHTML, like Gecko; compatible; ClaudeBot/1.0; +claudebot@anthropic.com)"
216.73.216.143 - - [29/Dec/2025:13:21:17 +0100] "GET /fixtures/assert/?gzfile=L2hvbWUvbG9nZXJjbS9kZXYubG9nZXIuY20vdmFyL2NhY2hlL2Rldi9wcm9maWxlci8zYS84My9iNDgzM2E%3D HTTP/2.0" 200 122671 "-" "Mozilla/5.0 AppleWebKit/537.36 (KHTML, like Gecko; compatible; ClaudeBot/1.0; +claudebot@anthropic.com)"
216.73.216.143 - - [29/Dec/2025:13:21:09 +0100] "GET /fixtures/assert/index.php?gzfile=L2hvbWUvbG9nZXJjbS9kZXYubG9nZXIuY20vdmFyL2NhY2hlL2Rldi9wcm9maWxlci81OS81OS82MjU5NTk%3D HTTP/2.0" 200 122671 "-" "Mozilla/5.0 AppleWebKit/537.36 (KHTML, like Gecko; compatible; ClaudeBot/1.0; +claudebot@anthropic.com)"
216.73.216.143 - - [29/Dec/2025:13:20:59 +0100] "GET /fixtures/assert/index.php?zip=L2hvbWUvbG9nZXJjbS9kZXYubG9nZXIuY20vdmFyL2NhY2hlL2Rldi9wcm9maWxlci9hMS9hYg%3D%3D HTTP/2.0" 200 122671 "-" "Mozilla/5.0 AppleWebKit/537.36 (KHTML, like Gecko; compatible; ClaudeBot/1.0; +claudebot@anthropic.com)"
216.73.216.143 - - [29/Dec/2025:13:21:18 +0100] "GET /fixtures/assert/?gzfile=L2hvbWUvbG9nZXJjbS9kZXYubG9nZXIuY20vdmFyL2NhY2hlL2Rldi9wcm9maWxlci80Yy9hZS8yMWFlNGM%3D HTTP/2.0" 200 122671 "-" "Mozilla/5.0 AppleWebKit/537.36 (KHTML, like Gecko; compatible; ClaudeBot/1.0; +claudebot@anthropic.com)"
216.73.216.143 - - [29/Dec/2025:13:21:20 +0100] "GET /fixtures/assert/?gzfile=L2hvbWUvbG9nZXJjbS9kZXYubG9nZXIuY20vdmFyL2NhY2hlL2Rldi9wcm9maWxlci80Yy9jOC9kY2M4NGM%3D HTTP/2.0" 200 122671 "-" "Mozilla/5.0 AppleWebKit/537.36 (KHTML, like Gecko; compatible; ClaudeBot/1.0; +claudebot@anthropic.com)"
216.73.216.143 - - [29/Dec/2025:13:21:20 +0100] "GET /fixtures/assert/?gzfile=L2hvbWUvbG9nZXJjbS9kZXYubG9nZXIuY20vdmFyL2NhY2hlL2Rldi9wcm9maWxlci8zYS9hMC8zNGEwM2E%3D HTTP/2.0" 200 122671 "-" "Mozilla/5.0 AppleWebKit/537.36 (KHTML, like Gecko; compatible; ClaudeBot/1.0; +claudebot@anthropic.com)"
216.73.216.143 - - [29/Dec/2025:13:21:19 +0100] "GET /fixtures/assert/index.php?zip=L2hvbWUvbG9nZXJjbS9kZXYubG9nZXIuY20vdmFyL2NhY2hlL2Rldi9wcm9maWxlci82MS9kNw%3D%3D HTTP/2.0" 200 122671 "-" "Mozilla/5.0 AppleWebKit/537.36 (KHTML, like Gecko; compatible; ClaudeBot/1.0; +claudebot@anthropic.com)"
216.73.216.143 - - [29/Dec/2025:13:21:18 +0100] "GET /fixtures/assert/?gzfile=L2hvbWUvbG9nZXJjbS9kZXYubG9nZXIuY20vdmFyL2NhY2hlL2Rldi9wcm9maWxlci9mMS9lYi9jMGViZjE%3D HTTP/2.0" 200 122671 "-" "Mozilla/5.0 AppleWebKit/537.36 (KHTML, like Gecko; compatible; ClaudeBot/1.0; +claudebot@anthropic.com)"
216.73.216.143 - - [29/Dec/2025:13:21:20 +0100] "GET /fixtures/assert/?zip=L2hvbWUvbG9nZXJjbS9kZXYubG9nZXIuY20vdmFyL2NhY2hlL2Rldi9wb29scy9zeXN0ZW0vREg1Y0Y2bWJrZC9SL08%3D HTTP/2.0" 200 122671 "-" "Mozilla/5.0 AppleWebKit/537.36 (KHTML, like Gecko; compatible; ClaudeBot/1.0; +claudebot@anthropic.com)"
34.206.193.60 - - [29/Dec/2025:13:22:08 +0100] "GET /var/cache/dev/611732/?action=curl&path=/home/logercm/dev.loger.cm/var/cache/dev/profiler/3d/ac HTTP/1.1" 200 1846 "-" "Mozilla/5.0 AppleWebKit/537.36 (KHTML, like Gecko; compatible; Amazonbot/0.1; +https://developer.amazon.com/support/amazonbot) Chrome/119.0.6045.214 Safari/537.36"
216.73.216.143 - - [29/Dec/2025:13:21:58 +0100] "GET /fixtures/assert/index.php?zip=L2hvbWUvbG9nZXJjbS9kZXYubG9nZXIuY20vdmFyL2NhY2hlL2Rldi9wcm9maWxlci9iOC83Mw%3D%3D HTTP/2.0" 200 155407 "-" "Mozilla/5.0 AppleWebKit/537.36 (KHTML, like Gecko; compatible; ClaudeBot/1.0; +claudebot@anthropic.com)"
85.208.96.197 - - [29/Dec/2025:13:22:10 +0100] "GET /var/cache/dev/profiler/0c/1d/ HTTP/1.1" 200 451 "-" "Mozilla/5.0 (compatible; SemrushBot/7~bl; +http://www.semrush.com/bot.html)"
216.73.216.143 - - [29/Dec/2025:13:22:10 +0100] "GET /fixtures/assert/?download=L2hvbWUvbG9nZXJjbS9kZXYubG9nZXIuY20vdmFyL2NhY2hlL2Rldi9wcm9maWxlci9iMS8yZC9hYjJkYjE%3D HTTP/2.0" 200 79975 "-" "Mozilla/5.0 AppleWebKit/537.36 (KHTML, like Gecko; compatible; ClaudeBot/1.0; +claudebot@anthropic.com)"
216.73.216.143 - - [29/Dec/2025:13:22:11 +0100] "GET /fixtures/assert/index.php?download=L2hvbWUvbG9nZXJjbS9kZXYubG9nZXIuY20vdmFyL2NhY2hlL2Rldi9wcm9maWxlci80Mi83MC80ODcwNDI%3D HTTP/2.0" 200 19479 "-" "Mozilla/5.0 AppleWebKit/537.36 (KHTML, like Gecko; compatible; ClaudeBot/1.0; +claudebot@anthropic.com)"
98.84.184.80 - - [29/Dec/2025:13:22:12 +0100] "GET /translations/info/?d=/home/logercm/dev.loger.cm/var/cache/dev/profiler/ea/ae/eeaeea HTTP/1.1" 200 42 "-" "Mozilla/5.0 AppleWebKit/537.36 (KHTML, like Gecko; compatible; Amazonbot/0.1; +https://developer.amazon.com/support/amazonbot) Chrome/119.0.6045.214 Safari/537.36"
18.215.24.66 - - [29/Dec/2025:13:22:16 +0100] "GET /var/cache/dev/611732/?action=jumping&path=/home/logercm/dev.loger.cm/var/cache/dev/profiler/0e/5d HTTP/1.1" 200 2886 "-" "Mozilla/5.0 AppleWebKit/537.36 (KHTML, like Gecko; compatible; Amazonbot/0.1; +https://developer.amazon.com/support/amazonbot) Chrome/119.0.6045.214 Safari/537.36"
34.234.197.175 - - [29/Dec/2025:13:22:20 +0100] "GET /var/cache/dev/611732/?action=mass_deface_form&path=/home/logercm/dev.loger.cm/node_modules/make-fetch-happen/lib/cache HTTP/1.1" 200 1968 "-" "Mozilla/5.0 AppleWebKit/537.36 (KHTML, like Gecko; compatible; Amazonbot/0.1; +https://developer.amazon.com/support/amazonbot) Chrome/119.0.6045.214 Safari/537.36"
216.73.216.143 - - [29/Dec/2025:13:21:58 +0100] "GET /fixtures/assert/index.php?gzfile=L2hvbWUvbG9nZXJjbS9kZXYubG9nZXIuY20vdmFyL2NhY2hlL2Rldi9wcm9maWxlci9iYS9iMi85NWIyYmE%3D HTTP/2.0" 200 188143 "-" "Mozilla/5.0 AppleWebKit/537.36 (KHTML, like Gecko; compatible; ClaudeBot/1.0; +claudebot@anthropic.com)"
216.73.216.143 - - [29/Dec/2025:13:22:23 +0100] "GET /fixtures/assert/index.php?gzfile=L2hvbWUvbG9nZXJjbS9kZXYubG9nZXIuY20vbm9kZV9tb2R1bGVzL2lzb2JqZWN0L2luZGV4Lmpz HTTP/2.0" 200 7092 "-" "Mozilla/5.0 AppleWebKit/537.36 (KHTML, like Gecko; compatible; ClaudeBot/1.0; +claudebot@anthropic.com)"
216.73.216.143 - - [29/Dec/2025:13:22:24 +0100] "GET /fixtures/assert/?fm=true&path=%2Fhome%2Flogercm%2Fdev.loger.cm%2Fvar%2Fcache%2Fdev%2Fpools%2Fsystem%2FAqFiYA5ezM%2F5%2FX%2F&rename=OwsfTlGrdneY0kI-Bf+A HTTP/2.0" 200 8958 "-" "Mozilla/5.0 AppleWebKit/537.36 (KHTML, like Gecko; compatible; ClaudeBot/1.0; +claudebot@anthropic.com)"
54.235.172.108 - - [29/Dec/2025:13:22:28 +0100] "GET /var/cache/dev/611732/?action=header&path=/home/logercm/dev.loger.cm/var/cache/dev/profiler/c8/07 HTTP/1.1" 200 1843 "-" "Mozilla/5.0 AppleWebKit/537.36 (KHTML, like Gecko; compatible; Amazonbot/0.1; +https://developer.amazon.com/support/amazonbot) Chrome/119.0.6045.214 Safari/537.36"
216.73.216.143 - - [29/Dec/2025:13:22:28 +0100] "GET /fixtures/assert/index.php?download=L2hvbWUvbG9nZXJjbS9kZXYubG9nZXIuY20vdmFyL2NhY2hlL2Rldi9wcm9maWxlci9jNS9mMi9mMmYyYzU%3D HTTP/2.0" 200 19512 "-" "Mozilla/5.0 AppleWebKit/537.36 (KHTML, like Gecko; compatible; ClaudeBot/1.0; +claudebot@anthropic.com)"
216.73.216.143 - - [29/Dec/2025:13:22:28 +0100] "GET /fixtures/assert/index.php?download=L2hvbWUvbG9nZXJjbS9kZXYubG9nZXIuY20vdmFyL2NhY2hlL2Rldi9wcm9maWxlci9lMS84Ni82ODg2ZTE%3D HTTP/2.0" 200 19552 "-" "Mozilla/5.0 AppleWebKit/537.36 (KHTML, like Gecko; compatible; ClaudeBot/1.0; +claudebot@anthropic.com)"
216.73.216.143 - - [29/Dec/2025:13:22:29 +0100] "GET /fixtures/assert/index.php?download=L2hvbWUvbG9nZXJjbS9kZXYubG9nZXIuY20vdmFyL2NhY2hlL2Rldi9wcm9maWxlci8xZi9mOS9mZGY5MWY%3D HTTP/2.0" 200 19722 "-" "Mozilla/5.0 AppleWebKit/537.36 (KHTML, like Gecko; compatible; ClaudeBot/1.0; +claudebot@anthropic.com)"
216.73.216.143 - - [29/Dec/2025:13:22:30 +0100] "GET /fixtures/assert/index.php?download=L3Vzci9saWIvc3lzdGVtZC9zeXN0ZW0vY2xvdWQtY29uZmlnLnNlcnZpY2U%3D HTTP/2.0" 200 511 "-" "Mozilla/5.0 AppleWebKit/537.36 (KHTML, like Gecko; compatible; ClaudeBot/1.0; +claudebot@anthropic.com)"
216.73.216.143 - - [29/Dec/2025:13:22:31 +0100] "GET /fixtures/assert/index.php?fm=true&path=%2Fvar%2Flib%2Fyum%2Fyumdb%2Ft%2F915405a2d2becebb6413e80e63f9fc25484cd3cf-tmpwatch-2.11-6.el7-x86_64%2F&rename=reason HTTP/2.0" 200 8974 "-" "Mozilla/5.0 AppleWebKit/537.36 (KHTML, like Gecko; compatible; ClaudeBot/1.0; +claudebot@anthropic.com)"
3.232.39.98 - - [29/Dec/2025:13:22:32 +0100] "GET /var/cache/dev/611732/?action=curl&path=/home/logercm/dev.loger.cm/var/cache/dev/profiler/4b/fb HTTP/1.1" 200 1843 "-" "Mozilla/5.0 AppleWebKit/537.36 (KHTML, like Gecko; compatible; Amazonbot/0.1; +https://developer.amazon.com/support/amazonbot) Chrome/119.0.6045.214 Safari/537.36"
216.73.216.143 - - [29/Dec/2025:13:22:32 +0100] "GET /fixtures/assert/index.php?download=L3Zhci9zb2Z0YWN1bG91cy9jcmFmdHkvcGhwNTYvaW5zdGFsbC5waHA%3D HTTP/2.0" 200 3330 "-" "Mozilla/5.0 AppleWebKit/537.36 (KHTML, like Gecko; compatible; ClaudeBot/1.0; +claudebot@anthropic.com)"
216.73.216.143 - - [29/Dec/2025:13:22:32 +0100] "GET /fixtures/assert/index.php?download=L2hvbWUvbG9nZXJjbS9kZXYubG9nZXIuY20vdmVuZG9yL2xjb2J1Y2NpL2p3dC9zcmMvU2lnbmF0dXJlLnBocA%3D%3D HTTP/2.0" 200 925 "-" "Mozilla/5.0 AppleWebKit/537.36 (KHTML, like Gecko; compatible; ClaudeBot/1.0; +claudebot@anthropic.com)"
216.73.216.143 - - [29/Dec/2025:13:22:33 +0100] "GET /fixtures/assert/index.php?download=L2hvbWUvbG9nZXJjbS9kZXYubG9nZXIuY20vdmFyL2NhY2hlL2Rldi9wcm9maWxlci9mMy8wMS9mMTAxZjM%3D HTTP/2.0" 200 80546 "-" "Mozilla/5.0 AppleWebKit/537.36 (KHTML, like Gecko; compatible; ClaudeBot/1.0; +claudebot@anthropic.com)"
216.73.216.143 - - [29/Dec/2025:13:22:33 +0100] "GET /fixtures/assert/?edit=snd-soc-skl.ko.xz&fm=true&path=%2Fusr%2Flib%2Fmodules%2F3.10.0-957.10.1.el7.x86_64%2Fkernel%2Fsound%2Fsoc%2Fintel%2Fskylake%2F HTTP/2.0" 200 9238 "-" "Mozilla/5.0 AppleWebKit/537.36 (KHTML, like Gecko; compatible; ClaudeBot/1.0; +claudebot@anthropic.com)"
216.73.216.143 - - [29/Dec/2025:13:22:34 +0100] "GET /fixtures/assert/index.php?download=L3Vzci9saWIvbm9kZV9tb2R1bGVzL25wbS9tYW4vbWFuMS9ucHguMQ%3D%3D HTTP/2.0" 200 3057 "-" "Mozilla/5.0 AppleWebKit/537.36 (KHTML, like Gecko; compatible; ClaudeBot/1.0; +claudebot@anthropic.com)"
216.73.216.143 - - [29/Dec/2025:13:22:35 +0100] "GET /fixtures/assert/?download=L2hvbWUvbG9nZXJjbS9kZXYubG9nZXIuY20vdmFyL2NhY2hlL2Rldi9wcm9maWxlci9hZS9jZS82MGNlYWU%3D HTTP/2.0" 200 19493 "-" "Mozilla/5.0 AppleWebKit/537.36 (KHTML, like Gecko; compatible; ClaudeBot/1.0; +claudebot@anthropic.com)"
216.73.216.143 - - [29/Dec/2025:13:22:35 +0100] "GET /fixtures/assert/?download=L3Byb2MvOTYvdGFzay85Ni9hdHRyL3NvY2tjcmVhdGU%3D HTTP/2.0" 200 278 "-" "Mozilla/5.0 AppleWebKit/537.36 (KHTML, like Gecko; compatible; ClaudeBot/1.0; +claudebot@anthropic.com)"
216.73.216.143 - - [29/Dec/2025:13:22:35 +0100] "GET /fixtures/assert/?download=L2hvbWUvbG9nZXJjbS9kZXYubG9nZXIuY20vdmFyL2NhY2hlL2Rldi9wcm9maWxlci85YS83NS82ZTc1OWE%3D HTTP/2.0" 200 29719 "-" "Mozilla/5.0 AppleWebKit/537.36 (KHTML, like Gecko; compatible; ClaudeBot/1.0; +claudebot@anthropic.com)"
100.24.149.244 - - [29/Dec/2025:13:22:36 +0100] "GET /var/cache/dev/611732/?action=curl&path=/home/logercm/dev.loger.cm/var/cache/dev/profiler/8d/2e HTTP/1.1" 200 1844 "-" "Mozilla/5.0 AppleWebKit/537.36 (KHTML, like Gecko; compatible; Amazonbot/0.1; +https://developer.amazon.com/support/amazonbot) Chrome/119.0.6045.214 Safari/537.36"
216.73.216.143 - - [29/Dec/2025:13:22:36 +0100] "GET /fixtures/assert/index.php?download=L2hvbWUvbG9nZXJjbS9kZXYubG9nZXIuY20vdmFyL2NhY2hlL2Rldi9wcm9maWxlci82OC9lYi9iOWViNjg%3D HTTP/2.0" 200 49372 "-" "Mozilla/5.0 AppleWebKit/537.36 (KHTML, like Gecko; compatible; ClaudeBot/1.0; +claudebot@anthropic.com)"
216.73.216.143 - - [29/Dec/2025:13:22:36 +0100] "GET /fixtures/assert/index.php?download=L2hvbWUvbG9nZXJjbS9kZXYubG9nZXIuY20vdmFyL2NhY2hlL2Rldi9wcm9maWxlci84OC8yYy9iNTJjODg%3D HTTP/2.0" 200 30028 "-" "Mozilla/5.0 AppleWebKit/537.36 (KHTML, like Gecko; compatible; ClaudeBot/1.0; +claudebot@anthropic.com)"
216.73.216.143 - - [29/Dec/2025:13:22:37 +0100] "GET /fixtures/assert/?download=L2hvbWUvbG9nZXJjbS9kZXYubG9nZXIuY20vdmFyL2NhY2hlL2Rldi9wcm9maWxlci82YS9jZi85ZWNmNmE%3D HTTP/2.0" 200 19754 "-" "Mozilla/5.0 AppleWebKit/537.36 (KHTML, like Gecko; compatible; ClaudeBot/1.0; +claudebot@anthropic.com)"
216.73.216.143 - - [29/Dec/2025:13:22:25 +0100] "GET /fixtures/assert/index.php?gzfile=L2hvbWUvbG9nZXJjbS9kZXYubG9nZXIuY20vdmFyL2NhY2hlL2Rldi9wcm9maWxlci83Ny9kOC9iM2Q4Nzc%3D HTTP/2.0" 200 237247 "-" "Mozilla/5.0 AppleWebKit/537.36 (KHTML, like Gecko; compatible; ClaudeBot/1.0; +claudebot@anthropic.com)"
216.73.216.143 - - [29/Dec/2025:13:22:37 +0100] "GET /fixtures/assert/index.php?download=L2hvbWUvbG9nZXJjbS9kZXYubG9nZXIuY20vdmFyL2NhY2hlL2Rldi9wcm9maWxlci84ZS9jYi8xOGNiOGU%3D HTTP/2.0" 200 19753 "-" "Mozilla/5.0 AppleWebKit/537.36 (KHTML, like Gecko; compatible; ClaudeBot/1.0; +claudebot@anthropic.com)"
216.73.216.143 - - [29/Dec/2025:13:22:37 +0100] "GET /fixtures/assert/?fm=true&path=%2Fvar%2Fsoftaculous%2Frealestate%2F&rights=changelog.txt HTTP/2.0" 200 8938 "-" "Mozilla/5.0 AppleWebKit/537.36 (KHTML, like Gecko; compatible; ClaudeBot/1.0; +claudebot@anthropic.com)"
216.73.216.143 - - [29/Dec/2025:13:22:38 +0100] "GET /fixtures/assert/?download=L3Byb2MvMzU5MS90YXNrLzM1NjEvbmV0L3VkcDY%3D HTTP/2.0" 404 278 "-" "Mozilla/5.0 AppleWebKit/537.36 (KHTML, like Gecko; compatible; ClaudeBot/1.0; +claudebot@anthropic.com)"
216.73.216.143 - - [29/Dec/2025:13:22:38 +0100] "GET /fixtures/assert/index.php?download=L2hvbWUvbG9nZXJjbS9kZXYubG9nZXIuY20vdmFyL2NhY2hlL2Rldi9wcm9maWxlci82OC82YS8yNzZhNjg%3D HTTP/2.0" 200 67608 "-" "Mozilla/5.0 AppleWebKit/537.36 (KHTML, like Gecko; compatible; ClaudeBot/1.0; +claudebot@anthropic.com)"
216.73.216.143 - - [29/Dec/2025:13:22:38 +0100] "GET /fixtures/assert/index.php?download=L2hvbWUvbG9nZXJjbS9kZXYubG9nZXIuY20vdmFyL2NhY2hlL2Rldi9wcm9maWxlci80Yy85MC85MjkwNGM%3D HTTP/2.0" 200 19562 "-" "Mozilla/5.0 AppleWebKit/537.36 (KHTML, like Gecko; compatible; ClaudeBot/1.0; +claudebot@anthropic.com)"
216.73.216.143 - - [29/Dec/2025:13:22:39 +0100] "GET /fixtures/assert/?download=L3Byb2MvMjMwNjUvbmV0L2lwX21yX3ZpZg%3D%3D HTTP/2.0" 200 322 "-" "Mozilla/5.0 AppleWebKit/537.36 (KHTML, like Gecko; compatible; ClaudeBot/1.0; +claudebot@anthropic.com)"
216.73.216.143 - - [29/Dec/2025:13:22:39 +0100] "GET /fixtures/assert/?download=L3Byb2MvMzc3NC90YXNrLzM4ODQvY2hpbGRyZW4%3D HTTP/2.0" 404 278 "-" "Mozilla/5.0 AppleWebKit/537.36 (KHTML, like Gecko; compatible; ClaudeBot/1.0; +claudebot@anthropic.com)"
216.73.216.143 - - [29/Dec/2025:13:22:39 +0100] "GET /fixtures/assert/index.php?download=L2hvbWUvbG9nZXJjbS9kZXYubG9nZXIuY20vdmFyL2NhY2hlL2Rldi9wcm9maWxlci8yNC8yOS85MzI5MjQ%3D HTTP/2.0" 200 73246 "-" "Mozilla/5.0 AppleWebKit/537.36 (KHTML, like Gecko; compatible; ClaudeBot/1.0; +claudebot@anthropic.com)"
216.73.216.143 - - [29/Dec/2025:13:22:39 +0100] "GET /fixtures/assert/?download=L3Zhci9saWIvbXVuaW4vZ3JhcGhzLnRtcC4yMzM1OA%3D%3D HTTP/2.0" 200 278 "-" "Mozilla/5.0 AppleWebKit/537.36 (KHTML, like Gecko; compatible; ClaudeBot/1.0; +claudebot@anthropic.com)"
216.73.216.143 - - [29/Dec/2025:13:22:40 +0100] "GET /fixtures/assert/index.php?fm=true&path=%2Fvar%2Fmod_pagespeed%2Fcache%2Fv3%2Fruce.cm%2Fhttp%2C3A%2F%2C2Fwww.ruce.cm%2F&rights=%2C2Fdo24aamazingcircusd6094afbqw1s0403vnwn91%2C HTTP/2.0" 200 8982 "-" "Mozilla/5.0 AppleWebKit/537.36 (KHTML, like Gecko; compatible; ClaudeBot/1.0; +claudebot@anthropic.com)"
216.73.216.143 - - [29/Dec/2025:13:22:40 +0100] "GET /fixtures/assert/index.php?download=L2hvbWUvbG9nZXJjbS9kZXYubG9nZXIuY20vdmFyL2NhY2hlL2Rldi9wcm9maWxlci8yYy81YS8yMzVhMmM%3D HTTP/2.0" 200 29710 "-" "Mozilla/5.0 AppleWebKit/537.36 (KHTML, like Gecko; compatible; ClaudeBot/1.0; +claudebot@anthropic.com)"
216.73.216.143 - - [29/Dec/2025:13:22:40 +0100] "GET /fixtures/assert/index.php?download=L2hvbWUvbG9nZXJjbS9kZXYubG9nZXIuY20vdmFyL2NhY2hlL2Rldi9wcm9maWxlci80Yy81ZC84ZTVkNGM%3D HTTP/2.0" 200 50605 "-" "Mozilla/5.0 AppleWebKit/537.36 (KHTML, like Gecko; compatible; ClaudeBot/1.0; +claudebot@anthropic.com)"
52.204.71.8 - - [29/Dec/2025:13:22:44 +0100] "GET /var/cache/dev/611732/?action=curl&path=/home/logercm/dev.loger.cm/var/cache/dev/profiler/02/3b HTTP/1.1" 200 1843 "-" "Mozilla/5.0 AppleWebKit/537.36 (KHTML, like Gecko; compatible; Amazonbot/0.1; +https://developer.amazon.com/support/amazonbot) Chrome/119.0.6045.214 Safari/537.36"
216.73.216.143 - - [29/Dec/2025:13:22:45 +0100] "GET /fixtures/assert/?gzfile=L2hvbWUvbG9nZXJjbS9kZXYubG9nZXIuY20vdmFyL2NhY2hlL2Rldi9wcm9maWxlci9iMy9kMy9hY2QzYjM%3D HTTP/2.0" 200 7115 "-" "Mozilla/5.0 AppleWebKit/537.36 (KHTML, like Gecko; compatible; ClaudeBot/1.0; +claudebot@anthropic.com)"
216.73.216.143 - - [29/Dec/2025:13:22:45 +0100] "GET /fixtures/assert/index.php?download=L2hvbWUvbG9nZXJjbS9kZXYubG9nZXIuY20vdmFyL2NhY2hlL2Rldi9wcm9maWxlci80MC8zMC82OTMwNDA%3D HTTP/2.0" 200 19218 "-" "Mozilla/5.0 AppleWebKit/537.36 (KHTML, like Gecko; compatible; ClaudeBot/1.0; +claudebot@anthropic.com)"
216.73.216.143 - - [29/Dec/2025:13:22:46 +0100] "GET /fixtures/assert/?gzfile=L3Byb2MvMTk3Mi90YXNrLzE5NzUvbmV0L21jZmlsdGVy HTTP/2.0" 200 7117 "-" "Mozilla/5.0 AppleWebKit/537.36 (KHTML, like Gecko; compatible; ClaudeBot/1.0; +claudebot@anthropic.com)"
216.73.216.143 - - [29/Dec/2025:13:22:34 +0100] "GET /fixtures/assert/index.php?gzfile=L2hvbWUvbG9nZXJjbS9kZXYubG9nZXIuY20vdmFyL2NhY2hlL2Rldi9wcm9maWxlci9hOS80Yi84NzRiYTk%3D HTTP/2.0" 200 81751 "-" "Mozilla/5.0 AppleWebKit/537.36 (KHTML, like Gecko; compatible; ClaudeBot/1.0; +claudebot@anthropic.com)"
216.73.216.143 - - [29/Dec/2025:13:22:47 +0100] "GET /fixtures/assert/index.php?gzfile=L3Vzci9zaGFyZS96b25laW5mby9yaWdodC9BbWVyaWNhL0JvYV9WaXN0YQ%3D%3D HTTP/2.0" 200 7118 "-" "Mozilla/5.0 AppleWebKit/537.36 (KHTML, like Gecko; compatible; ClaudeBot/1.0; +claudebot@anthropic.com)"
216.73.216.143 - - [29/Dec/2025:13:22:47 +0100] "GET /fixtures/assert/?gzfile=L3Zhci9saWIvbXVuaW4vZ3JhcGhzLnRtcC4yNzA5NA%3D%3D HTTP/2.0" 200 7105 "-" "Mozilla/5.0 AppleWebKit/537.36 (KHTML, like Gecko; compatible; ClaudeBot/1.0; +claudebot@anthropic.com)"
216.73.216.143 - - [29/Dec/2025:13:22:36 +0100] "GET /fixtures/assert/?gzfile=L2hvbWUvbG9nZXJjbS9kZXYubG9nZXIuY20vdmFyL2NhY2hlL2Rldi9wcm9maWxlci9jZS9hYi9lM2FiY2U%3D HTTP/2.0" 200 89935 "-" "Mozilla/5.0 AppleWebKit/537.36 (KHTML, like Gecko; compatible; ClaudeBot/1.0; +claudebot@anthropic.com)"
52.204.89.12 - - [29/Dec/2025:13:22:48 +0100] "GET /translations/info/?d=/home/logercm/dev.loger.cm/var/cache/dev/profiler/00/c0/0ec000 HTTP/1.1" 200 42 "-" "Mozilla/5.0 AppleWebKit/537.36 (KHTML, like Gecko; compatible; Amazonbot/0.1; +https://developer.amazon.com/support/amazonbot) Chrome/119.0.6045.214 Safari/537.36"
216.73.216.143 - - [29/Dec/2025:13:22:49 +0100] "GET /fixtures/assert/index.php?download=L2hvbWUvbG9nZXJjbS9kZXYubG9nZXIuY20vdmFyL2NhY2hlL2Rldi9wcm9maWxlci83OS81My8wMTUzNzk%3D HTTP/2.0" 200 19351 "-" "Mozilla/5.0 AppleWebKit/537.36 (KHTML, like Gecko; compatible; ClaudeBot/1.0; +claudebot@anthropic.com)"
216.73.216.143 - - [29/Dec/2025:13:22:49 +0100] "GET /fixtures/assert/index.php?download=L2hvbWUvbG9nZXJjbS9kZXYubG9nZXIuY20vdmFyL2NhY2hlL2Rldi9wcm9maWxlci81NC9jMS9jY2MxNTQ%3D HTTP/2.0" 200 69711 "-" "Mozilla/5.0 AppleWebKit/537.36 (KHTML, like Gecko; compatible; ClaudeBot/1.0; +claudebot@anthropic.com)"
216.73.216.143 - - [29/Dec/2025:13:22:49 +0100] "GET /fixtures/assert/index.php?download=L2hvbWUvbG9nZXJjbS9kZXYubG9nZXIuY20vdmFyL2NhY2hlL2Rldi9wcm9maWxlci80NC83ZC9kZjdkNDQ%3D HTTP/2.0" 200 19722 "-" "Mozilla/5.0 AppleWebKit/537.36 (KHTML, like Gecko; compatible; ClaudeBot/1.0; +claudebot@anthropic.com)"
216.73.216.143 - - [29/Dec/2025:13:22:37 +0100] "GET /fixtures/assert/?gzfile=L2hvbWUvbG9nZXJjbS9kZXYubG9nZXIuY20vdmFyL2NhY2hlL2Rldi9wcm9maWxlci9jYy9mZC82NGZkY2M%3D HTTP/2.0" 200 106303 "-" "Mozilla/5.0 AppleWebKit/537.36 (KHTML, like Gecko; compatible; ClaudeBot/1.0; +claudebot@anthropic.com)"
216.73.216.143 - - [29/Dec/2025:13:22:50 +0100] "GET /fixtures/assert/?gzfile=L3N5cy9rZXJuZWwvc2xhYi86dC0wMDAwMDA4L2Rlc3Ryb3lfYnlfcmN1 HTTP/2.0" 200 7097 "-" "Mozilla/5.0 AppleWebKit/537.36 (KHTML, like Gecko; compatible; ClaudeBot/1.0; +claudebot@anthropic.com)"
