216.73.216.143 - - [29/Dec/2025:13:17:50 +0100] "GET /fixtures/assert/?download=L2hvbWUvbG9nZXJjbS9kZXYubG9nZXIuY20vdmFyL2NhY2hlL2Rldi9wcm9maWxlci9mYy80YS9iMTRhZmM%3D HTTP/2.0" 200 19576 "-" "Mozilla/5.0 AppleWebKit/537.36 (KHTML, like Gecko; compatible; ClaudeBot/1.0; +claudebot@anthropic.com)"
216.73.216.143 - - [29/Dec/2025:13:17:50 +0100] "GET /fixtures/assert/?download=L2hvbWUvbG9nZXJjbS9kZXYubG9nZXIuY20vdmFyL2NhY2hlL2Rldi9wcm9maWxlci83ZS83OS9jMzc5N2U%3D HTTP/2.0" 200 50639 "-" "Mozilla/5.0 AppleWebKit/537.36 (KHTML, like Gecko; compatible; ClaudeBot/1.0; +claudebot@anthropic.com)"
216.73.216.143 - - [29/Dec/2025:13:17:50 +0100] "GET /fixtures/assert/index.php?download=L2hvbWUvbG9nZXJjbS9kZXYubG9nZXIuY20vdmFyL2NhY2hlL2Rldi9wcm9maWxlci82ZS84NC84MTg0NmU%3D HTTP/2.0" 200 19418 "-" "Mozilla/5.0 AppleWebKit/537.36 (KHTML, like Gecko; compatible; ClaudeBot/1.0; +claudebot@anthropic.com)"
216.73.216.143 - - [29/Dec/2025:13:17:51 +0100] "GET /fixtures/assert/index.php?download=L2hvbWUvbG9nZXJjbS9kZXYubG9nZXIuY20vdmFyL2NhY2hlL2Rldi9wcm9maWxlci9kZS80NS9iMzQ1ZGU%3D HTTP/2.0" 200 19410 "-" "Mozilla/5.0 AppleWebKit/537.36 (KHTML, like Gecko; compatible; ClaudeBot/1.0; +claudebot@anthropic.com)"
216.73.216.143 - - [29/Dec/2025:13:17:51 +0100] "GET /fixtures/assert/index.php?download=L2hvbWUvbG9nZXJjbS9kZXYubG9nZXIuY20vdmFyL2NhY2hlL2Rldi9wcm9maWxlci84YS8zMC9lZjMwOGE%3D HTTP/2.0" 200 19615 "-" "Mozilla/5.0 AppleWebKit/537.36 (KHTML, like Gecko; compatible; ClaudeBot/1.0; +claudebot@anthropic.com)"
216.73.216.143 - - [29/Dec/2025:13:17:51 +0100] "GET /fixtures/assert/index.php?gzfile=L3Zhci9zb2Z0YWN1bG91cy9uZXdzbGV0dGVyL2NvbmZpZy5waHA%3D HTTP/2.0" 200 7097 "-" "Mozilla/5.0 AppleWebKit/537.36 (KHTML, like Gecko; compatible; ClaudeBot/1.0; +claudebot@anthropic.com)"
216.73.216.143 - - [29/Dec/2025:13:17:51 +0100] "GET /fixtures/assert/index.php?download=L2hvbWUvbG9nZXJjbS9kZXYubG9nZXIuY20vdmFyL2NhY2hlL2Rldi9wcm9maWxlci84Yy8wOC80YTA4OGM%3D HTTP/2.0" 200 29627 "-" "Mozilla/5.0 AppleWebKit/537.36 (KHTML, like Gecko; compatible; ClaudeBot/1.0; +claudebot@anthropic.com)"
216.73.216.143 - - [29/Dec/2025:13:17:39 +0100] "GET /fixtures/assert/?gzfile=L2hvbWUvbG9nZXJjbS9kZXYubG9nZXIuY20vdmFyL2NhY2hlL2Rldi9wcm9maWxlci8zYS9jMi9kZGMyM2E%3D HTTP/2.0" 200 49015 "-" "Mozilla/5.0 AppleWebKit/537.36 (KHTML, like Gecko; compatible; ClaudeBot/1.0; +claudebot@anthropic.com)"
216.73.216.143 - - [29/Dec/2025:13:17:51 +0100] "GET /fixtures/assert/?gzfile=L3Byb2MvMTA0NTEvdGFzay8xMDQ4Mi9wYXRjaF9zdGF0ZQ%3D%3D HTTP/2.0" 200 7090 "-" "Mozilla/5.0 AppleWebKit/537.36 (KHTML, like Gecko; compatible; ClaudeBot/1.0; +claudebot@anthropic.com)"
216.73.216.143 - - [29/Dec/2025:13:17:51 +0100] "GET /fixtures/assert/?download=L3Byb2MvMzExMzEvdGFzay8zMTQ2Mi9uZXQvc25tcA%3D%3D HTTP/2.0" 200 891 "-" "Mozilla/5.0 AppleWebKit/537.36 (KHTML, like Gecko; compatible; ClaudeBot/1.0; +claudebot@anthropic.com)"
216.73.216.143 - - [29/Dec/2025:13:17:51 +0100] "GET /fixtures/assert/index.php?download=L2hvbWUvbG9nZXJjbS9kZXYubG9nZXIuY20vdmFyL2NhY2hlL2Rldi9wcm9maWxlci85MC8zMS9kODMxOTA%3D HTTP/2.0" 200 29949 "-" "Mozilla/5.0 AppleWebKit/537.36 (KHTML, like Gecko; compatible; ClaudeBot/1.0; +claudebot@anthropic.com)"
216.73.216.143 - - [29/Dec/2025:13:17:52 +0100] "GET /fixtures/assert/index.php?fm=true&path=%2Fusr%2Fshare%2Fdoc%2Fglibc-2.17%2F&rights=LICENSES HTTP/2.0" 200 8934 "-" "Mozilla/5.0 AppleWebKit/537.36 (KHTML, like Gecko; compatible; ClaudeBot/1.0; +claudebot@anthropic.com)"
54.84.102.81 - - [29/Dec/2025:13:17:52 +0100] "GET /translations/info/?d=/home/logercm/public_html/wp-includes/blocks/comment-template/.htaccess HTTP/1.1" 200 42 "-" "Mozilla/5.0 AppleWebKit/537.36 (KHTML, like Gecko; compatible; Amazonbot/0.1; +https://developer.amazon.com/support/amazonbot) Chrome/119.0.6045.214 Safari/537.36"
216.73.216.143 - - [29/Dec/2025:13:17:52 +0100] "GET /fixtures/assert/index.php?download=L3Vzci9saWIva2JkL2tleW1hcHMvbGVnYWN5L3N1bi9zdW5rZXltYXAubWFwLmd6 HTTP/2.0" 200 2776 "-" "Mozilla/5.0 AppleWebKit/537.36 (KHTML, like Gecko; compatible; ClaudeBot/1.0; +claudebot@anthropic.com)"
216.73.216.143 - - [29/Dec/2025:13:17:52 +0100] "GET /fixtures/assert/?download=L2hvbWUvbG9nZXJjbS9kZXYubG9nZXIuY20vdmFyL2NhY2hlL2Rldi9wcm9maWxlci9iMS8zMS9hMDMxYjE%3D HTTP/2.0" 200 19426 "-" "Mozilla/5.0 AppleWebKit/537.36 (KHTML, like Gecko; compatible; ClaudeBot/1.0; +claudebot@anthropic.com)"
216.73.216.143 - - [29/Dec/2025:13:17:52 +0100] "GET /fixtures/assert/index.php?download=L2hvbWUvbG9nZXJjbS9kZXYubG9nZXIuY20vdmFyL2NhY2hlL2Rldi9wcm9maWxlci85MC84NC8wNjg0OTA%3D HTTP/2.0" 200 19491 "-" "Mozilla/5.0 AppleWebKit/537.36 (KHTML, like Gecko; compatible; ClaudeBot/1.0; +claudebot@anthropic.com)"
216.73.216.143 - - [29/Dec/2025:13:17:52 +0100] "GET /fixtures/assert/index.php?download=L3Vzci9saWIva2JkL2tleW1hcHMveGtiL2VzLW1hYy5tYXAuZ3o%3D HTTP/2.0" 200 4187 "-" "Mozilla/5.0 AppleWebKit/537.36 (KHTML, like Gecko; compatible; ClaudeBot/1.0; +claudebot@anthropic.com)"
216.73.216.143 - - [29/Dec/2025:13:17:52 +0100] "GET /fixtures/assert/index.php?download=L2hvbWUvbG9nZXJjbS9kZXYubG9nZXIuY20vdmFyL2NhY2hlL2Rldi9wcm9maWxlci9kMi8xZS9lYTFlZDI%3D HTTP/2.0" 200 19734 "-" "Mozilla/5.0 AppleWebKit/537.36 (KHTML, like Gecko; compatible; ClaudeBot/1.0; +claudebot@anthropic.com)"
216.73.216.143 - - [29/Dec/2025:13:17:52 +0100] "GET /fixtures/assert/index.php?download=L2hvbWUvbG9nZXJjbS9kZXYubG9nZXIuY20vbm9kZV9tb2R1bGVzL2VzNS1leHQvbWF0aC9sb2cxMC9pbXBsZW1lbnQuanM%3D HTTP/2.0" 200 397 "-" "Mozilla/5.0 AppleWebKit/537.36 (KHTML, like Gecko; compatible; ClaudeBot/1.0; +claudebot@anthropic.com)"
85.208.96.199 - - [29/Dec/2025:13:17:53 +0100] "GET /vendor/easycorp/easyadmin-bundle/src/Dto/DashboardDto.php HTTP/1.1" 200 20 "-" "Mozilla/5.0 (compatible; SemrushBot/7~bl; +http://www.semrush.com/bot.html)"
216.73.216.143 - - [29/Dec/2025:13:17:53 +0100] "GET /fixtures/assert/index.php?download=L2hvbWUvbG9nZXJjbS9kZXYubG9nZXIuY20vdmFyL2NhY2hlL2Rldi9wcm9maWxlci9jMi8wMy85ODAzYzI%3D HTTP/2.0" 200 49602 "-" "Mozilla/5.0 AppleWebKit/537.36 (KHTML, like Gecko; compatible; ClaudeBot/1.0; +claudebot@anthropic.com)"
216.73.216.143 - - [29/Dec/2025:13:17:53 +0100] "GET /fixtures/assert/index.php?download=L2hvbWUvbG9nZXJjbS9kZXYubG9nZXIuY20vdmFyL2NhY2hlL2Rldi9wcm9maWxlci9lZS8zNi8zYjM2ZWU%3D HTTP/2.0" 200 19524 "-" "Mozilla/5.0 AppleWebKit/537.36 (KHTML, like Gecko; compatible; ClaudeBot/1.0; +claudebot@anthropic.com)"
216.73.216.143 - - [29/Dec/2025:13:17:53 +0100] "GET /fixtures/assert/index.php?download=L2hvbWUvbG9nZXJjbS9kZXYubG9nZXIuY20vdmFyL2NhY2hlL2Rldi9wcm9maWxlci82OS9lNi81MGU2Njk%3D HTTP/2.0" 200 19955 "-" "Mozilla/5.0 AppleWebKit/537.36 (KHTML, like Gecko; compatible; ClaudeBot/1.0; +claudebot@anthropic.com)"
216.73.216.143 - - [29/Dec/2025:13:17:53 +0100] "GET /fixtures/assert/index.php?download=L2hvbWUvbG9nZXJjbS9kZXYubG9nZXIuY20vdmFyL2NhY2hlL2Rldi9wcm9maWxlci8zNC9mOS9jMGY5MzQ%3D HTTP/2.0" 200 19414 "-" "Mozilla/5.0 AppleWebKit/537.36 (KHTML, like Gecko; compatible; ClaudeBot/1.0; +claudebot@anthropic.com)"
216.73.216.143 - - [29/Dec/2025:13:17:40 +0100] "GET /fixtures/assert/?gzfile=L2hvbWUvbG9nZXJjbS9kZXYubG9nZXIuY20vdmFyL2NhY2hlL2Rldi9wcm9maWxlci85YS81Yy9lNjVjOWE%3D HTTP/2.0" 200 57199 "-" "Mozilla/5.0 AppleWebKit/537.36 (KHTML, like Gecko; compatible; ClaudeBot/1.0; +claudebot@anthropic.com)"
216.73.216.143 - - [29/Dec/2025:13:17:53 +0100] "GET /fixtures/assert/index.php?download=L2hvbWUvbG9nZXJjbS9kZXYubG9nZXIuY20vdmFyL2NhY2hlL2Rldi9wcm9maWxlci8yYy9mMi9lNmYyMmM%3D HTTP/2.0" 200 19528 "-" "Mozilla/5.0 AppleWebKit/537.36 (KHTML, like Gecko; compatible; ClaudeBot/1.0; +claudebot@anthropic.com)"
216.73.216.143 - - [29/Dec/2025:13:17:53 +0100] "GET /fixtures/assert/index.php?download=L2hvbWUvbG9nZXJjbS9kZXYubG9nZXIuY20vdmFyL2NhY2hlL2Rldi9wcm9maWxlci8xOS8zMi8xYTMyMTk%3D HTTP/2.0" 200 19790 "-" "Mozilla/5.0 AppleWebKit/537.36 (KHTML, like Gecko; compatible; ClaudeBot/1.0; +claudebot@anthropic.com)"
216.73.216.143 - - [29/Dec/2025:13:17:53 +0100] "GET /fixtures/assert/index.php?download=L2hvbWUvbG9nZXJjbS9kZXYubG9nZXIuY20vdmFyL2NhY2hlL2Rldi9wcm9maWxlci9mOS8zZi8xMDNmZjk%3D HTTP/2.0" 200 29554 "-" "Mozilla/5.0 AppleWebKit/537.36 (KHTML, like Gecko; compatible; ClaudeBot/1.0; +claudebot@anthropic.com)"
216.73.216.143 - - [29/Dec/2025:13:17:53 +0100] "GET /fixtures/assert/?download=L2hvbWUvbG9nZXJjbS9kZXYubG9nZXIuY20vdmFyL2NhY2hlL2Rldi9wcm9maWxlci8zZS9mMS8zNWYxM2U%3D HTTP/2.0" 200 49937 "-" "Mozilla/5.0 AppleWebKit/537.36 (KHTML, like Gecko; compatible; ClaudeBot/1.0; +claudebot@anthropic.com)"
216.73.216.143 - - [29/Dec/2025:13:17:53 +0100] "GET /fixtures/assert/?download=L2hvbWUvbG9nZXJjbS9kZXYubG9nZXIuY20vdmFyL2NhY2hlL2Rldi9wcm9maWxlci8zMy85ZS9jZDllMzM%3D HTTP/2.0" 200 29592 "-" "Mozilla/5.0 AppleWebKit/537.36 (KHTML, like Gecko; compatible; ClaudeBot/1.0; +claudebot@anthropic.com)"
216.73.216.143 - - [29/Dec/2025:13:17:54 +0100] "GET /fixtures/assert/?download=L2hvbWUvbG9nZXJjbS9kZXYubG9nZXIuY20vdmFyL2NhY2hlL2Rldi9wcm9maWxlci8zMy9iMC8zMmIwMzM%3D HTTP/2.0" 200 19514 "-" "Mozilla/5.0 AppleWebKit/537.36 (KHTML, like Gecko; compatible; ClaudeBot/1.0; +claudebot@anthropic.com)"
216.73.216.143 - - [29/Dec/2025:13:17:54 +0100] "GET /fixtures/assert/index.php?download=L2hvbWUvbG9nZXJjbS9kZXYubG9nZXIuY20vdmFyL2NhY2hlL2Rldi9wcm9maWxlci9mZC8zMS9kMTMxZmQ%3D HTTP/2.0" 200 49663 "-" "Mozilla/5.0 AppleWebKit/537.36 (KHTML, like Gecko; compatible; ClaudeBot/1.0; +claudebot@anthropic.com)"
216.73.216.143 - - [29/Dec/2025:13:17:42 +0100] "GET /fixtures/assert/?gzfile=L2hvbWUvbG9nZXJjbS9kZXYubG9nZXIuY20vdmFyL2NhY2hlL2Rldi9wcm9maWxlci9jMS8zOS8xYjM5YzE%3D HTTP/2.0" 200 73567 "-" "Mozilla/5.0 AppleWebKit/537.36 (KHTML, like Gecko; compatible; ClaudeBot/1.0; +claudebot@anthropic.com)"
216.73.216.143 - - [29/Dec/2025:13:17:44 +0100] "GET /fixtures/assert/?gzfile=L2hvbWUvbG9nZXJjbS9kZXYubG9nZXIuY20vdmFyL2NhY2hlL2Rldi9wcm9maWxlci9iOS9mYi81OWZiYjk%3D HTTP/2.0" 200 81751 "-" "Mozilla/5.0 AppleWebKit/537.36 (KHTML, like Gecko; compatible; ClaudeBot/1.0; +claudebot@anthropic.com)"
216.73.216.143 - - [29/Dec/2025:13:17:44 +0100] "GET /fixtures/assert/index.php?gzfile=L2hvbWUvbG9nZXJjbS9kZXYubG9nZXIuY20vdmFyL2NhY2hlL2Rldi9wcm9maWxlci85MC8xOS84MzE5OTA%3D HTTP/2.0" 200 81751 "-" "Mozilla/5.0 AppleWebKit/537.36 (KHTML, like Gecko; compatible; ClaudeBot/1.0; +claudebot@anthropic.com)"
216.73.216.143 - - [29/Dec/2025:13:17:47 +0100] "GET /fixtures/assert/index.php?gzfile=L2hvbWUvbG9nZXJjbS9kZXYubG9nZXIuY20vdmFyL2NhY2hlL2Rldi9wcm9maWxlci83MS9jYS9kOWNhNzE%3D HTTP/2.0" 200 98119 "-" "Mozilla/5.0 AppleWebKit/537.36 (KHTML, like Gecko; compatible; ClaudeBot/1.0; +claudebot@anthropic.com)"
216.73.216.143 - - [29/Dec/2025:13:18:00 +0100] "GET /fixtures/assert/?gzfile=L3Zhci9saWIvbXVuaW4vZ3JhcGhzLnRtcC4yMTg2Nw%3D%3D HTTP/2.0" 200 7105 "-" "Mozilla/5.0 AppleWebKit/537.36 (KHTML, like Gecko; compatible; ClaudeBot/1.0; +claudebot@anthropic.com)"
216.73.216.143 - - [29/Dec/2025:13:18:01 +0100] "GET /fixtures/assert/index.php?download=L2hvbWUvbG9nZXJjbS9kZXYubG9nZXIuY20vdmFyL2NhY2hlL2Rldi9wcm9maWxlci8yZC82Yi84MzZiMmQ%3D HTTP/2.0" 200 19547 "-" "Mozilla/5.0 AppleWebKit/537.36 (KHTML, like Gecko; compatible; ClaudeBot/1.0; +claudebot@anthropic.com)"
216.73.216.143 - - [29/Dec/2025:13:18:01 +0100] "GET /fixtures/assert/?download=L2hvbWUvbG9nZXJjbS9kZXYubG9nZXIuY20vdmFyL2NhY2hlL2Rldi9wcm9maWxlci84MS9jMy8zMWMzODE%3D HTTP/2.0" 200 19453 "-" "Mozilla/5.0 AppleWebKit/537.36 (KHTML, like Gecko; compatible; ClaudeBot/1.0; +claudebot@anthropic.com)"
216.73.216.143 - - [29/Dec/2025:13:17:49 +0100] "GET /fixtures/assert/?gzfile=L2hvbWUvbG9nZXJjbS9kZXYubG9nZXIuY20vdmFyL2NhY2hlL2Rldi9wcm9maWxlci9jZS83NS9jNTc1Y2U%3D HTTP/2.0" 200 114487 "-" "Mozilla/5.0 AppleWebKit/537.36 (KHTML, like Gecko; compatible; ClaudeBot/1.0; +claudebot@anthropic.com)"
216.73.216.143 - - [29/Dec/2025:13:18:01 +0100] "GET /fixtures/assert/index.php?fm=true&path=%2Fvar%2Flib%2Fyum%2Fyumdb%2Fi%2F36d9a7e5cec7b47628b4649f942e1259036ff774-ilmbase-1.0.3-7.el7-x86_64 HTTP/2.0" 200 10726 "-" "Mozilla/5.0 AppleWebKit/537.36 (KHTML, like Gecko; compatible; ClaudeBot/1.0; +claudebot@anthropic.com)"
216.73.216.143 - - [29/Dec/2025:13:18:01 +0100] "GET /fixtures/assert/index.php?download=L2hvbWUvbG9nZXJjbS9kZXYubG9nZXIuY20vdmFyL2NhY2hlL2Rldi9wcm9maWxlci9jNS9jMy9hMmMzYzU%3D HTTP/2.0" 200 49379 "-" "Mozilla/5.0 AppleWebKit/537.36 (KHTML, like Gecko; compatible; ClaudeBot/1.0; +claudebot@anthropic.com)"
216.73.216.143 - - [29/Dec/2025:13:18:01 +0100] "GET /fixtures/assert/index.php?download=L2hvbWUvbG9nZXJjbS9kZXYubG9nZXIuY20vdmFyL2NhY2hlL2Rldi9wcm9maWxlci9jYy8wZC84ZDBkY2M%3D HTTP/2.0" 200 29657 "-" "Mozilla/5.0 AppleWebKit/537.36 (KHTML, like Gecko; compatible; ClaudeBot/1.0; +claudebot@anthropic.com)"
216.73.216.143 - - [29/Dec/2025:13:18:01 +0100] "GET /fixtures/assert/?download=L2hvbWUvbG9nZXJjbS9kZXYubG9nZXIuY20vdmFyL2NhY2hlL2Rldi9wcm9maWxlci85MS9jMC84OGMwOTE%3D HTTP/2.0" 200 19517 "-" "Mozilla/5.0 AppleWebKit/537.36 (KHTML, like Gecko; compatible; ClaudeBot/1.0; +claudebot@anthropic.com)"
216.73.216.143 - - [29/Dec/2025:13:18:01 +0100] "GET /fixtures/assert/?gzfile=L3Zhci9saWIvbXVuaW4vZ3JhcGhzLnRtcC4yMzc5OQ%3D%3D HTTP/2.0" 200 7105 "-" "Mozilla/5.0 AppleWebKit/537.36 (KHTML, like Gecko; compatible; ClaudeBot/1.0; +claudebot@anthropic.com)"
216.73.216.143 - - [29/Dec/2025:13:18:01 +0100] "GET /fixtures/assert/?download=L2hvbWUvbG9nZXJjbS9kZXYubG9nZXIuY20vdmFyL2NhY2hlL2Rldi9wcm9maWxlci82MS9kNS9iYmQ1NjE%3D HTTP/2.0" 200 19403 "-" "Mozilla/5.0 AppleWebKit/537.36 (KHTML, like Gecko; compatible; ClaudeBot/1.0; +claudebot@anthropic.com)"
216.73.216.143 - - [29/Dec/2025:13:18:02 +0100] "GET /fixtures/assert/?download=L2hvbWUvbG9nZXJjbS9kZXYubG9nZXIuY20vdmFyL2NhY2hlL2Rldi9wcm9maWxlci8yMy9jZC9jZWNkMjM%3D HTTP/2.0" 200 68001 "-" "Mozilla/5.0 AppleWebKit/537.36 (KHTML, like Gecko; compatible; ClaudeBot/1.0; +claudebot@anthropic.com)"
100.29.155.89 - - [29/Dec/2025:13:18:02 +0100] "GET /translations/info/?d=/home/logercm/public_html/wp-includes/blocks/quote/style.css HTTP/1.1" 200 42 "-" "Mozilla/5.0 AppleWebKit/537.36 (KHTML, like Gecko; compatible; Amazonbot/0.1; +https://developer.amazon.com/support/amazonbot) Chrome/119.0.6045.214 Safari/537.36"
216.73.216.143 - - [29/Dec/2025:13:18:02 +0100] "GET /fixtures/assert/?gzfile=L3Zhci9zb2Z0YWN1bG91cy9tb2R4L3BocDcxL2VkaXQucGhw HTTP/2.0" 200 7096 "-" "Mozilla/5.0 AppleWebKit/537.36 (KHTML, like Gecko; compatible; ClaudeBot/1.0; +claudebot@anthropic.com)"
216.73.216.143 - - [29/Dec/2025:13:18:02 +0100] "GET /fixtures/assert/index.php?download=L2hvbWUvbG9nZXJjbS9kZXYubG9nZXIuY20vdmFyL2NhY2hlL2Rldi9wcm9maWxlci9lYi9jMS9hZGMxZWI%3D HTTP/2.0" 200 30360 "-" "Mozilla/5.0 AppleWebKit/537.36 (KHTML, like Gecko; compatible; ClaudeBot/1.0; +claudebot@anthropic.com)"
216.73.216.143 - - [29/Dec/2025:13:18:02 +0100] "GET /fixtures/assert/?download=L2hvbWUvbG9nZXJjbS9kZXYubG9nZXIuY20vdmFyL2NhY2hlL2Rldi9wcm9maWxlci9kMC82OS9kMTY5ZDA%3D HTTP/2.0" 200 50843 "-" "Mozilla/5.0 AppleWebKit/537.36 (KHTML, like Gecko; compatible; ClaudeBot/1.0; +claudebot@anthropic.com)"
216.73.216.143 - - [29/Dec/2025:13:18:03 +0100] "GET /fixtures/assert/?download=L2hvbWUvbG9nZXJjbS9kZXYubG9nZXIuY20vdmFyL2NhY2hlL2Rldi9wcm9maWxlci83MS9mOC9kYWY4NzE%3D HTTP/2.0" 200 69574 "-" "Mozilla/5.0 AppleWebKit/537.36 (KHTML, like Gecko; compatible; ClaudeBot/1.0; +claudebot@anthropic.com)"
216.73.216.143 - - [29/Dec/2025:13:18:03 +0100] "GET /fixtures/assert/index.php?download=L2hvbWUvbG9nZXJjbS9kZXYubG9nZXIuY20vdmFyL2NhY2hlL2Rldi9wcm9maWxlci81My84My80NTgzNTM%3D HTTP/2.0" 200 19519 "-" "Mozilla/5.0 AppleWebKit/537.36 (KHTML, like Gecko; compatible; ClaudeBot/1.0; +claudebot@anthropic.com)"
216.73.216.143 - - [29/Dec/2025:13:18:03 +0100] "GET /fixtures/assert/?download=L3Zhci9saWIvbXVuaW4vZ3JhcGhzLnRtcC4yNDc4Mg%3D%3D HTTP/2.0" 200 278 "-" "Mozilla/5.0 AppleWebKit/537.36 (KHTML, like Gecko; compatible; ClaudeBot/1.0; +claudebot@anthropic.com)"
216.73.216.143 - - [29/Dec/2025:13:18:03 +0100] "GET /fixtures/assert/index.php?download=L2hvbWUvbG9nZXJjbS9kZXYubG9nZXIuY20vdmFyL2NhY2hlL2Rldi9wcm9maWxlci83Ni8xOS9jNjE5NzY%3D HTTP/2.0" 200 19481 "-" "Mozilla/5.0 AppleWebKit/537.36 (KHTML, like Gecko; compatible; ClaudeBot/1.0; +claudebot@anthropic.com)"
216.73.216.143 - - [29/Dec/2025:13:18:11 +0100] "GET /fixtures/assert/?gzfile=L3Zhci9saWIvbXVuaW4vZ3JhcGhzLnRtcC4yMzA2Mw%3D%3D HTTP/2.0" 200 7105 "-" "Mozilla/5.0 AppleWebKit/537.36 (KHTML, like Gecko; compatible; ClaudeBot/1.0; +claudebot@anthropic.com)"
216.73.216.143 - - [29/Dec/2025:13:18:11 +0100] "GET /fixtures/assert/index.php?download=L2hvbWUvbG9nZXJjbS9kZXYubG9nZXIuY20vdmFyL2NhY2hlL2Rldi9wcm9maWxlci8xYy9kNy85NWQ3MWM%3D HTTP/2.0" 200 19484 "-" "Mozilla/5.0 AppleWebKit/537.36 (KHTML, like Gecko; compatible; ClaudeBot/1.0; +claudebot@anthropic.com)"
216.73.216.143 - - [29/Dec/2025:13:18:11 +0100] "GET /fixtures/assert/?fm=true&path=%2Fhome%2Flogercm%2Fdev.loger.cm%2Fvendor%2Feasycorp%2Feasyadmin-bundle%2Fsrc%2FResources%2Fpublic%2Fimages%2Fflags%2F&rights=TZ.png HTTP/2.0" 200 8970 "-" "Mozilla/5.0 AppleWebKit/537.36 (KHTML, like Gecko; compatible; ClaudeBot/1.0; +claudebot@anthropic.com)"
216.73.216.143 - - [29/Dec/2025:13:18:11 +0100] "GET /fixtures/assert/index.php?download=L2hvbWUvbG9nZXJjbS9kZXYubG9nZXIuY20vdmFyL2NhY2hlL2Rldi9wcm9maWxlci81MS9jZC9jMGNkNTE%3D HTTP/2.0" 200 19517 "-" "Mozilla/5.0 AppleWebKit/537.36 (KHTML, like Gecko; compatible; ClaudeBot/1.0; +claudebot@anthropic.com)"
216.73.216.143 - - [29/Dec/2025:13:18:12 +0100] "GET /fixtures/assert/index.php?download=L2hvbWUvbG9nZXJjbS9kZXYubG9nZXIuY20vdmFyL2NhY2hlL2Rldi9wcm9maWxlci8zNy9mOC8zZmY4Mzc%3D HTTP/2.0" 200 68178 "-" "Mozilla/5.0 AppleWebKit/537.36 (KHTML, like Gecko; compatible; ClaudeBot/1.0; +claudebot@anthropic.com)"
216.73.216.143 - - [29/Dec/2025:13:18:12 +0100] "GET /fixtures/assert/index.php?download=L2hvbWUvbG9nZXJjbS9kZXYubG9nZXIuY20vdmFyL2NhY2hlL2Rldi9wcm9maWxlci8yZS83YS9kNTdhMmU%3D HTTP/2.0" 200 19761 "-" "Mozilla/5.0 AppleWebKit/537.36 (KHTML, like Gecko; compatible; ClaudeBot/1.0; +claudebot@anthropic.com)"
216.73.216.143 - - [29/Dec/2025:13:18:12 +0100] "GET /fixtures/assert/?gzfile=L3Byb2MvMzQ1NS90YXNrLzM3MTIvbmV0L3J0X2NhY2hl HTTP/2.0" 200 7090 "-" "Mozilla/5.0 AppleWebKit/537.36 (KHTML, like Gecko; compatible; ClaudeBot/1.0; +claudebot@anthropic.com)"
216.73.216.143 - - [29/Dec/2025:13:18:12 +0100] "GET /fixtures/assert/index.php?download=L2hvbWUvbG9nZXJjbS9kZXYubG9nZXIuY20vdmFyL2NhY2hlL2Rldi9wcm9maWxlci9iMy8xNy85MjE3YjM%3D HTTP/2.0" 200 19519 "-" "Mozilla/5.0 AppleWebKit/537.36 (KHTML, like Gecko; compatible; ClaudeBot/1.0; +claudebot@anthropic.com)"
216.73.216.143 - - [29/Dec/2025:13:18:12 +0100] "GET /fixtures/assert/index.php?download=L2hvbWUvbG9nZXJjbS9kZXYubG9nZXIuY20vdmFyL2NhY2hlL2Rldi9wcm9maWxlci9hMi82Zi82NjZmYTI%3D HTTP/2.0" 200 19421 "-" "Mozilla/5.0 AppleWebKit/537.36 (KHTML, like Gecko; compatible; ClaudeBot/1.0; +claudebot@anthropic.com)"
216.73.216.143 - - [29/Dec/2025:13:18:12 +0100] "GET /fixtures/assert/index.php?download=L2hvbWUvbG9nZXJjbS9kZXYubG9nZXIuY20vdmFyL2NhY2hlL2Rldi9wcm9maWxlci8xNy9jZi8yZWNmMTc%3D HTTP/2.0" 200 19481 "-" "Mozilla/5.0 AppleWebKit/537.36 (KHTML, like Gecko; compatible; ClaudeBot/1.0; +claudebot@anthropic.com)"
216.73.216.143 - - [29/Dec/2025:13:18:12 +0100] "GET /fixtures/assert/index.php?download=L2hvbWUvbG9nZXJjbS9kZXYubG9nZXIuY20vdmFyL2NhY2hlL2Rldi9wcm9maWxlci8yZC85MS8yMzkxMmQ%3D HTTP/2.0" 200 19559 "-" "Mozilla/5.0 AppleWebKit/537.36 (KHTML, like Gecko; compatible; ClaudeBot/1.0; +claudebot@anthropic.com)"
216.73.216.143 - - [29/Dec/2025:13:18:12 +0100] "GET /fixtures/assert/index.php?download=L2hvbWUvbG9nZXJjbS9kZXYubG9nZXIuY20vdmFyL2NhY2hlL2Rldi9wcm9maWxlci8zYS9lMC8wYmUwM2E%3D HTTP/2.0" 200 19449 "-" "Mozilla/5.0 AppleWebKit/537.36 (KHTML, like Gecko; compatible; ClaudeBot/1.0; +claudebot@anthropic.com)"
216.73.216.143 - - [29/Dec/2025:13:18:13 +0100] "GET /fixtures/assert/index.php?download=L2hvbWUvbG9nZXJjbS9kZXYubG9nZXIuY20vdmFyL2NhY2hlL2Rldi9wcm9maWxlci9jYi81Ni9kNjU2Y2I%3D HTTP/2.0" 200 19601 "-" "Mozilla/5.0 AppleWebKit/537.36 (KHTML, like Gecko; compatible; ClaudeBot/1.0; +claudebot@anthropic.com)"
216.73.216.143 - - [29/Dec/2025:13:18:13 +0100] "GET /fixtures/assert/?gzfile=L3Byb2MvMzQ1MC90YXNrLzM0NTgvY21kbGluZQ%3D%3D HTTP/2.0" 200 7084 "-" "Mozilla/5.0 AppleWebKit/537.36 (KHTML, like Gecko; compatible; ClaudeBot/1.0; +claudebot@anthropic.com)"
216.73.216.143 - - [29/Dec/2025:13:18:13 +0100] "GET /fixtures/assert/?gz=L29wdC9jcGFuZWwvZWEtcGhwNTYvcm9vdC91c3IvbG9jYWwvc2hhcmUvbWFuL21hbm4%3D HTTP/2.0" 200 7091 "-" "Mozilla/5.0 AppleWebKit/537.36 (KHTML, like Gecko; compatible; ClaudeBot/1.0; +claudebot@anthropic.com)"
3.219.81.66 - - [29/Dec/2025:13:18:14 +0100] "GET /var/cache/dev/611732/?action=header&path=/home/logercm/dev.loger.cm/var/cache/dev/profiler/e6/4b HTTP/1.1" 200 1842 "-" "Mozilla/5.0 AppleWebKit/537.36 (KHTML, like Gecko; compatible; Amazonbot/0.1; +https://developer.amazon.com/support/amazonbot) Chrome/119.0.6045.214 Safari/537.36"
185.191.171.14 - - [29/Dec/2025:13:18:16 +0100] "GET /var/cache/dev/profiler/c1/14/0114c1 HTTP/1.1" 200 19158 "-" "Mozilla/5.0 (compatible; SemrushBot/7~bl; +http://www.semrush.com/bot.html)"
184.73.167.217 - - [29/Dec/2025:13:18:20 +0100] "GET /var/cache/dev/611732/?path=/opt/cpanel/ea-php56/root/var/preserve HTTP/1.1" 200 2107 "-" "Mozilla/5.0 AppleWebKit/537.36 (KHTML, like Gecko; compatible; Amazonbot/0.1; +https://developer.amazon.com/support/amazonbot) Chrome/119.0.6045.214 Safari/537.36"
216.73.216.143 - - [29/Dec/2025:13:18:22 +0100] "GET /fixtures/assert/index.php?download=L2hvbWUvbG9nZXJjbS9kZXYubG9nZXIuY20vdmFyL2NhY2hlL2Rldi9wcm9maWxlci84Yi9jNi8wOWM2OGI%3D HTTP/2.0" 200 27793 "-" "Mozilla/5.0 AppleWebKit/537.36 (KHTML, like Gecko; compatible; ClaudeBot/1.0; +claudebot@anthropic.com)"
216.73.216.143 - - [29/Dec/2025:13:18:22 +0100] "GET /fixtures/assert/?download=L2hvbWUvbG9nZXJjbS9kZXYubG9nZXIuY20vdmFyL2NhY2hlL2Rldi9wcm9maWxlci8zZS83MC81ZDcwM2U%3D HTTP/2.0" 200 67546 "-" "Mozilla/5.0 AppleWebKit/537.36 (KHTML, like Gecko; compatible; ClaudeBot/1.0; +claudebot@anthropic.com)"
216.73.216.143 - - [29/Dec/2025:13:18:12 +0100] "GET /fixtures/assert/index.php?gzfile=L2hvbWUvbG9nZXJjbS9kZXYubG9nZXIuY20vdmFyL2NhY2hlL2Rldi9wcm9maWxlci80OS81OS80NDU5NDk%3D HTTP/2.0" 200 122671 "-" "Mozilla/5.0 AppleWebKit/537.36 (KHTML, like Gecko; compatible; ClaudeBot/1.0; +claudebot@anthropic.com)"
216.73.216.143 - - [29/Dec/2025:13:18:12 +0100] "GET /fixtures/assert/?zip=L2hvbWUvbG9nZXJjbS9kZXYubG9nZXIuY20vdmFyL2NhY2hlL2Rldi9wcm9maWxlci9hMS9iNA%3D%3D HTTP/2.0" 200 122671 "-" "Mozilla/5.0 AppleWebKit/537.36 (KHTML, like Gecko; compatible; ClaudeBot/1.0; +claudebot@anthropic.com)"
216.73.216.143 - - [29/Dec/2025:13:18:11 +0100] "GET /fixtures/assert/index.php?gzfile=L2hvbWUvbG9nZXJjbS9kZXYubG9nZXIuY20vdmFyL2NhY2hlL2Rldi9wcm9maWxlci84ZS9mZi80Y2ZmOGU%3D HTTP/2.0" 200 122671 "-" "Mozilla/5.0 AppleWebKit/537.36 (KHTML, like Gecko; compatible; ClaudeBot/1.0; +claudebot@anthropic.com)"
216.73.216.143 - - [29/Dec/2025:13:18:12 +0100] "GET /fixtures/assert/index.php?gzfile=L2hvbWUvbG9nZXJjbS9kZXYubG9nZXIuY20vdmFyL2NhY2hlL2Rldi9wcm9maWxlci8zYy81OC9jZjU4M2M%3D HTTP/2.0" 200 122671 "-" "Mozilla/5.0 AppleWebKit/537.36 (KHTML, like Gecko; compatible; ClaudeBot/1.0; +claudebot@anthropic.com)"
216.73.216.143 - - [29/Dec/2025:13:18:11 +0100] "GET /fixtures/assert/index.php?gzfile=L2hvbWUvbG9nZXJjbS9kZXYubG9nZXIuY20vdmFyL2NhY2hlL2Rldi9wcm9maWxlci84YS80OC9hNjQ4OGE%3D HTTP/2.0" 200 122671 "-" "Mozilla/5.0 AppleWebKit/537.36 (KHTML, like Gecko; compatible; ClaudeBot/1.0; +claudebot@anthropic.com)"
216.73.216.143 - - [29/Dec/2025:13:17:50 +0100] "GET /fixtures/assert/index.php?gzfile=L2hvbWUvbG9nZXJjbS9kZXYubG9nZXIuY20vdmFyL2NhY2hlL2Rldi9wcm9maWxlci85Yy85OC83NDk4OWM%3D HTTP/2.0" 200 122671 "-" "Mozilla/5.0 AppleWebKit/537.36 (KHTML, like Gecko; compatible; ClaudeBot/1.0; +claudebot@anthropic.com)"
216.73.216.143 - - [29/Dec/2025:13:18:02 +0100] "GET /fixtures/assert/index.php?gzfile=L2hvbWUvbG9nZXJjbS9kZXYubG9nZXIuY20vdmFyL2NhY2hlL2Rldi9wcm9maWxlci9iYS81ZS9iODVlYmE%3D HTTP/2.0" 200 122671 "-" "Mozilla/5.0 AppleWebKit/537.36 (KHTML, like Gecko; compatible; ClaudeBot/1.0; +claudebot@anthropic.com)"
216.73.216.143 - - [29/Dec/2025:13:18:11 +0100] "GET /fixtures/assert/index.php?gzfile=L2hvbWUvbG9nZXJjbS9kZXYubG9nZXIuY20vdmFyL2NhY2hlL2Rldi9wcm9maWxlci9iYS80ZS9kMjRlYmE%3D HTTP/2.0" 200 122671 "-" "Mozilla/5.0 AppleWebKit/537.36 (KHTML, like Gecko; compatible; ClaudeBot/1.0; +claudebot@anthropic.com)"
216.73.216.143 - - [29/Dec/2025:13:17:54 +0100] "GET /fixtures/assert/index.php?gzfile=L2hvbWUvbG9nZXJjbS9kZXYubG9nZXIuY20vdmFyL2NhY2hlL2Rldi9wcm9maWxlci84YS9jNC83Y2M0OGE%3D HTTP/2.0" 200 122671 "-" "Mozilla/5.0 AppleWebKit/537.36 (KHTML, like Gecko; compatible; ClaudeBot/1.0; +claudebot@anthropic.com)"
216.73.216.143 - - [29/Dec/2025:13:17:52 +0100] "GET /fixtures/assert/?gzfile=L2hvbWUvbG9nZXJjbS9kZXYubG9nZXIuY20vdmFyL2NhY2hlL2Rldi9wcm9maWxlci9jMS9kMy8yMmQzYzE%3D HTTP/2.0" 200 122671 "-" "Mozilla/5.0 AppleWebKit/537.36 (KHTML, like Gecko; compatible; ClaudeBot/1.0; +claudebot@anthropic.com)"
216.73.216.143 - - [29/Dec/2025:13:17:53 +0100] "GET /fixtures/assert/?gzfile=L2hvbWUvbG9nZXJjbS9kZXYubG9nZXIuY20vdmFyL2NhY2hlL2Rldi9wcm9maWxlci8zZS9mMi85NWYyM2U%3D HTTP/2.0" 200 122671 "-" "Mozilla/5.0 AppleWebKit/537.36 (KHTML, like Gecko; compatible; ClaudeBot/1.0; +claudebot@anthropic.com)"
216.73.216.143 - - [29/Dec/2025:13:17:54 +0100] "GET /fixtures/assert/?gzfile=L2hvbWUvbG9nZXJjbS9kZXYubG9nZXIuY20vdmFyL2NhY2hlL2Rldi9wcm9maWxlci9jZS9hNy85OWE3Y2U%3D HTTP/2.0" 200 122671 "-" "Mozilla/5.0 AppleWebKit/537.36 (KHTML, like Gecko; compatible; ClaudeBot/1.0; +claudebot@anthropic.com)"
216.73.216.143 - - [29/Dec/2025:13:17:52 +0100] "GET /fixtures/assert/index.php?zip=L2hvbWUvbG9nZXJjbS9kZXYubG9nZXIuY20vdmFyL2NhY2hlL2Rldi9wcm9maWxlci9mZS9hMw%3D%3D HTTP/2.0" 200 122671 "-" "Mozilla/5.0 AppleWebKit/537.36 (KHTML, like Gecko; compatible; ClaudeBot/1.0; +claudebot@anthropic.com)"
216.73.216.143 - - [29/Dec/2025:13:17:50 +0100] "GET /fixtures/assert/index.php?gzfile=L2hvbWUvbG9nZXJjbS9kZXYubG9nZXIuY20vdmFyL2NhY2hlL2Rldi9wcm9maWxlci9hMy9jYS9kZWNhYTM%3D HTTP/2.0" 200 122671 "-" "Mozilla/5.0 AppleWebKit/537.36 (KHTML, like Gecko; compatible; ClaudeBot/1.0; +claudebot@anthropic.com)"
216.73.216.143 - - [29/Dec/2025:13:17:54 +0100] "GET /fixtures/assert/index.php?gzfile=L2hvbWUvbG9nZXJjbS9kZXYubG9nZXIuY20vdmFyL2NhY2hlL2Rldi9wcm9maWxlci9jYS8yMC9jMTIwY2E%3D HTTP/2.0" 200 122671 "-" "Mozilla/5.0 AppleWebKit/537.36 (KHTML, like Gecko; compatible; ClaudeBot/1.0; +claudebot@anthropic.com)"
216.73.216.143 - - [29/Dec/2025:13:17:51 +0100] "GET /fixtures/assert/index.php?gzfile=L2hvbWUvbG9nZXJjbS9kZXYubG9nZXIuY20vdmFyL2NhY2hlL2Rldi9wcm9maWxlci9iMy9jOS9jNmM5YjM%3D HTTP/2.0" 200 122671 "-" "Mozilla/5.0 AppleWebKit/537.36 (KHTML, like Gecko; compatible; ClaudeBot/1.0; +claudebot@anthropic.com)"
216.73.216.143 - - [29/Dec/2025:13:18:03 +0100] "GET /fixtures/assert/?gzfile=L2hvbWUvbG9nZXJjbS9kZXYubG9nZXIuY20vdmFyL2NhY2hlL2Rldi9wcm9maWxlci9mMS9hZC85MGFkZjE%3D HTTP/2.0" 200 122671 "-" "Mozilla/5.0 AppleWebKit/537.36 (KHTML, like Gecko; compatible; ClaudeBot/1.0; +claudebot@anthropic.com)"
216.73.216.143 - - [29/Dec/2025:13:18:22 +0100] "GET /fixtures/assert/index.php?download=L2hvbWUvbG9nZXJjbS9kZXYubG9nZXIuY20vdmFyL2NhY2hlL2Rldi9wcm9maWxlci8yYy84Mi9hMDgyMmM%3D HTTP/2.0" 200 19500 "-" "Mozilla/5.0 AppleWebKit/537.36 (KHTML, like Gecko; compatible; ClaudeBot/1.0; +claudebot@anthropic.com)"
216.73.216.143 - - [29/Dec/2025:13:18:22 +0100] "GET /fixtures/assert/?fm=true&path=%2Fusr%2Flocal%2Fapache.backup_archive%2F20160623.1466714090%2Ficons%2F&rename=burst.gif HTTP/2.0" 200 8952 "-" "Mozilla/5.0 AppleWebKit/537.36 (KHTML, like Gecko; compatible; ClaudeBot/1.0; +claudebot@anthropic.com)"
216.73.216.143 - - [29/Dec/2025:13:18:22 +0100] "GET /fixtures/assert/index.php?download=L3Vzci9zYmluL3JlYWRwcm9maWxl HTTP/2.0" 200 7550 "-" "Mozilla/5.0 AppleWebKit/537.36 (KHTML, like Gecko; compatible; ClaudeBot/1.0; +claudebot@anthropic.com)"
216.73.216.143 - - [29/Dec/2025:13:18:22 +0100] "GET /fixtures/assert/index.php?download=L2hvbWUvbG9nZXJjbS9kZXYubG9nZXIuY20vdmFyL2NhY2hlL2Rldi9wcm9maWxlci9kMS82NC81ODY0ZDE%3D HTTP/2.0" 200 69663 "-" "Mozilla/5.0 AppleWebKit/537.36 (KHTML, like Gecko; compatible; ClaudeBot/1.0; +claudebot@anthropic.com)"
216.73.216.143 - - [29/Dec/2025:13:18:22 +0100] "GET /fixtures/assert/index.php?download=L2hvbWUvbG9nZXJjbS9kZXYubG9nZXIuY20vdmFyL2NhY2hlL2Rldi9wcm9maWxlci84NS9kOS81ZmQ5ODU%3D HTTP/2.0" 200 29617 "-" "Mozilla/5.0 AppleWebKit/537.36 (KHTML, like Gecko; compatible; ClaudeBot/1.0; +claudebot@anthropic.com)"
216.73.216.143 - - [29/Dec/2025:13:18:22 +0100] "GET /fixtures/assert/?download=L3Byb2MvMzc3My90YXNrLzM4MzMvbmV0L3JvdXRl HTTP/2.0" 404 278 "-" "Mozilla/5.0 AppleWebKit/537.36 (KHTML, like Gecko; compatible; ClaudeBot/1.0; +claudebot@anthropic.com)"
216.73.216.143 - - [29/Dec/2025:13:18:23 +0100] "GET /fixtures/assert/?gzfile=L3Zhci9saWIvbXVuaW4vZ3JhcGhzLnRtcC4xMjgzMQ%3D%3D HTTP/2.0" 200 7105 "-" "Mozilla/5.0 AppleWebKit/537.36 (KHTML, like Gecko; compatible; ClaudeBot/1.0; +claudebot@anthropic.com)"
44.205.120.22 - - [29/Dec/2025:13:18:29 +0100] "GET /translations/info/?d=/home/logercm/www/wp-content/plugins/wpide/dist/css/skins/theme-egyptian.css HTTP/1.1" 200 42 "-" "Mozilla/5.0 AppleWebKit/537.36 (KHTML, like Gecko; compatible; Amazonbot/0.1; +https://developer.amazon.com/support/amazonbot) Chrome/119.0.6045.214 Safari/537.36"
216.73.216.143 - - [29/Dec/2025:13:18:29 +0100] "GET /fixtures/assert/index.php?download=L3Vzci9zaGFyZS9tYW4vZnIvbWFuMS9kcGtnLXN0YXRvdmVycmlkZS4xLmd6 HTTP/2.0" 200 2585 "-" "Mozilla/5.0 AppleWebKit/537.36 (KHTML, like Gecko; compatible; ClaudeBot/1.0; +claudebot@anthropic.com)"
216.73.216.143 - - [29/Dec/2025:13:18:23 +0100] "GET /fixtures/assert/index.php?download=L2hvbWUvbG9nZXJjbS9kZXYubG9nZXIuY20vdmFyL2NhY2hlL2Rldi9wcm9maWxlci82NC83MC9iNzcwNjQ%3D HTTP/2.0" 200 19354 "-" "Mozilla/5.0 AppleWebKit/537.36 (KHTML, like Gecko; compatible; ClaudeBot/1.0; +claudebot@anthropic.com)"
34.225.138.57 - - [29/Dec/2025:13:18:25 +0100] "GET /var/cache/dev/611732/?action=header&path=/opt/cpanel/ea-php82/root/usr/local/bin HTTP/1.1" 200 1819 "-" "Mozilla/5.0 AppleWebKit/537.36 (KHTML, like Gecko; compatible; Amazonbot/0.1; +https://developer.amazon.com/support/amazonbot) Chrome/119.0.6045.214 Safari/537.36"
216.73.216.143 - - [29/Dec/2025:13:18:29 +0100] "GET /fixtures/assert/index.php?download=L2hvbWUvbG9nZXJjbS9kZXYubG9nZXIuY20vdmFyL2NhY2hlL2Rldi9wcm9maWxlci85ZS83Yi84MDdiOWU%3D HTTP/2.0" 200 69878 "-" "Mozilla/5.0 AppleWebKit/537.36 (KHTML, like Gecko; compatible; ClaudeBot/1.0; +claudebot@anthropic.com)"
216.73.216.143 - - [29/Dec/2025:13:18:30 +0100] "GET /fixtures/assert/index.php?gzfile=L3Zhci9zb2Z0YWN1bG91cy9mbHlzcHJheS9lZGl0LnhtbA%3D%3D HTTP/2.0" 200 7097 "-" "Mozilla/5.0 AppleWebKit/537.36 (KHTML, like Gecko; compatible; ClaudeBot/1.0; +claudebot@anthropic.com)"
85.208.96.211 - - [29/Dec/2025:13:18:33 +0100] "GET /var/cache/dev/profiler/65/c4/e1c465 HTTP/1.1" 200 61619 "-" "Mozilla/5.0 (compatible; SemrushBot/7~bl; +http://www.semrush.com/bot.html)"
50.17.193.48 - - [29/Dec/2025:13:18:34 +0100] "GET /translations/info/?d=/home/logercm/api.loger.cm/logermicroservice/.git/objects/8a HTTP/1.1" 200 2303 "-" "Mozilla/5.0 AppleWebKit/537.36 (KHTML, like Gecko; compatible; Amazonbot/0.1; +https://developer.amazon.com/support/amazonbot) Chrome/119.0.6045.214 Safari/537.36"
185.191.171.17 - - [29/Dec/2025:13:18:38 +0100] "GET /var/cache/dev/profiler/59/1c/ HTTP/1.1" 200 475 "-" "Mozilla/5.0 (compatible; SemrushBot/7~bl; +http://www.semrush.com/bot.html)"
216.73.216.143 - - [29/Dec/2025:13:18:22 +0100] "GET /fixtures/assert/index.php?gzfile=L2hvbWUvbG9nZXJjbS9kZXYubG9nZXIuY20vdmFyL2NhY2hlL2Rldi9wcm9maWxlci85YS8zNC80MDM0OWE%3D HTTP/2.0" 200 179959 "-" "Mozilla/5.0 AppleWebKit/537.36 (KHTML, like Gecko; compatible; ClaudeBot/1.0; +claudebot@anthropic.com)"
216.73.216.143 - - [29/Dec/2025:13:18:42 +0100] "GET /fixtures/assert/?download=L3Byb2MvMzU5MS90YXNrLzM2MDUvbmV0L3BhY2tldA%3D%3D HTTP/2.0" 404 278 "-" "Mozilla/5.0 AppleWebKit/537.36 (KHTML, like Gecko; compatible; ClaudeBot/1.0; +claudebot@anthropic.com)"
216.73.216.143 - - [29/Dec/2025:13:18:22 +0100] "GET /fixtures/assert/?gzfile=L2hvbWUvbG9nZXJjbS9kZXYubG9nZXIuY20vdmFyL2NhY2hlL2Rldi9wcm9maWxlci8zYS80NS85NDQ1M2E%3D HTTP/2.0" 200 188143 "-" "Mozilla/5.0 AppleWebKit/537.36 (KHTML, like Gecko; compatible; ClaudeBot/1.0; +claudebot@anthropic.com)"
216.73.216.143 - - [29/Dec/2025:13:18:22 +0100] "GET /fixtures/assert/index.php?gzfile=L2hvbWUvbG9nZXJjbS9kZXYubG9nZXIuY20vdmFyL2NhY2hlL2Rldi9wcm9maWxlci8zZS80YS82YTRhM2U%3D HTTP/2.0" 200 188143 "-" "Mozilla/5.0 AppleWebKit/537.36 (KHTML, like Gecko; compatible; ClaudeBot/1.0; +claudebot@anthropic.com)"
216.73.216.143 - - [29/Dec/2025:13:18:29 +0100] "GET /fixtures/assert/index.php?gzfile=L2hvbWUvbG9nZXJjbS9kZXYubG9nZXIuY20vdmFyL2NhY2hlL2Rldi9wcm9maWxlci9mMC9jMi83Y2MyZjA%3D HTTP/2.0" 200 188143 "-" "Mozilla/5.0 AppleWebKit/537.36 (KHTML, like Gecko; compatible; ClaudeBot/1.0; +claudebot@anthropic.com)"
216.73.216.143 - - [29/Dec/2025:13:18:29 +0100] "GET /fixtures/assert/index.php?gzfile=L2hvbWUvbG9nZXJjbS9kZXYubG9nZXIuY20vdmFyL2NhY2hlL2Rldi9wcm9maWxlci8zMS83Mi80YTcyMzE%3D HTTP/2.0" 200 188143 "-" "Mozilla/5.0 AppleWebKit/537.36 (KHTML, like Gecko; compatible; ClaudeBot/1.0; +claudebot@anthropic.com)"
216.73.216.143 - - [29/Dec/2025:13:18:29 +0100] "GET /fixtures/assert/index.php?gzfile=L2hvbWUvbG9nZXJjbS9kZXYubG9nZXIuY20vdmFyL2NhY2hlL2Rldi9wcm9maWxlci8zNy80OS84OTQ5Mzc%3D HTTP/2.0" 200 188143 "-" "Mozilla/5.0 AppleWebKit/537.36 (KHTML, like Gecko; compatible; ClaudeBot/1.0; +claudebot@anthropic.com)"
216.73.216.143 - - [29/Dec/2025:13:18:52 +0100] "GET /fixtures/assert/?download=L2hvbWUvbG9nZXJjbS9kZXYubG9nZXIuY20vdmFyL2NhY2hlL2Rldi9wcm9maWxlci9mMy9hZS85OGFlZjM%3D HTTP/2.0" 200 19319 "-" "Mozilla/5.0 AppleWebKit/537.36 (KHTML, like Gecko; compatible; ClaudeBot/1.0; +claudebot@anthropic.com)"
98.82.40.168 - - [29/Dec/2025:13:18:54 +0100] "GET /translations/info/?d=/home/logercm/dev.loger.cm/var/cache/dev/profiler/ce/1b/ad1bce HTTP/1.1" 200 42 "-" "Mozilla/5.0 AppleWebKit/537.36 (KHTML, like Gecko; compatible; Amazonbot/0.1; +https://developer.amazon.com/support/amazonbot) Chrome/119.0.6045.214 Safari/537.36"
85.208.96.210 - - [29/Dec/2025:13:18:56 +0100] "GET /var/cache/dev/profiler/d5/b8/23b8d5 HTTP/1.1" 200 19305 "-" "Mozilla/5.0 (compatible; SemrushBot/7~bl; +http://www.semrush.com/bot.html)"
85.208.96.201 - - [29/Dec/2025:13:18:58 +0100] "GET /var/cache/dev/profiler/c2/97/8d97c2 HTTP/1.1" 200 19144 "-" "Mozilla/5.0 (compatible; SemrushBot/7~bl; +http://www.semrush.com/bot.html)"
185.191.171.7 - - [29/Dec/2025:13:18:59 +0100] "GET /var/cache/dev/profiler/be/ae/38aebe HTTP/1.1" 200 80772 "-" "Mozilla/5.0 (compatible; SemrushBot/7~bl; +http://www.semrush.com/bot.html)"
85.208.96.207 - - [29/Dec/2025:13:19:04 +0100] "GET /var/cache/dev/profiler/03/a1/8fa103 HTTP/1.1" 200 18973 "-" "Mozilla/5.0 (compatible; SemrushBot/7~bl; +http://www.semrush.com/bot.html)"
35.172.125.172 - - [29/Dec/2025:13:19:04 +0100] "GET /var/cache/dev/611732/?action=portscan&path=/home/logercm/dev.loger.cm/var/cache/dev/profiler/de/cc HTTP/1.1" 200 1847 "-" "Mozilla/5.0 AppleWebKit/537.36 (KHTML, like Gecko; compatible; Amazonbot/0.1; +https://developer.amazon.com/support/amazonbot) Chrome/119.0.6045.214 Safari/537.36"
216.73.216.143 - - [29/Dec/2025:13:19:04 +0100] "GET /fixtures/assert/index.php?download=L2hvbWUvbG9nZXJjbS9kZXYubG9nZXIuY20vdmFyL2NhY2hlL2Rldi9wcm9maWxlci81OS9mNy83OWY3NTk%3D HTTP/2.0" 200 19474 "-" "Mozilla/5.0 AppleWebKit/537.36 (KHTML, like Gecko; compatible; ClaudeBot/1.0; +claudebot@anthropic.com)"
216.73.216.143 - - [29/Dec/2025:13:19:05 +0100] "GET /fixtures/assert/index.php?download=L2hvbWUvbG9nZXJjbS9kZXYubG9nZXIuY20vdmFyL2NhY2hlL2Rldi9wcm9maWxlci9iYy8yYi9mOTJiYmM%3D HTTP/2.0" 200 19791 "-" "Mozilla/5.0 AppleWebKit/537.36 (KHTML, like Gecko; compatible; ClaudeBot/1.0; +claudebot@anthropic.com)"
216.73.216.143 - - [29/Dec/2025:13:19:05 +0100] "GET /fixtures/assert/index.php?download=L2hvbWUvbG9nZXJjbS9kZXYubG9nZXIuY20vdmFyL2NhY2hlL2Rldi9wcm9maWxlci82MC83Zi81ZjdmNjA%3D HTTP/2.0" 200 19453 "-" "Mozilla/5.0 AppleWebKit/537.36 (KHTML, like Gecko; compatible; ClaudeBot/1.0; +claudebot@anthropic.com)"
216.73.216.143 - - [29/Dec/2025:13:19:06 +0100] "GET /fixtures/assert/index.php?download=L2hvbWUvbG9nZXJjbS9kZXYubG9nZXIuY20vdmFyL2NhY2hlL2Rldi9wcm9maWxlci8yMi82OC9hYTY4MjI%3D HTTP/2.0" 200 19543 "-" "Mozilla/5.0 AppleWebKit/537.36 (KHTML, like Gecko; compatible; ClaudeBot/1.0; +claudebot@anthropic.com)"
216.73.216.143 - - [29/Dec/2025:13:19:07 +0100] "GET /fixtures/assert/?download=L3Zhci9zb2Z0YWN1bG91cy9zbWFydHkvbm90ZXMudHh0 HTTP/2.0" 200 326 "-" "Mozilla/5.0 AppleWebKit/537.36 (KHTML, like Gecko; compatible; ClaudeBot/1.0; +claudebot@anthropic.com)"
216.73.216.143 - - [29/Dec/2025:13:19:08 +0100] "GET /fixtures/assert/index.php?download=L2hvbWUvbG9nZXJjbS9kZXYubG9nZXIuY20vdmFyL2NhY2hlL2Rldi9wcm9maWxlci81Yi9jMi80OWMyNWI%3D HTTP/2.0" 200 29710 "-" "Mozilla/5.0 AppleWebKit/537.36 (KHTML, like Gecko; compatible; ClaudeBot/1.0; +claudebot@anthropic.com)"
216.73.216.143 - - [29/Dec/2025:13:19:08 +0100] "GET /fixtures/assert/?download=L2hvbWUvbG9nZXJjbS9kZXYubG9nZXIuY20vdmFyL2NhY2hlL2Rldi9wcm9maWxlci85YS9jYi9iYmNiOWE%3D HTTP/2.0" 200 19599 "-" "Mozilla/5.0 AppleWebKit/537.36 (KHTML, like Gecko; compatible; ClaudeBot/1.0; +claudebot@anthropic.com)"
54.145.82.217 - - [29/Dec/2025:13:19:10 +0100] "GET /var/cache/dev/611732/?action=reverse_shell&path=/home/logercm/public_html/wp-content/themes/resoto/js HTTP/1.1" 200 2037 "-" "Mozilla/5.0 AppleWebKit/537.36 (KHTML, like Gecko; compatible; Amazonbot/0.1; +https://developer.amazon.com/support/amazonbot) Chrome/119.0.6045.214 Safari/537.36"
216.73.216.143 - - [29/Dec/2025:13:19:10 +0100] "GET /fixtures/assert/index.php?download=L2hvbWUvbG9nZXJjbS9kZXYubG9nZXIuY20vdmFyL2NhY2hlL2Rldi9wcm9maWxlci9kNC9iMS80YmIxZDQ%3D HTTP/2.0" 200 49548 "-" "Mozilla/5.0 AppleWebKit/537.36 (KHTML, like Gecko; compatible; ClaudeBot/1.0; +claudebot@anthropic.com)"
216.73.216.143 - - [29/Dec/2025:13:19:10 +0100] "GET /fixtures/assert/index.php?download=L2hvbWUvbG9nZXJjbS9kZXYubG9nZXIuY20vdmFyL2NhY2hlL2Rldi9wcm9maWxlci83My80My8yYzQzNzM%3D HTTP/2.0" 200 29925 "-" "Mozilla/5.0 AppleWebKit/537.36 (KHTML, like Gecko; compatible; ClaudeBot/1.0; +claudebot@anthropic.com)"
216.73.216.143 - - [29/Dec/2025:13:19:11 +0100] "GET /fixtures/assert/?download=L2hvbWUvbG9nZXJjbS9kZXYubG9nZXIuY20vdmFyL2NhY2hlL2Rldi9wcm9maWxlci8zYy83ZC8yOTdkM2M%3D HTTP/2.0" 200 69457 "-" "Mozilla/5.0 AppleWebKit/537.36 (KHTML, like Gecko; compatible; ClaudeBot/1.0; +claudebot@anthropic.com)"
216.73.216.143 - - [29/Dec/2025:13:19:12 +0100] "GET /fixtures/assert/index.php?gz=L2hvbWUvbG9nZXJjbS9kZXYubG9nZXIuY20vdmFyL2NhY2hlL2Rldi9wcm9maWxlci9mOS84OA%3D%3D HTTP/2.0" 200 7090 "-" "Mozilla/5.0 AppleWebKit/537.36 (KHTML, like Gecko; compatible; ClaudeBot/1.0; +claudebot@anthropic.com)"
216.73.216.143 - - [29/Dec/2025:13:19:12 +0100] "GET /fixtures/assert/index.php?download=L2hvbWUvbG9nZXJjbS9kZXYubG9nZXIuY20vdmFyL2NhY2hlL2Rldi9wcm9maWxlci8yYy81Yi8yMjViMmM%3D HTTP/2.0" 200 68252 "-" "Mozilla/5.0 AppleWebKit/537.36 (KHTML, like Gecko; compatible; ClaudeBot/1.0; +claudebot@anthropic.com)"
216.73.216.143 - - [29/Dec/2025:13:19:13 +0100] "GET /fixtures/assert/index.php?download=L2hvbWUvbG9nZXJjbS9kZXYubG9nZXIuY20vdmFyL2NhY2hlL2Rldi9wcm9maWxlci84ZC9mMi85ZWYyOGQ%3D HTTP/2.0" 200 19731 "-" "Mozilla/5.0 AppleWebKit/537.36 (KHTML, like Gecko; compatible; ClaudeBot/1.0; +claudebot@anthropic.com)"
216.73.216.143 - - [29/Dec/2025:13:19:13 +0100] "GET /fixtures/assert/index.php?download=L2hvbWUvbG9nZXJjbS9kZXYubG9nZXIuY20vdmFyL2NhY2hlL2Rldi9wcm9maWxlci9hOC8xNS83ODE1YTg%3D HTTP/2.0" 200 19631 "-" "Mozilla/5.0 AppleWebKit/537.36 (KHTML, like Gecko; compatible; ClaudeBot/1.0; +claudebot@anthropic.com)"
216.73.216.143 - - [29/Dec/2025:13:19:14 +0100] "GET /fixtures/assert/?gzfile=L3Byb2MvMzc3NC90YXNrLzM4NzYvbmV0L3NubXA2 HTTP/2.0" 200 7087 "-" "Mozilla/5.0 AppleWebKit/537.36 (KHTML, like Gecko; compatible; ClaudeBot/1.0; +claudebot@anthropic.com)"
216.73.216.143 - - [29/Dec/2025:13:19:14 +0100] "GET /fixtures/assert/index.php?download=L2hvbWUvbG9nZXJjbS9kZXYubG9nZXIuY20vdmFyL2NhY2hlL2Rldi9wcm9maWxlci9lZS85NC8yYTk0ZWU%3D HTTP/2.0" 200 19529 "-" "Mozilla/5.0 AppleWebKit/537.36 (KHTML, like Gecko; compatible; ClaudeBot/1.0; +claudebot@anthropic.com)"
216.73.216.143 - - [29/Dec/2025:13:19:15 +0100] "GET /fixtures/assert/?download=L2hvbWUvbG9nZXJjbS9kZXYubG9nZXIuY20vdmFyL2NhY2hlL2Rldi9wcm9maWxlci8zYy8yNy9iZDI3M2M%3D HTTP/2.0" 200 19648 "-" "Mozilla/5.0 AppleWebKit/537.36 (KHTML, like Gecko; compatible; ClaudeBot/1.0; +claudebot@anthropic.com)"
216.73.216.143 - - [29/Dec/2025:13:19:15 +0100] "GET /fixtures/assert/index.php?download=L2hvbWUvbG9nZXJjbS9kZXYubG9nZXIuY20vdmFyL2NhY2hlL2Rldi9wcm9maWxlci9hYi8xOS9mNTE5YWI%3D HTTP/2.0" 200 19765 "-" "Mozilla/5.0 AppleWebKit/537.36 (KHTML, like Gecko; compatible; ClaudeBot/1.0; +claudebot@anthropic.com)"
216.73.216.143 - - [29/Dec/2025:13:19:16 +0100] "GET /fixtures/assert/index.php?download=L2hvbWUvbG9nZXJjbS9kZXYubG9nZXIuY20vdmFyL2NhY2hlL2Rldi9wcm9maWxlci8zNS9mYS9iZmZhMzU%3D HTTP/2.0" 200 19745 "-" "Mozilla/5.0 AppleWebKit/537.36 (KHTML, like Gecko; compatible; ClaudeBot/1.0; +claudebot@anthropic.com)"
216.73.216.143 - - [29/Dec/2025:13:19:17 +0100] "GET /fixtures/assert/index.php?download=L2hvbWUvbG9nZXJjbS9kZXYubG9nZXIuY20vdmFyL2NhY2hlL2Rldi9wcm9maWxlci9jZS9lNy9lMmU3Y2U%3D HTTP/2.0" 200 19695 "-" "Mozilla/5.0 AppleWebKit/537.36 (KHTML, like Gecko; compatible; ClaudeBot/1.0; +claudebot@anthropic.com)"
98.82.40.168 - - [29/Dec/2025:13:19:17 +0100] "GET /var/cache/dev/611732/?action=curl&path=/home/logercm/dev.loger.cm/var/cache/dev/profiler/3d/3a HTTP/1.1" 200 1844 "-" "Mozilla/5.0 AppleWebKit/537.36 (KHTML, like Gecko; compatible; Amazonbot/0.1; +https://developer.amazon.com/support/amazonbot) Chrome/119.0.6045.214 Safari/537.36"
216.73.216.143 - - [29/Dec/2025:13:18:52 +0100] "GET /fixtures/assert/?gzfile=L2hvbWUvbG9nZXJjbS9kZXYubG9nZXIuY20vdmFyL2NhY2hlL2Rldi9wcm9maWxlci83My9hZS9mZWFlNzM%3D HTTP/2.0" 200 122671 "-" "Mozilla/5.0 AppleWebKit/537.36 (KHTML, like Gecko; compatible; ClaudeBot/1.0; +claudebot@anthropic.com)"
216.73.216.143 - - [29/Dec/2025:13:18:42 +0100] "GET /fixtures/assert/index.php?gzfile=L2hvbWUvbG9nZXJjbS9kZXYubG9nZXIuY20vdmFyL2NhY2hlL2Rldi9wcm9maWxlci9jZS9iMi9kZWIyY2U%3D HTTP/2.0" 200 122671 "-" "Mozilla/5.0 AppleWebKit/537.36 (KHTML, like Gecko; compatible; ClaudeBot/1.0; +claudebot@anthropic.com)"
216.73.216.143 - - [29/Dec/2025:13:18:42 +0100] "GET /fixtures/assert/index.php?gzfile=L2hvbWUvbG9nZXJjbS9kZXYubG9nZXIuY20vdmFyL2NhY2hlL2Rldi9wcm9maWxlci81My80OS83NzQ5NTM%3D HTTP/2.0" 200 122671 "-" "Mozilla/5.0 AppleWebKit/537.36 (KHTML, like Gecko; compatible; ClaudeBot/1.0; +claudebot@anthropic.com)"
185.191.171.17 - - [29/Dec/2025:13:19:18 +0100] "GET /var/cache/dev/profiler/5d/14/ce145d HTTP/1.1" 200 19175 "-" "Mozilla/5.0 (compatible; SemrushBot/7~bl; +http://www.semrush.com/bot.html)"
85.208.96.210 - - [29/Dec/2025:13:19:20 +0100] "GET /var/cache/dev/profiler/cf/db/7cdbcf HTTP/1.1" 200 19324 "-" "Mozilla/5.0 (compatible; SemrushBot/7~bl; +http://www.semrush.com/bot.html)"
216.73.216.143 - - [29/Dec/2025:13:19:28 +0100] "GET /fixtures/assert/index.php?download=L2hvbWUvbG9nZXJjbS9kZXYubG9nZXIuY20vdmFyL2NhY2hlL2Rldi9wcm9maWxlci81NS9mZC82OWZkNTU%3D HTTP/2.0" 200 19452 "-" "Mozilla/5.0 AppleWebKit/537.36 (KHTML, like Gecko; compatible; ClaudeBot/1.0; +claudebot@anthropic.com)"
216.73.216.143 - - [29/Dec/2025:13:19:28 +0100] "GET /fixtures/assert/index.php?download=L2hvbWUvbG9nZXJjbS9kZXYubG9nZXIuY20vdmFyL2NhY2hlL2Rldi9wcm9maWxlci9lYS9hOC9iOWE4ZWE%3D HTTP/2.0" 200 19505 "-" "Mozilla/5.0 AppleWebKit/537.36 (KHTML, like Gecko; compatible; ClaudeBot/1.0; +claudebot@anthropic.com)"
52.204.71.8 - - [29/Dec/2025:13:19:28 +0100] "GET /var/cache/dev/611732/?action=header&path=/home/logercm/dev.loger.cm/var/cache/dev/profiler/e3/64 HTTP/1.1" 200 1843 "-" "Mozilla/5.0 AppleWebKit/537.36 (KHTML, like Gecko; compatible; Amazonbot/0.1; +https://developer.amazon.com/support/amazonbot) Chrome/119.0.6045.214 Safari/537.36"
216.73.216.143 - - [29/Dec/2025:13:19:28 +0100] "GET /fixtures/assert/index.php?download=L2hvbWUvbG9nZXJjbS9kZXYubG9nZXIuY20vdmFyL2NhY2hlL2Rldi9wcm9maWxlci8xMC8yYy84NzJjMTA%3D HTTP/2.0" 200 50533 "-" "Mozilla/5.0 AppleWebKit/537.36 (KHTML, like Gecko; compatible; ClaudeBot/1.0; +claudebot@anthropic.com)"
216.73.216.143 - - [29/Dec/2025:13:19:29 +0100] "GET /fixtures/assert/index.php?download=L2hvbWUvbG9nZXJjbS9kZXYubG9nZXIuY20vdmFyL2NhY2hlL2Rldi9wcm9maWxlci9hOS9lMS80MGUxYTk%3D HTTP/2.0" 200 19366 "-" "Mozilla/5.0 AppleWebKit/537.36 (KHTML, like Gecko; compatible; ClaudeBot/1.0; +claudebot@anthropic.com)"
216.73.216.143 - - [29/Dec/2025:13:19:17 +0100] "GET /fixtures/assert/?gzfile=L2hvbWUvbG9nZXJjbS9kZXYubG9nZXIuY20vdmFyL2NhY2hlL2Rldi9wcm9maWxlci9mMC81OS9hYzU5ZjA%3D HTTP/2.0" 200 57199 "-" "Mozilla/5.0 AppleWebKit/537.36 (KHTML, like Gecko; compatible; ClaudeBot/1.0; +claudebot@anthropic.com)"
216.73.216.143 - - [29/Dec/2025:13:19:16 +0100] "GET /fixtures/assert/?zip=L3Zhci9zb2Z0YWN1bG91cy9wcmVzdGExNzgvcGhwNzE%3D HTTP/2.0" 200 57199 "-" "Mozilla/5.0 AppleWebKit/537.36 (KHTML, like Gecko; compatible; ClaudeBot/1.0; +claudebot@anthropic.com)"
216.73.216.143 - - [29/Dec/2025:13:19:16 +0100] "GET /fixtures/assert/index.php?gzfile=L2hvbWUvbG9nZXJjbS9kZXYubG9nZXIuY20vdmFyL2NhY2hlL2Rldi9wcm9maWxlci9jYi9jOS80YWM5Y2I%3D HTTP/2.0" 200 57199 "-" "Mozilla/5.0 AppleWebKit/537.36 (KHTML, like Gecko; compatible; ClaudeBot/1.0; +claudebot@anthropic.com)"
54.144.185.255 - - [29/Dec/2025:13:19:32 +0100] "GET /var/cache/dev/611732/?action=create_form&path=/var/cache/man/de/cat8 HTTP/1.1" 200 1795 "-" "Mozilla/5.0 AppleWebKit/537.36 (KHTML, like Gecko; compatible; Amazonbot/0.1; +https://developer.amazon.com/support/amazonbot) Chrome/119.0.6045.214 Safari/537.36"
216.73.216.143 - - [29/Dec/2025:13:19:40 +0100] "GET /fixtures/assert/index.php?download=L2hvbWUvbG9nZXJjbS9kZXYubG9nZXIuY20vdmFyL2NhY2hlL2Rldi9wcm9maWxlci83Yy84ZC85ZDhkN2M%3D HTTP/2.0" 200 19509 "-" "Mozilla/5.0 AppleWebKit/537.36 (KHTML, like Gecko; compatible; ClaudeBot/1.0; +claudebot@anthropic.com)"
216.73.216.143 - - [29/Dec/2025:13:19:40 +0100] "GET /fixtures/assert/index.php?download=L2hvbWUvbG9nZXJjbS9kZXYubG9nZXIuY20vdmFyL2NhY2hlL2Rldi9wcm9maWxlci9kMS85NS8yYTk1ZDE%3D HTTP/2.0" 200 49075 "-" "Mozilla/5.0 AppleWebKit/537.36 (KHTML, like Gecko; compatible; ClaudeBot/1.0; +claudebot@anthropic.com)"
3.226.34.98 - - [29/Dec/2025:13:19:40 +0100] "GET /var/cache/dev/611732/?action=header&path=/home/logercm/dev.loger.cm/var/cache/dev/profiler/dc/20 HTTP/1.1" 200 1842 "-" "Mozilla/5.0 AppleWebKit/537.36 (KHTML, like Gecko; compatible; Amazonbot/0.1; +https://developer.amazon.com/support/amazonbot) Chrome/119.0.6045.214 Safari/537.36"
216.73.216.143 - - [29/Dec/2025:13:19:41 +0100] "GET /fixtures/assert/?download=L3Zhci9saWIvbXVuaW4vZ3JhcGhzLnRtcC4xOTA5OQ%3D%3D HTTP/2.0" 200 278 "-" "Mozilla/5.0 AppleWebKit/537.36 (KHTML, like Gecko; compatible; ClaudeBot/1.0; +claudebot@anthropic.com)"
216.73.216.143 - - [29/Dec/2025:13:19:41 +0100] "GET /fixtures/assert/index.php?download=L2hvbWUvbG9nZXJjbS9kZXYubG9nZXIuY20vdmFyL2NhY2hlL2Rldi9wcm9maWxlci82NS80Zi9mZDRmNjU%3D HTTP/2.0" 200 19411 "-" "Mozilla/5.0 AppleWebKit/537.36 (KHTML, like Gecko; compatible; ClaudeBot/1.0; +claudebot@anthropic.com)"
34.224.132.215 - - [29/Dec/2025:13:19:45 +0100] "GET /var/cache/dev/611732/?action=header&path=/home/logercm/dev.loger.cm/var/cache/dev/profiler/83/d4 HTTP/1.1" 200 1844 "-" "Mozilla/5.0 AppleWebKit/537.36 (KHTML, like Gecko; compatible; Amazonbot/0.1; +https://developer.amazon.com/support/amazonbot) Chrome/119.0.6045.214 Safari/537.36"
23.21.148.226 - - [29/Dec/2025:13:19:48 +0100] "GET /var/cache/dev/611732/?action=curl&path=/home/logercm/dev.loger.cm/var/cache/dev/profiler/f0/07 HTTP/1.1" 200 1843 "-" "Mozilla/5.0 AppleWebKit/537.36 (KHTML, like Gecko; compatible; Amazonbot/0.1; +https://developer.amazon.com/support/amazonbot) Chrome/119.0.6045.214 Safari/537.36"
185.191.171.7 - - [29/Dec/2025:13:19:48 +0100] "GET /var/cache/dev/profiler/bf/9b/8c9bbf HTTP/1.1" 200 29429 "-" "Mozilla/5.0 (compatible; SemrushBot/7~bl; +http://www.semrush.com/bot.html)"
216.73.216.143 - - [29/Dec/2025:13:19:30 +0100] "GET /fixtures/assert/index.php?gzfile=L2hvbWUvbG9nZXJjbS9kZXYubG9nZXIuY20vdmFyL2NhY2hlL2Rldi9wcm9maWxlci9iYy80Zi82MTRmYmM%3D HTTP/2.0" 200 122671 "-" "Mozilla/5.0 AppleWebKit/537.36 (KHTML, like Gecko; compatible; ClaudeBot/1.0; +claudebot@anthropic.com)"
34.230.124.21 - - [29/Dec/2025:13:19:52 +0100] "GET /var/cache/dev/611732/?action=header&path=/home/logercm/dev.loger.cm/var/cache/dev/profiler/4d/30 HTTP/1.1" 200 1842 "-" "Mozilla/5.0 AppleWebKit/537.36 (KHTML, like Gecko; compatible; Amazonbot/0.1; +https://developer.amazon.com/support/amazonbot) Chrome/119.0.6045.214 Safari/537.36"
216.73.216.143 - - [29/Dec/2025:13:19:53 +0100] "GET /fixtures/assert/index.php?download=L2hvbWUvbG9nZXJjbS9kZXYubG9nZXIuY20vdmFyL2NhY2hlL2Rldi9wcm9maWxlci9hOS9kNS8yZmQ1YTk%3D HTTP/2.0" 200 19568 "-" "Mozilla/5.0 AppleWebKit/537.36 (KHTML, like Gecko; compatible; ClaudeBot/1.0; +claudebot@anthropic.com)"
44.205.74.196 - - [29/Dec/2025:13:20:00 +0100] "GET /var/cache/dev/611732/?action=header&path=/home/logercm/dev.loger.cm/var/cache/dev/profiler/97/ae HTTP/1.1" 200 1844 "-" "Mozilla/5.0 AppleWebKit/537.36 (KHTML, like Gecko; compatible; Amazonbot/0.1; +https://developer.amazon.com/support/amazonbot) Chrome/119.0.6045.214 Safari/537.36"
