66.249.68.66 - - [30/Dec/2025:03:56:58 +0100] "GET /?o=41796217682401 HTTP/1.1" 200 27021 "-" "Mozilla/5.0 (Linux; Android 6.0.1; Nexus 5X Build/MMB29P) AppleWebKit/537.36 (KHTML, like Gecko) Chrome/141.0.7390.122 Mobile Safari/537.36 (compatible; Googlebot/2.1; +http://www.google.com/bot.html)"
57.141.18.116 - - [30/Dec/2025:03:57:07 +0100] "GET /?o=53821115171201 HTTP/2.0" 200 - "-" "meta-externalagent/1.1 (+https://developers.facebook.com/docs/sharing/webmasters/crawler)"
66.249.68.68 - - [30/Dec/2025:03:57:15 +0100] "GET /?o=881601741900 HTTP/1.1" 200 26284 "-" "Mozilla/5.0 (Linux; Android 6.0.1; Nexus 5X Build/MMB29P) AppleWebKit/537.36 (KHTML, like Gecko) Chrome/141.0.7390.122 Mobile Safari/537.36 (compatible; Googlebot/2.1; +http://www.google.com/bot.html)"
66.249.68.66 - - [30/Dec/2025:03:57:19 +0100] "GET /?o=8717841330505 HTTP/1.1" 200 25866 "-" "Mozilla/5.0 (Linux; Android 6.0.1; Nexus 5X Build/MMB29P) AppleWebKit/537.36 (KHTML, like Gecko) Chrome/141.0.7390.122 Mobile Safari/537.36 (compatible; Googlebot/2.1; +http://www.google.com/bot.html)"
66.249.68.66 - - [30/Dec/2025:03:57:23 +0100] "GET /?o=07712173655400 HTTP/1.1" 200 26215 "-" "Mozilla/5.0 (Linux; Android 6.0.1; Nexus 5X Build/MMB29P) AppleWebKit/537.36 (KHTML, like Gecko) Chrome/141.0.7390.122 Mobile Safari/537.36 (compatible; Googlebot/2.1; +http://www.google.com/bot.html)"
57.141.18.13 - - [30/Dec/2025:03:57:30 +0100] "GET /?o=13187135871702 HTTP/2.0" 200 - "-" "meta-externalagent/1.1 (+https://developers.facebook.com/docs/sharing/webmasters/crawler)"
66.249.68.66 - - [30/Dec/2025:03:57:31 +0100] "GET /?o=7927527422105 HTTP/1.1" 200 26104 "-" "Mozilla/5.0 (Linux; Android 6.0.1; Nexus 5X Build/MMB29P) AppleWebKit/537.36 (KHTML, like Gecko) Chrome/141.0.7390.122 Mobile Safari/537.36 (compatible; Googlebot/2.1; +http://www.google.com/bot.html)"
57.141.18.0 - - [30/Dec/2025:03:58:05 +0100] "GET /?o=140997387002 HTTP/2.0" 200 - "-" "meta-externalagent/1.1 (+https://developers.facebook.com/docs/sharing/webmasters/crawler)"
66.249.68.68 - - [30/Dec/2025:03:58:12 +0100] "GET /?o=94097212903600 HTTP/1.1" 200 25933 "-" "Mozilla/5.0 (Linux; Android 6.0.1; Nexus 5X Build/MMB29P) AppleWebKit/537.36 (KHTML, like Gecko) Chrome/141.0.7390.122 Mobile Safari/537.36 (compatible; Googlebot/2.1; +http://www.google.com/bot.html)"
66.249.68.67 - - [30/Dec/2025:03:58:16 +0100] "GET /?o=11730108854700 HTTP/1.1" 200 26347 "-" "Mozilla/5.0 (Linux; Android 6.0.1; Nexus 5X Build/MMB29P) AppleWebKit/537.36 (KHTML, like Gecko) Chrome/141.0.7390.122 Mobile Safari/537.36 (compatible; Googlebot/2.1; +http://www.google.com/bot.html)"
66.249.68.66 - - [30/Dec/2025:03:58:20 +0100] "GET /?o=31293236718910 HTTP/1.1" 200 26172 "-" "Mozilla/5.0 (Linux; Android 6.0.1; Nexus 5X Build/MMB29P) AppleWebKit/537.36 (KHTML, like Gecko) Chrome/141.0.7390.122 Mobile Safari/537.36 (compatible; Googlebot/2.1; +http://www.google.com/bot.html)"
57.141.18.37 - - [30/Dec/2025:03:58:25 +0100] "GET /?o=01228212501901 HTTP/2.0" 200 - "-" "meta-externalagent/1.1 (+https://developers.facebook.com/docs/sharing/webmasters/crawler)"
51.68.247.193 - - [30/Dec/2025:03:58:40 +0100] "GET /2024/11/20/guide-de-conformite-reglementaire-binance-coin-2024-1-8-5-106/ HTTP/2.0" 200 - "-" "Mozilla/5.0 (compatible; AhrefsBot/7.0; +http://ahrefs.com/robot/)"
66.249.68.66 - - [30/Dec/2025:03:58:48 +0100] "GET /?o=0111152055702 HTTP/1.1" 200 26432 "-" "Mozilla/5.0 (Linux; Android 6.0.1; Nexus 5X Build/MMB29P) AppleWebKit/537.36 (KHTML, like Gecko) Chrome/141.0.7390.122 Mobile Safari/537.36 (compatible; Googlebot/2.1; +http://www.google.com/bot.html)"
66.249.68.66 - - [30/Dec/2025:03:59:01 +0100] "GET /?o=8278760315300 HTTP/1.1" 200 26021 "-" "Mozilla/5.0 (Linux; Android 6.0.1; Nexus 5X Build/MMB29P) AppleWebKit/537.36 (KHTML, like Gecko) Chrome/141.0.7390.122 Mobile Safari/537.36 (compatible; Googlebot/2.1; +http://www.google.com/bot.html)"
66.249.68.67 - - [30/Dec/2025:03:59:29 +0100] "GET /?o=22255219127404 HTTP/1.1" 200 26203 "-" "Mozilla/5.0 (Linux; Android 6.0.1; Nexus 5X Build/MMB29P) AppleWebKit/537.36 (KHTML, like Gecko) Chrome/141.0.7390.122 Mobile Safari/537.36 (compatible; Googlebot/2.1; +http://www.google.com/bot.html)"
57.141.18.27 - - [30/Dec/2025:03:59:37 +0100] "GET /?o=68134145806800 HTTP/2.0" 200 - "-" "meta-externalagent/1.1 (+https://developers.facebook.com/docs/sharing/webmasters/crawler)"
146.88.233.70 - - [30/Dec/2025:03:59:40 +0100] "POST /wp-cron.php?doing_wp_cron=1767063580.2009859085083007812500 HTTP/1.1" 403 - "-" "WordPress/6.8.3; https://www.loger.cm"
205.185.121.77 - - [30/Dec/2025:03:59:25 +0100] "GET /wp-login.php HTTP/1.1" 200 18529 "-" "Mozilla/5.0 (X11; Linux x86_64) AppleWebKit/537.36 (KHTML, like Gecko) Ubuntu Chromium/34.0.1847.116 Chrome/34.0.1847.116 Safari/537.36"
57.141.18.79 - - [30/Dec/2025:03:59:40 +0100] "GET /?o=2889186189000 HTTP/2.0" 200 - "-" "meta-externalagent/1.1 (+https://developers.facebook.com/docs/sharing/webmasters/crawler)"
66.249.68.66 - - [30/Dec/2025:03:59:50 +0100] "GET /?o=73982255826403 HTTP/1.1" 200 26538 "-" "Mozilla/5.0 (Linux; Android 6.0.1; Nexus 5X Build/MMB29P) AppleWebKit/537.36 (KHTML, like Gecko) Chrome/141.0.7390.122 Mobile Safari/537.36 (compatible; Googlebot/2.1; +http://www.google.com/bot.html)"
66.249.68.66 - - [30/Dec/2025:04:00:29 +0100] "GET /?o=24987124485201 HTTP/1.1" 200 26539 "-" "Mozilla/5.0 (Linux; Android 6.0.1; Nexus 5X Build/MMB29P) AppleWebKit/537.36 (KHTML, like Gecko) Chrome/141.0.7390.122 Mobile Safari/537.36 (compatible; Googlebot/2.1; +http://www.google.com/bot.html)"
66.249.68.68 - - [30/Dec/2025:04:00:31 +0100] "GET /?o=88046183906001 HTTP/1.1" 200 25727 "-" "Mozilla/5.0 (Linux; Android 6.0.1; Nexus 5X Build/MMB29P) AppleWebKit/537.36 (KHTML, like Gecko) Chrome/141.0.7390.122 Mobile Safari/537.36 (compatible; Googlebot/2.1; +http://www.google.com/bot.html)"
57.141.18.12 - - [30/Dec/2025:04:00:34 +0100] "GET /?o=86305144077300 HTTP/2.0" 200 - "-" "meta-externalagent/1.1 (+https://developers.facebook.com/docs/sharing/webmasters/crawler)"
66.249.68.66 - - [30/Dec/2025:04:00:35 +0100] "GET /?o=2759842105701 HTTP/1.1" 200 25608 "-" "Mozilla/5.0 (Linux; Android 6.0.1; Nexus 5X Build/MMB29P) AppleWebKit/537.36 (KHTML, like Gecko) Chrome/141.0.7390.122 Mobile Safari/537.36 (compatible; Googlebot/2.1; +http://www.google.com/bot.html)"
66.249.68.66 - - [30/Dec/2025:04:00:39 +0100] "GET /?o=39992214368801 HTTP/1.1" 200 26322 "-" "Mozilla/5.0 (Linux; Android 6.0.1; Nexus 5X Build/MMB29P) AppleWebKit/537.36 (KHTML, like Gecko) Chrome/141.0.7390.122 Mobile Safari/537.36 (compatible; Googlebot/2.1; +http://www.google.com/bot.html)"
66.249.68.66 - - [30/Dec/2025:04:00:43 +0100] "GET /?o=2209556601903 HTTP/1.1" 200 25553 "-" "Mozilla/5.0 (Linux; Android 6.0.1; Nexus 5X Build/MMB29P) AppleWebKit/537.36 (KHTML, like Gecko) Chrome/141.0.7390.122 Mobile Safari/537.36 (compatible; Googlebot/2.1; +http://www.google.com/bot.html)"
66.249.68.66 - - [30/Dec/2025:04:00:55 +0100] "GET /?o=21780154132201 HTTP/1.1" 200 26204 "-" "Mozilla/5.0 (Linux; Android 6.0.1; Nexus 5X Build/MMB29P) AppleWebKit/537.36 (KHTML, like Gecko) Chrome/141.0.7390.122 Mobile Safari/537.36 (compatible; Googlebot/2.1; +http://www.google.com/bot.html)"
66.249.68.68 - - [30/Dec/2025:04:01:07 +0100] "GET /?o=92691167430600 HTTP/1.1" 200 26478 "-" "Mozilla/5.0 (Linux; Android 6.0.1; Nexus 5X Build/MMB29P) AppleWebKit/537.36 (KHTML, like Gecko) Chrome/141.0.7390.122 Mobile Safari/537.36 (compatible; Googlebot/2.1; +http://www.google.com/bot.html)"
57.141.18.26 - - [30/Dec/2025:04:01:09 +0100] "GET /?o=90772175497600 HTTP/2.0" 200 - "-" "meta-externalagent/1.1 (+https://developers.facebook.com/docs/sharing/webmasters/crawler)"
66.249.68.67 - - [30/Dec/2025:04:01:12 +0100] "GET /?o=70212193630500 HTTP/1.1" 200 26014 "-" "Mozilla/5.0 (Linux; Android 6.0.1; Nexus 5X Build/MMB29P) AppleWebKit/537.36 (KHTML, like Gecko) Chrome/141.0.7390.122 Mobile Safari/537.36 (compatible; Googlebot/2.1; +http://www.google.com/bot.html)"
92.222.104.213 - - [30/Dec/2025:04:01:25 +0100] "GET /2024/11/20/guida-completa-al-contratto-legale-bitcoin-2024-1-8-6-128/ HTTP/2.0" 200 - "-" "Mozilla/5.0 (compatible; AhrefsBot/7.0; +http://ahrefs.com/robot/)"
66.249.68.66 - - [30/Dec/2025:04:01:48 +0100] "GET /?o=239851944603 HTTP/1.1" 200 25688 "-" "Mozilla/5.0 (Linux; Android 6.0.1; Nexus 5X Build/MMB29P) AppleWebKit/537.36 (KHTML, like Gecko) Chrome/141.0.7390.122 Mobile Safari/537.36 (compatible; Googlebot/2.1; +http://www.google.com/bot.html)"
66.249.68.68 - - [30/Dec/2025:04:02:01 +0100] "GET /?o=94902202428603 HTTP/1.1" 200 26298 "-" "Mozilla/5.0 (Linux; Android 6.0.1; Nexus 5X Build/MMB29P) AppleWebKit/537.36 (KHTML, like Gecko) Chrome/141.0.7390.122 Mobile Safari/537.36 (compatible; Googlebot/2.1; +http://www.google.com/bot.html)"
66.249.68.66 - - [30/Dec/2025:04:02:04 +0100] "GET /?o=54890104024400 HTTP/1.1" 200 26552 "-" "Mozilla/5.0 (Linux; Android 6.0.1; Nexus 5X Build/MMB29P) AppleWebKit/537.36 (KHTML, like Gecko) Chrome/141.0.7390.122 Mobile Safari/537.36 (compatible; Googlebot/2.1; +http://www.google.com/bot.html)"
66.249.68.67 - - [30/Dec/2025:04:02:09 +0100] "GET /?o=78991160228806 HTTP/1.1" 200 26383 "-" "Mozilla/5.0 (Linux; Android 6.0.1; Nexus 5X Build/MMB29P) AppleWebKit/537.36 (KHTML, like Gecko) Chrome/141.0.7390.122 Mobile Safari/537.36 (compatible; Googlebot/2.1; +http://www.google.com/bot.html)"
57.141.18.45 - - [30/Dec/2025:04:02:37 +0100] "GET /?o=75229272599803 HTTP/2.0" 200 - "-" "meta-externalagent/1.1 (+https://developers.facebook.com/docs/sharing/webmasters/crawler)"
57.141.18.105 - - [30/Dec/2025:04:02:40 +0100] "GET /?o=99048250306500 HTTP/2.0" 200 - "-" "meta-externalagent/1.1 (+https://developers.facebook.com/docs/sharing/webmasters/crawler)"
66.249.68.66 - - [30/Dec/2025:04:02:53 +0100] "GET /?o=11247108288408 HTTP/1.1" 200 26524 "-" "Mozilla/5.0 (Linux; Android 6.0.1; Nexus 5X Build/MMB29P) AppleWebKit/537.36 (KHTML, like Gecko) Chrome/141.0.7390.122 Mobile Safari/537.36 (compatible; Googlebot/2.1; +http://www.google.com/bot.html)"
66.249.68.66 - - [30/Dec/2025:04:02:57 +0100] "GET /?o=0835193350700 HTTP/1.1" 200 25836 "-" "Mozilla/5.0 (Linux; Android 6.0.1; Nexus 5X Build/MMB29P) AppleWebKit/537.36 (KHTML, like Gecko) Chrome/141.0.7390.122 Mobile Safari/537.36 (compatible; Googlebot/2.1; +http://www.google.com/bot.html)"
66.249.68.67 - - [30/Dec/2025:04:03:01 +0100] "GET /?o=98978145944202 HTTP/1.1" 200 26873 "-" "Mozilla/5.0 (Linux; Android 6.0.1; Nexus 5X Build/MMB29P) AppleWebKit/537.36 (KHTML, like Gecko) Chrome/141.0.7390.122 Mobile Safari/537.36 (compatible; Googlebot/2.1; +http://www.google.com/bot.html)"
66.249.68.66 - - [30/Dec/2025:04:03:05 +0100] "GET /?o=25302167506501 HTTP/1.1" 200 26205 "-" "Mozilla/5.0 (Linux; Android 6.0.1; Nexus 5X Build/MMB29P) AppleWebKit/537.36 (KHTML, like Gecko) Chrome/141.0.7390.122 Mobile Safari/537.36 (compatible; Googlebot/2.1; +http://www.google.com/bot.html)"
66.249.68.67 - - [30/Dec/2025:04:03:07 +0100] "GET /wp-content/uploads/2020/01/C297KraXUAAy_Yf.png HTTP/1.1" 304 - "-" "Googlebot-Image/1.0"
66.249.68.66 - - [30/Dec/2025:04:03:09 +0100] "GET /?o=72142141224403 HTTP/1.1" 200 26448 "-" "Mozilla/5.0 (Linux; Android 6.0.1; Nexus 5X Build/MMB29P) AppleWebKit/537.36 (KHTML, like Gecko) Chrome/141.0.7390.122 Mobile Safari/537.36 (compatible; Googlebot/2.1; +http://www.google.com/bot.html)"
66.249.68.66 - - [30/Dec/2025:04:03:13 +0100] "GET /?o=40095293310301 HTTP/1.1" 200 26392 "-" "Mozilla/5.0 (Linux; Android 6.0.1; Nexus 5X Build/MMB29P) AppleWebKit/537.36 (KHTML, like Gecko) Chrome/141.0.7390.122 Mobile Safari/537.36 (compatible; Googlebot/2.1; +http://www.google.com/bot.html)"
66.249.68.66 - - [30/Dec/2025:04:03:18 +0100] "GET /?o=077811588102 HTTP/1.1" 200 26149 "-" "Mozilla/5.0 (Linux; Android 6.0.1; Nexus 5X Build/MMB29P) AppleWebKit/537.36 (KHTML, like Gecko) Chrome/141.0.7390.122 Mobile Safari/537.36 (compatible; Googlebot/2.1; +http://www.google.com/bot.html)"
66.249.68.66 - - [30/Dec/2025:04:03:26 +0100] "GET /?o=11202110629602 HTTP/1.1" 200 26703 "-" "Mozilla/5.0 (Linux; Android 6.0.1; Nexus 5X Build/MMB29P) AppleWebKit/537.36 (KHTML, like Gecko) Chrome/141.0.7390.122 Mobile Safari/537.36 (compatible; Googlebot/2.1; +http://www.google.com/bot.html)"
57.141.18.108 - - [30/Dec/2025:04:03:27 +0100] "GET /?o=8902731561201 HTTP/2.0" 200 - "-" "meta-externalagent/1.1 (+https://developers.facebook.com/docs/sharing/webmasters/crawler)"
66.249.68.66 - - [30/Dec/2025:04:03:50 +0100] "GET /?o=96837114993200 HTTP/1.1" 200 26400 "-" "Mozilla/5.0 (Linux; Android 6.0.1; Nexus 5X Build/MMB29P) AppleWebKit/537.36 (KHTML, like Gecko) Chrome/141.0.7390.122 Mobile Safari/537.36 (compatible; Googlebot/2.1; +http://www.google.com/bot.html)"
66.249.68.66 - - [30/Dec/2025:04:03:54 +0100] "GET /?o=80819221626003 HTTP/1.1" 200 27205 "-" "Mozilla/5.0 (Linux; Android 6.0.1; Nexus 5X Build/MMB29P) AppleWebKit/537.36 (KHTML, like Gecko) Chrome/141.0.7390.122 Mobile Safari/537.36 (compatible; Googlebot/2.1; +http://www.google.com/bot.html)"
66.249.68.66 - - [30/Dec/2025:04:03:58 +0100] "GET /?o=8786888036106 HTTP/1.1" 200 25300 "-" "Mozilla/5.0 (Linux; Android 6.0.1; Nexus 5X Build/MMB29P) AppleWebKit/537.36 (KHTML, like Gecko) Chrome/141.0.7390.122 Mobile Safari/537.36 (compatible; Googlebot/2.1; +http://www.google.com/bot.html)"
66.249.68.68 - - [30/Dec/2025:04:04:03 +0100] "GET /?o=82813246721806 HTTP/1.1" 200 25658 "-" "Mozilla/5.0 (Linux; Android 6.0.1; Nexus 5X Build/MMB29P) AppleWebKit/537.36 (KHTML, like Gecko) Chrome/141.0.7390.122 Mobile Safari/537.36 (compatible; Googlebot/2.1; +http://www.google.com/bot.html)"
94.23.188.198 - - [30/Dec/2025:04:04:06 +0100] "GET /2024/11/20/guida-alla-configurazione-del-portafoglio-chainlink-2024-3-8-1-25/ HTTP/2.0" 200 - "-" "Mozilla/5.0 (compatible; AhrefsBot/7.0; +http://ahrefs.com/robot/)"
66.249.68.67 - - [30/Dec/2025:04:04:15 +0100] "GET /?o=02988258302000 HTTP/1.1" 200 26010 "-" "Mozilla/5.0 (Linux; Android 6.0.1; Nexus 5X Build/MMB29P) AppleWebKit/537.36 (KHTML, like Gecko) Chrome/141.0.7390.122 Mobile Safari/537.36 (compatible; Googlebot/2.1; +http://www.google.com/bot.html)"
66.249.68.66 - - [30/Dec/2025:04:04:19 +0100] "GET /?o=11872290523901 HTTP/1.1" 200 25817 "-" "Mozilla/5.0 (Linux; Android 6.0.1; Nexus 5X Build/MMB29P) AppleWebKit/537.36 (KHTML, like Gecko) Chrome/141.0.7390.122 Mobile Safari/537.36 (compatible; Googlebot/2.1; +http://www.google.com/bot.html)"
66.249.68.67 - - [30/Dec/2025:04:04:23 +0100] "GET /?o=71410223045204 HTTP/1.1" 200 26182 "-" "Mozilla/5.0 (Linux; Android 6.0.1; Nexus 5X Build/MMB29P) AppleWebKit/537.36 (KHTML, like Gecko) Chrome/141.0.7390.122 Mobile Safari/537.36 (compatible; Googlebot/2.1; +http://www.google.com/bot.html)"
66.249.68.66 - - [30/Dec/2025:04:04:39 +0100] "GET /?o=59264221672903 HTTP/1.1" 200 26371 "-" "Mozilla/5.0 (Linux; Android 6.0.1; Nexus 5X Build/MMB29P) AppleWebKit/537.36 (KHTML, like Gecko) Chrome/141.0.7390.122 Mobile Safari/537.36 (compatible; Googlebot/2.1; +http://www.google.com/bot.html)"
57.141.18.91 - - [30/Dec/2025:04:05:04 +0100] "GET /?o=02796287522500 HTTP/2.0" 200 - "-" "meta-externalagent/1.1 (+https://developers.facebook.com/docs/sharing/webmasters/crawler)"
66.249.68.66 - - [30/Dec/2025:04:05:17 +0100] "GET /?o=21793169110002 HTTP/1.1" 200 26336 "-" "Mozilla/5.0 (Linux; Android 6.0.1; Nexus 5X Build/MMB29P) AppleWebKit/537.36 (KHTML, like Gecko) Chrome/141.0.7390.122 Mobile Safari/537.36 (compatible; Googlebot/2.1; +http://www.google.com/bot.html)"
66.249.68.67 - - [30/Dec/2025:04:05:22 +0100] "GET /?o=1717126519203 HTTP/1.1" 200 26319 "-" "Mozilla/5.0 (Linux; Android 6.0.1; Nexus 5X Build/MMB29P) AppleWebKit/537.36 (KHTML, like Gecko) Chrome/141.0.7390.122 Mobile Safari/537.36 (compatible; Googlebot/2.1; +http://www.google.com/bot.html)"
66.249.68.66 - - [30/Dec/2025:04:05:34 +0100] "GET /?o=79137134839402 HTTP/1.1" 200 27023 "-" "Mozilla/5.0 (Linux; Android 6.0.1; Nexus 5X Build/MMB29P) AppleWebKit/537.36 (KHTML, like Gecko) Chrome/141.0.7390.122 Mobile Safari/537.36 (compatible; Googlebot/2.1; +http://www.google.com/bot.html)"
57.141.18.10 - - [30/Dec/2025:04:05:43 +0100] "GET /?o=97617283568202 HTTP/2.0" 200 - "-" "meta-externalagent/1.1 (+https://developers.facebook.com/docs/sharing/webmasters/crawler)"
66.249.68.66 - - [30/Dec/2025:04:05:46 +0100] "GET /?o=6789928959306 HTTP/1.1" 200 25390 "-" "Mozilla/5.0 (Linux; Android 6.0.1; Nexus 5X Build/MMB29P) AppleWebKit/537.36 (KHTML, like Gecko) Chrome/141.0.7390.122 Mobile Safari/537.36 (compatible; Googlebot/2.1; +http://www.google.com/bot.html)"
57.141.18.111 - - [30/Dec/2025:04:06:24 +0100] "GET /?o=91648123856101 HTTP/2.0" 200 - "-" "meta-externalagent/1.1 (+https://developers.facebook.com/docs/sharing/webmasters/crawler)"
66.249.68.68 - - [30/Dec/2025:04:06:31 +0100] "GET /?o=91070199973300 HTTP/1.1" 200 25989 "-" "Mozilla/5.0 (Linux; Android 6.0.1; Nexus 5X Build/MMB29P) AppleWebKit/537.36 (KHTML, like Gecko) Chrome/141.0.7390.122 Mobile Safari/537.36 (compatible; Googlebot/2.1; +http://www.google.com/bot.html)"
66.249.68.66 - - [30/Dec/2025:04:06:35 +0100] "GET /?o=9484152402701 HTTP/1.1" 200 26018 "-" "Mozilla/5.0 (Linux; Android 6.0.1; Nexus 5X Build/MMB29P) AppleWebKit/537.36 (KHTML, like Gecko) Chrome/141.0.7390.122 Mobile Safari/537.36 (compatible; Googlebot/2.1; +http://www.google.com/bot.html)"
66.249.68.66 - - [30/Dec/2025:04:06:39 +0100] "GET /?o=49977234195602 HTTP/1.1" 200 26020 "-" "Mozilla/5.0 (Linux; Android 6.0.1; Nexus 5X Build/MMB29P) AppleWebKit/537.36 (KHTML, like Gecko) Chrome/141.0.7390.122 Mobile Safari/537.36 (compatible; Googlebot/2.1; +http://www.google.com/bot.html)"
57.141.18.34 - - [30/Dec/2025:04:06:40 +0100] "GET /?o=19698140473000 HTTP/2.0" 200 - "-" "meta-externalagent/1.1 (+https://developers.facebook.com/docs/sharing/webmasters/crawler)"
66.249.68.66 - - [30/Dec/2025:04:06:43 +0100] "GET /?o=97109156400001 HTTP/1.1" 200 26153 "-" "Mozilla/5.0 (Linux; Android 6.0.1; Nexus 5X Build/MMB29P) AppleWebKit/537.36 (KHTML, like Gecko) Chrome/141.0.7390.122 Mobile Safari/537.36 (compatible; Googlebot/2.1; +http://www.google.com/bot.html)"
66.249.68.66 - - [30/Dec/2025:04:06:47 +0100] "GET /?o=86066198860702 HTTP/1.1" 200 25689 "-" "Mozilla/5.0 (Linux; Android 6.0.1; Nexus 5X Build/MMB29P) AppleWebKit/537.36 (KHTML, like Gecko) Chrome/141.0.7390.122 Mobile Safari/537.36 (compatible; Googlebot/2.1; +http://www.google.com/bot.html)"
114.119.143.207 - - [30/Dec/2025:04:06:47 +0100] "GET /wp-includes/js/dist/vendor/wp-polyfill-formdata.min.js HTTP/1.1" 200 3151 "https://www.loger.cm/wp-includes/js/dist/vendor/" "Mozilla/5.0 (Linux; Android 7.0;) AppleWebKit/537.36 (KHTML, like Gecko) Mobile Safari/537.36 (compatible; PetalBot;+https://webmaster.petalsearch.com/site/petalbot)"
66.249.68.66 - - [30/Dec/2025:04:06:51 +0100] "GET /?o=73771117261300 HTTP/1.1" 200 25734 "-" "Mozilla/5.0 (Linux; Android 6.0.1; Nexus 5X Build/MMB29P) AppleWebKit/537.36 (KHTML, like Gecko) Chrome/141.0.7390.122 Mobile Safari/537.36 (compatible; Googlebot/2.1; +http://www.google.com/bot.html)"
51.68.247.199 - - [30/Dec/2025:04:06:53 +0100] "GET /2024/11/20/guia-completo-da-documentacao-da-api-stellar-2024-4-2-9-6/ HTTP/2.0" 200 - "-" "Mozilla/5.0 (compatible; AhrefsBot/7.0; +http://ahrefs.com/robot/)"
66.249.68.67 - - [30/Dec/2025:04:07:20 +0100] "GET /?o=90891134640603 HTTP/1.1" 200 26453 "-" "Mozilla/5.0 (Linux; Android 6.0.1; Nexus 5X Build/MMB29P) AppleWebKit/537.36 (KHTML, like Gecko) Chrome/141.0.7390.122 Mobile Safari/537.36 (compatible; Googlebot/2.1; +http://www.google.com/bot.html)"
66.249.68.66 - - [30/Dec/2025:04:07:24 +0100] "GET /?o=1895345887102 HTTP/1.1" 200 26187 "-" "Mozilla/5.0 (Linux; Android 6.0.1; Nexus 5X Build/MMB29P) AppleWebKit/537.36 (KHTML, like Gecko) Chrome/141.0.7390.122 Mobile Safari/537.36 (compatible; Googlebot/2.1; +http://www.google.com/bot.html)"
66.249.68.66 - - [30/Dec/2025:04:07:27 +0100] "GET /?o=36246267871800 HTTP/1.1" 200 25855 "-" "Mozilla/5.0 (Linux; Android 6.0.1; Nexus 5X Build/MMB29P) AppleWebKit/537.36 (KHTML, like Gecko) Chrome/141.0.7390.122 Mobile Safari/537.36 (compatible; Googlebot/2.1; +http://www.google.com/bot.html)"
66.249.68.66 - - [30/Dec/2025:04:07:31 +0100] "GET /?o=72459290770803 HTTP/1.1" 200 26491 "-" "Mozilla/5.0 (Linux; Android 6.0.1; Nexus 5X Build/MMB29P) AppleWebKit/537.36 (KHTML, like Gecko) Chrome/141.0.7390.122 Mobile Safari/537.36 (compatible; Googlebot/2.1; +http://www.google.com/bot.html)"
57.141.18.85 - - [30/Dec/2025:04:07:39 +0100] "GET /?o=23221189410802 HTTP/2.0" 200 - "-" "meta-externalagent/1.1 (+https://developers.facebook.com/docs/sharing/webmasters/crawler)"
66.249.68.66 - - [30/Dec/2025:04:07:44 +0100] "GET /?o=44315289087204 HTTP/1.1" 200 26058 "-" "Mozilla/5.0 (Linux; Android 6.0.1; Nexus 5X Build/MMB29P) AppleWebKit/537.36 (KHTML, like Gecko) Chrome/141.0.7390.122 Mobile Safari/537.36 (compatible; Googlebot/2.1; +http://www.google.com/bot.html)"
66.249.68.66 - - [30/Dec/2025:04:07:48 +0100] "GET /?o=91973281616400 HTTP/1.1" 200 26486 "-" "Mozilla/5.0 (Linux; Android 6.0.1; Nexus 5X Build/MMB29P) AppleWebKit/537.36 (KHTML, like Gecko) Chrome/141.0.7390.122 Mobile Safari/537.36 (compatible; Googlebot/2.1; +http://www.google.com/bot.html)"
66.249.68.66 - - [30/Dec/2025:04:07:52 +0100] "GET /?o=97797171411901 HTTP/1.1" 200 26180 "-" "Mozilla/5.0 (Linux; Android 6.0.1; Nexus 5X Build/MMB29P) AppleWebKit/537.36 (KHTML, like Gecko) Chrome/141.0.7390.122 Mobile Safari/537.36 (compatible; Googlebot/2.1; +http://www.google.com/bot.html)"
66.249.68.66 - - [30/Dec/2025:04:07:56 +0100] "GET /?o=68218276533703 HTTP/1.1" 200 26290 "-" "Mozilla/5.0 (Linux; Android 6.0.1; Nexus 5X Build/MMB29P) AppleWebKit/537.36 (KHTML, like Gecko) Chrome/141.0.7390.122 Mobile Safari/537.36 (compatible; Googlebot/2.1; +http://www.google.com/bot.html)"
66.249.68.67 - - [30/Dec/2025:04:08:00 +0100] "GET /?o=4559284098000 HTTP/1.1" 200 26341 "-" "Mozilla/5.0 (Linux; Android 6.0.1; Nexus 5X Build/MMB29P) AppleWebKit/537.36 (KHTML, like Gecko) Chrome/141.0.7390.122 Mobile Safari/537.36 (compatible; Googlebot/2.1; +http://www.google.com/bot.html)"
66.249.68.67 - - [30/Dec/2025:04:08:08 +0100] "GET /?o=73208214418305 HTTP/1.1" 200 25838 "-" "Mozilla/5.0 (Linux; Android 6.0.1; Nexus 5X Build/MMB29P) AppleWebKit/537.36 (KHTML, like Gecko) Chrome/141.0.7390.122 Mobile Safari/537.36 (compatible; Googlebot/2.1; +http://www.google.com/bot.html)"
66.249.68.66 - - [30/Dec/2025:04:08:33 +0100] "GET /?o=1494679736800 HTTP/1.1" 200 26225 "-" "Mozilla/5.0 (Linux; Android 6.0.1; Nexus 5X Build/MMB29P) AppleWebKit/537.36 (KHTML, like Gecko) Chrome/141.0.7390.122 Mobile Safari/537.36 (compatible; Googlebot/2.1; +http://www.google.com/bot.html)"
66.249.68.66 - - [30/Dec/2025:04:08:45 +0100] "GET /?o=77189201811702 HTTP/1.1" 200 26058 "-" "Mozilla/5.0 (Linux; Android 6.0.1; Nexus 5X Build/MMB29P) AppleWebKit/537.36 (KHTML, like Gecko) Chrome/141.0.7390.122 Mobile Safari/537.36 (compatible; Googlebot/2.1; +http://www.google.com/bot.html)"
66.249.68.66 - - [30/Dec/2025:04:08:49 +0100] "GET /?o=8489686484800 HTTP/1.1" 200 27118 "-" "Mozilla/5.0 (Linux; Android 6.0.1; Nexus 5X Build/MMB29P) AppleWebKit/537.36 (KHTML, like Gecko) Chrome/141.0.7390.122 Mobile Safari/537.36 (compatible; Googlebot/2.1; +http://www.google.com/bot.html)"
66.249.68.66 - - [30/Dec/2025:04:08:53 +0100] "GET /?o=0056984682504 HTTP/1.1" 200 25934 "-" "Mozilla/5.0 (Linux; Android 6.0.1; Nexus 5X Build/MMB29P) AppleWebKit/537.36 (KHTML, like Gecko) Chrome/141.0.7390.122 Mobile Safari/537.36 (compatible; Googlebot/2.1; +http://www.google.com/bot.html)"
57.141.18.72 - - [30/Dec/2025:04:09:00 +0100] "GET /?o=19980142820109 HTTP/2.0" 200 - "-" "meta-externalagent/1.1 (+https://developers.facebook.com/docs/sharing/webmasters/crawler)"
66.249.68.68 - - [30/Dec/2025:04:09:14 +0100] "GET /?o=57887131331606 HTTP/1.1" 200 25827 "-" "Mozilla/5.0 (Linux; Android 6.0.1; Nexus 5X Build/MMB29P) AppleWebKit/537.36 (KHTML, like Gecko) Chrome/141.0.7390.122 Mobile Safari/537.36 (compatible; Googlebot/2.1; +http://www.google.com/bot.html)"
66.249.68.67 - - [30/Dec/2025:04:09:18 +0100] "GET /?o=00849164944204 HTTP/1.1" 200 26799 "-" "Mozilla/5.0 (Linux; Android 6.0.1; Nexus 5X Build/MMB29P) AppleWebKit/537.36 (KHTML, like Gecko) Chrome/141.0.7390.122 Mobile Safari/537.36 (compatible; Googlebot/2.1; +http://www.google.com/bot.html)"
66.249.68.66 - - [30/Dec/2025:04:09:30 +0100] "GET /?o=68994205577000 HTTP/1.1" 200 26649 "-" "Mozilla/5.0 (Linux; Android 6.0.1; Nexus 5X Build/MMB29P) AppleWebKit/537.36 (KHTML, like Gecko) Chrome/141.0.7390.122 Mobile Safari/537.36 (compatible; Googlebot/2.1; +http://www.google.com/bot.html)"
5.39.1.251 - - [30/Dec/2025:04:09:37 +0100] "GET /2024/11/20/eos-audit-report-2024-3-2-2-comprehensive-software-documentation-78/ HTTP/2.0" 200 - "-" "Mozilla/5.0 (compatible; AhrefsBot/7.0; +http://ahrefs.com/robot/)"
57.141.18.8 - - [30/Dec/2025:04:09:51 +0100] "GET /?o=3421128779804 HTTP/2.0" 200 - "-" "meta-externalagent/1.1 (+https://developers.facebook.com/docs/sharing/webmasters/crawler)"
57.141.18.27 - - [30/Dec/2025:04:09:51 +0100] "GET /?o=40227292087902 HTTP/2.0" 200 - "-" "meta-externalagent/1.1 (+https://developers.facebook.com/docs/sharing/webmasters/crawler)"
66.249.68.66 - - [30/Dec/2025:04:09:59 +0100] "GET /?o=47790295229202 HTTP/1.1" 200 25754 "-" "Mozilla/5.0 (Linux; Android 6.0.1; Nexus 5X Build/MMB29P) AppleWebKit/537.36 (KHTML, like Gecko) Chrome/141.0.7390.122 Mobile Safari/537.36 (compatible; Googlebot/2.1; +http://www.google.com/bot.html)"
57.141.18.102 - - [30/Dec/2025:04:10:00 +0100] "GET /?o=36951232301700 HTTP/2.0" 200 - "-" "meta-externalagent/1.1 (+https://developers.facebook.com/docs/sharing/webmasters/crawler)"
57.141.18.93 - - [30/Dec/2025:04:10:02 +0100] "GET /?o=38662261699301 HTTP/2.0" 200 - "-" "meta-externalagent/1.1 (+https://developers.facebook.com/docs/sharing/webmasters/crawler)"
66.249.68.66 - - [30/Dec/2025:04:10:03 +0100] "GET /?o=9051295966204 HTTP/1.1" 200 25935 "-" "Mozilla/5.0 (Linux; Android 6.0.1; Nexus 5X Build/MMB29P) AppleWebKit/537.36 (KHTML, like Gecko) Chrome/141.0.7390.122 Mobile Safari/537.36 (compatible; Googlebot/2.1; +http://www.google.com/bot.html)"
66.249.68.66 - - [30/Dec/2025:04:10:15 +0100] "GET /?o=87057289777903 HTTP/1.1" 200 26730 "-" "Mozilla/5.0 (Linux; Android 6.0.1; Nexus 5X Build/MMB29P) AppleWebKit/537.36 (KHTML, like Gecko) Chrome/141.0.7390.122 Mobile Safari/537.36 (compatible; Googlebot/2.1; +http://www.google.com/bot.html)"
66.249.68.66 - - [30/Dec/2025:04:10:19 +0100] "GET /?o=33878129622002 HTTP/1.1" 200 26306 "-" "Mozilla/5.0 (Linux; Android 6.0.1; Nexus 5X Build/MMB29P) AppleWebKit/537.36 (KHTML, like Gecko) Chrome/141.0.7390.122 Mobile Safari/537.36 (compatible; Googlebot/2.1; +http://www.google.com/bot.html)"
66.249.68.66 - - [30/Dec/2025:04:10:23 +0100] "GET /?o=33687132155003 HTTP/1.1" 200 26335 "-" "Mozilla/5.0 (Linux; Android 6.0.1; Nexus 5X Build/MMB29P) AppleWebKit/537.36 (KHTML, like Gecko) Chrome/141.0.7390.122 Mobile Safari/537.36 (compatible; Googlebot/2.1; +http://www.google.com/bot.html)"
66.249.68.66 - - [30/Dec/2025:04:10:27 +0100] "GET /?o=88981183538502 HTTP/1.1" 200 26534 "-" "Mozilla/5.0 (Linux; Android 6.0.1; Nexus 5X Build/MMB29P) AppleWebKit/537.36 (KHTML, like Gecko) Chrome/141.0.7390.122 Mobile Safari/537.36 (compatible; Googlebot/2.1; +http://www.google.com/bot.html)"
66.249.68.66 - - [30/Dec/2025:04:10:31 +0100] "GET /?o=76069233254403 HTTP/1.1" 200 26626 "-" "Mozilla/5.0 (Linux; Android 6.0.1; Nexus 5X Build/MMB29P) AppleWebKit/537.36 (KHTML, like Gecko) Chrome/141.0.7390.122 Mobile Safari/537.36 (compatible; Googlebot/2.1; +http://www.google.com/bot.html)"
66.249.68.66 - - [30/Dec/2025:04:10:35 +0100] "GET /?o=91810232141205 HTTP/1.1" 200 25919 "-" "Mozilla/5.0 (Linux; Android 6.0.1; Nexus 5X Build/MMB29P) AppleWebKit/537.36 (KHTML, like Gecko) Chrome/141.0.7390.122 Mobile Safari/537.36 (compatible; Googlebot/2.1; +http://www.google.com/bot.html)"
66.249.68.66 - - [30/Dec/2025:04:10:40 +0100] "GET /?o=11373154011500 HTTP/1.1" 200 25772 "-" "Mozilla/5.0 (Linux; Android 6.0.1; Nexus 5X Build/MMB29P) AppleWebKit/537.36 (KHTML, like Gecko) Chrome/141.0.7390.122 Mobile Safari/537.36 (compatible; Googlebot/2.1; +http://www.google.com/bot.html)"
66.249.68.66 - - [30/Dec/2025:04:10:48 +0100] "GET /?o=10794230112405 HTTP/1.1" 200 26121 "-" "Mozilla/5.0 (Linux; Android 6.0.1; Nexus 5X Build/MMB29P) AppleWebKit/537.36 (KHTML, like Gecko) Chrome/141.0.7390.122 Mobile Safari/537.36 (compatible; Googlebot/2.1; +http://www.google.com/bot.html)"
66.249.68.66 - - [30/Dec/2025:04:10:56 +0100] "GET /?o=0180768073303 HTTP/1.1" 200 25583 "-" "Mozilla/5.0 (Linux; Android 6.0.1; Nexus 5X Build/MMB29P) AppleWebKit/537.36 (KHTML, like Gecko) Chrome/141.0.7390.122 Mobile Safari/537.36 (compatible; Googlebot/2.1; +http://www.google.com/bot.html)"
66.249.68.68 - - [30/Dec/2025:04:11:04 +0100] "GET /?o=80289151861400 HTTP/1.1" 200 26124 "-" "Mozilla/5.0 (Linux; Android 6.0.1; Nexus 5X Build/MMB29P) AppleWebKit/537.36 (KHTML, like Gecko) Chrome/141.0.7390.122 Mobile Safari/537.36 (compatible; Googlebot/2.1; +http://www.google.com/bot.html)"
57.141.18.4 - - [30/Dec/2025:04:11:16 +0100] "GET /?o=31929225568102 HTTP/2.0" 200 - "-" "meta-externalagent/1.1 (+https://developers.facebook.com/docs/sharing/webmasters/crawler)"
57.141.18.100 - - [30/Dec/2025:04:11:26 +0100] "GET /?o=81528147167702 HTTP/2.0" 200 - "-" "meta-externalagent/1.1 (+https://developers.facebook.com/docs/sharing/webmasters/crawler)"
66.249.68.66 - - [30/Dec/2025:04:11:29 +0100] "GET /?o=40129191139302 HTTP/1.1" 200 26065 "-" "Mozilla/5.0 (Linux; Android 6.0.1; Nexus 5X Build/MMB29P) AppleWebKit/537.36 (KHTML, like Gecko) Chrome/141.0.7390.122 Mobile Safari/537.36 (compatible; Googlebot/2.1; +http://www.google.com/bot.html)"
57.141.18.78 - - [30/Dec/2025:04:11:32 +0100] "GET /?o=2909080563401 HTTP/2.0" 200 - "-" "meta-externalagent/1.1 (+https://developers.facebook.com/docs/sharing/webmasters/crawler)"
66.249.68.66 - - [30/Dec/2025:04:11:33 +0100] "GET /?o=28711177006406 HTTP/1.1" 200 26869 "-" "Mozilla/5.0 (Linux; Android 6.0.1; Nexus 5X Build/MMB29P) AppleWebKit/537.36 (KHTML, like Gecko) Chrome/141.0.7390.122 Mobile Safari/537.36 (compatible; Googlebot/2.1; +http://www.google.com/bot.html)"
57.141.18.6 - - [30/Dec/2025:04:11:35 +0100] "GET /?o=80284237310604 HTTP/2.0" 200 - "-" "meta-externalagent/1.1 (+https://developers.facebook.com/docs/sharing/webmasters/crawler)"
66.249.68.67 - - [30/Dec/2025:04:12:09 +0100] "GET /?o=45324214846402 HTTP/1.1" 200 26212 "-" "Mozilla/5.0 (Linux; Android 6.0.1; Nexus 5X Build/MMB29P) AppleWebKit/537.36 (KHTML, like Gecko) Chrome/141.0.7390.122 Mobile Safari/537.36 (compatible; Googlebot/2.1; +http://www.google.com/bot.html)"
5.39.1.241 - - [30/Dec/2025:04:12:17 +0100] "GET /2024/11/20/eos-api-documentation-2024-4-6-8-120/ HTTP/2.0" 200 - "-" "Mozilla/5.0 (compatible; AhrefsBot/7.0; +http://ahrefs.com/robot/)"
66.249.68.66 - - [30/Dec/2025:04:12:26 +0100] "GET /?o=81137200022103 HTTP/1.1" 200 26250 "-" "Mozilla/5.0 (Linux; Android 6.0.1; Nexus 5X Build/MMB29P) AppleWebKit/537.36 (KHTML, like Gecko) Chrome/141.0.7390.122 Mobile Safari/537.36 (compatible; Googlebot/2.1; +http://www.google.com/bot.html)"
57.141.18.85 - - [30/Dec/2025:04:12:28 +0100] "GET /?o=44998157514500 HTTP/2.0" 200 - "-" "meta-externalagent/1.1 (+https://developers.facebook.com/docs/sharing/webmasters/crawler)"
66.249.68.66 - - [30/Dec/2025:04:12:30 +0100] "GET /?o=66991162371205 HTTP/1.1" 200 26106 "-" "Mozilla/5.0 (Linux; Android 6.0.1; Nexus 5X Build/MMB29P) AppleWebKit/537.36 (KHTML, like Gecko) Chrome/141.0.7390.122 Mobile Safari/537.36 (compatible; Googlebot/2.1; +http://www.google.com/bot.html)"
66.249.68.65 - - [30/Dec/2025:04:12:34 +0100] "GET /?o=23002138965200 HTTP/1.1" 200 28765 "-" "Mozilla/5.0 (Linux; Android 6.0.1; Nexus 5X Build/MMB29P) AppleWebKit/537.36 (KHTML, like Gecko) Chrome/141.0.7390.122 Mobile Safari/537.36 (compatible; Googlebot/2.1; +http://www.google.com/bot.html)"
66.249.68.66 - - [30/Dec/2025:04:12:38 +0100] "GET /?o=0771650775300 HTTP/1.1" 200 26210 "-" "Mozilla/5.0 (Linux; Android 6.0.1; Nexus 5X Build/MMB29P) AppleWebKit/537.36 (KHTML, like Gecko) Chrome/141.0.7390.122 Mobile Safari/537.36 (compatible; Googlebot/2.1; +http://www.google.com/bot.html)"
66.249.68.66 - - [30/Dec/2025:04:13:07 +0100] "GET /?o=75912273737403 HTTP/1.1" 200 26420 "-" "Mozilla/5.0 (Linux; Android 6.0.1; Nexus 5X Build/MMB29P) AppleWebKit/537.36 (KHTML, like Gecko) Chrome/141.0.7390.122 Mobile Safari/537.36 (compatible; Googlebot/2.1; +http://www.google.com/bot.html)"
57.141.18.30 - - [30/Dec/2025:04:13:08 +0100] "GET /?o=3788118108302 HTTP/2.0" 200 - "-" "meta-externalagent/1.1 (+https://developers.facebook.com/docs/sharing/webmasters/crawler)"
66.249.68.66 - - [30/Dec/2025:04:13:19 +0100] "GET /?o=4937196942101 HTTP/1.1" 200 26102 "-" "Mozilla/5.0 (Linux; Android 6.0.1; Nexus 5X Build/MMB29P) AppleWebKit/537.36 (KHTML, like Gecko) Chrome/141.0.7390.122 Mobile Safari/537.36 (compatible; Googlebot/2.1; +http://www.google.com/bot.html)"
66.249.68.66 - - [30/Dec/2025:04:13:23 +0100] "GET /?o=9035885395700 HTTP/1.1" 200 26529 "-" "Mozilla/5.0 (Linux; Android 6.0.1; Nexus 5X Build/MMB29P) AppleWebKit/537.36 (KHTML, like Gecko) Chrome/141.0.7390.122 Mobile Safari/537.36 (compatible; Googlebot/2.1; +http://www.google.com/bot.html)"
66.249.68.66 - - [30/Dec/2025:04:13:44 +0100] "GET /?o=0892845265201 HTTP/1.1" 200 25767 "-" "Mozilla/5.0 (Linux; Android 6.0.1; Nexus 5X Build/MMB29P) AppleWebKit/537.36 (KHTML, like Gecko) Chrome/141.0.7390.122 Mobile Safari/537.36 (compatible; Googlebot/2.1; +http://www.google.com/bot.html)"
66.249.68.68 - - [30/Dec/2025:04:14:28 +0100] "GET /?o=83788276537601 HTTP/1.1" 200 26751 "-" "Mozilla/5.0 (Linux; Android 6.0.1; Nexus 5X Build/MMB29P) AppleWebKit/537.36 (KHTML, like Gecko) Chrome/141.0.7390.122 Mobile Safari/537.36 (compatible; Googlebot/2.1; +http://www.google.com/bot.html)"
66.249.68.66 - - [30/Dec/2025:04:14:32 +0100] "GET /?o=04888212650504 HTTP/1.1" 200 26099 "-" "Mozilla/5.0 (Linux; Android 6.0.1; Nexus 5X Build/MMB29P) AppleWebKit/537.36 (KHTML, like Gecko) Chrome/141.0.7390.122 Mobile Safari/537.36 (compatible; Googlebot/2.1; +http://www.google.com/bot.html)"
51.68.247.208 - - [30/Dec/2025:04:14:49 +0100] "GET /2024/11/20/documentnameandversion-xrp-uoretutosetutoatupugaido-2024-4-5-4-9/ HTTP/2.0" 200 - "-" "Mozilla/5.0 (compatible; AhrefsBot/7.0; +http://ahrefs.com/robot/)"
66.249.68.66 - - [30/Dec/2025:04:14:53 +0100] "GET /?o=41014262352701 HTTP/1.1" 200 26320 "-" "Mozilla/5.0 (Linux; Android 6.0.1; Nexus 5X Build/MMB29P) AppleWebKit/537.36 (KHTML, like Gecko) Chrome/141.0.7390.122 Mobile Safari/537.36 (compatible; Googlebot/2.1; +http://www.google.com/bot.html)"
66.249.68.66 - - [30/Dec/2025:04:14:57 +0100] "GET /?o=90150141078101 HTTP/1.1" 200 25737 "-" "Mozilla/5.0 (Linux; Android 6.0.1; Nexus 5X Build/MMB29P) AppleWebKit/537.36 (KHTML, like Gecko) Chrome/141.0.7390.122 Mobile Safari/537.36 (compatible; Googlebot/2.1; +http://www.google.com/bot.html)"
66.249.68.66 - - [30/Dec/2025:04:15:01 +0100] "GET /?o=1608127622500 HTTP/1.1" 200 26501 "-" "Mozilla/5.0 (Linux; Android 6.0.1; Nexus 5X Build/MMB29P) AppleWebKit/537.36 (KHTML, like Gecko) Chrome/141.0.7390.122 Mobile Safari/537.36 (compatible; Googlebot/2.1; +http://www.google.com/bot.html)"
57.141.18.38 - - [30/Dec/2025:04:15:09 +0100] "GET /?o=03627258144506 HTTP/2.0" 200 - "-" "meta-externalagent/1.1 (+https://developers.facebook.com/docs/sharing/webmasters/crawler)"
66.249.68.67 - - [30/Dec/2025:04:15:30 +0100] "GET /?o=0214931230303 HTTP/1.1" 200 25910 "-" "Mozilla/5.0 (Linux; Android 6.0.1; Nexus 5X Build/MMB29P) AppleWebKit/537.36 (KHTML, like Gecko) Chrome/141.0.7390.122 Mobile Safari/537.36 (compatible; Googlebot/2.1; +http://www.google.com/bot.html)"
66.249.68.66 - - [30/Dec/2025:04:15:34 +0100] "GET /?o=68311258238404 HTTP/1.1" 200 26271 "-" "Mozilla/5.0 (Linux; Android 6.0.1; Nexus 5X Build/MMB29P) AppleWebKit/537.36 (KHTML, like Gecko) Chrome/141.0.7390.122 Mobile Safari/537.36 (compatible; Googlebot/2.1; +http://www.google.com/bot.html)"
66.249.68.66 - - [30/Dec/2025:04:15:38 +0100] "GET /?o=6229836558602 HTTP/1.1" 200 25894 "-" "Mozilla/5.0 (Linux; Android 6.0.1; Nexus 5X Build/MMB29P) AppleWebKit/537.36 (KHTML, like Gecko) Chrome/141.0.7390.122 Mobile Safari/537.36 (compatible; Googlebot/2.1; +http://www.google.com/bot.html)"
66.249.68.66 - - [30/Dec/2025:04:15:58 +0100] "GET /?o=97271166027304 HTTP/1.1" 200 26467 "-" "Mozilla/5.0 (Linux; Android 6.0.1; Nexus 5X Build/MMB29P) AppleWebKit/537.36 (KHTML, like Gecko) Chrome/141.0.7390.122 Mobile Safari/537.36 (compatible; Googlebot/2.1; +http://www.google.com/bot.html)"
57.141.18.14 - - [30/Dec/2025:04:16:01 +0100] "GET /?o=12121215916600 HTTP/2.0" 200 - "-" "meta-externalagent/1.1 (+https://developers.facebook.com/docs/sharing/webmasters/crawler)"
66.249.68.68 - - [30/Dec/2025:04:16:02 +0100] "GET /?o=4899983757205 HTTP/1.1" 200 26308 "-" "Mozilla/5.0 (Linux; Android 6.0.1; Nexus 5X Build/MMB29P) AppleWebKit/537.36 (KHTML, like Gecko) Chrome/141.0.7390.122 Mobile Safari/537.36 (compatible; Googlebot/2.1; +http://www.google.com/bot.html)"
66.249.68.67 - - [30/Dec/2025:04:16:15 +0100] "GET /?o=00727185438005 HTTP/1.1" 200 26921 "-" "Mozilla/5.0 (Linux; Android 6.0.1; Nexus 5X Build/MMB29P) AppleWebKit/537.36 (KHTML, like Gecko) Chrome/141.0.7390.122 Mobile Safari/537.36 (compatible; Googlebot/2.1; +http://www.google.com/bot.html)"
66.249.68.66 - - [30/Dec/2025:04:16:51 +0100] "GET /?o=04835253686802 HTTP/1.1" 200 26178 "-" "Mozilla/5.0 (Linux; Android 6.0.1; Nexus 5X Build/MMB29P) AppleWebKit/537.36 (KHTML, like Gecko) Chrome/141.0.7390.122 Mobile Safari/537.36 (compatible; Googlebot/2.1; +http://www.google.com/bot.html)"
66.249.68.67 - - [30/Dec/2025:04:17:03 +0100] "GET /?o=38178217577402 HTTP/1.1" 200 26302 "-" "Mozilla/5.0 (Linux; Android 6.0.1; Nexus 5X Build/MMB29P) AppleWebKit/537.36 (KHTML, like Gecko) Chrome/141.0.7390.122 Mobile Safari/537.36 (compatible; Googlebot/2.1; +http://www.google.com/bot.html)"
176.31.139.4 - - [30/Dec/2025:04:17:13 +0100] "GET /2024/11/20/documentnameandversion-xrp-uoretutosetutoatupugaido-2024-4-5-4-103/ HTTP/2.0" 200 - "-" "Mozilla/5.0 (compatible; AhrefsBot/7.0; +http://ahrefs.com/robot/)"
66.249.68.66 - - [30/Dec/2025:04:17:16 +0100] "GET /?o=1882338228504 HTTP/1.1" 200 25982 "-" "Mozilla/5.0 (Linux; Android 6.0.1; Nexus 5X Build/MMB29P) AppleWebKit/537.36 (KHTML, like Gecko) Chrome/141.0.7390.122 Mobile Safari/537.36 (compatible; Googlebot/2.1; +http://www.google.com/bot.html)"
66.249.68.66 - - [30/Dec/2025:04:17:28 +0100] "GET /?o=65467102989707 HTTP/1.1" 200 26578 "-" "Mozilla/5.0 (Linux; Android 6.0.1; Nexus 5X Build/MMB29P) AppleWebKit/537.36 (KHTML, like Gecko) Chrome/141.0.7390.122 Mobile Safari/537.36 (compatible; Googlebot/2.1; +http://www.google.com/bot.html)"
66.249.68.66 - - [30/Dec/2025:04:17:32 +0100] "GET /?o=86519204266300 HTTP/1.1" 200 26025 "-" "Mozilla/5.0 (Linux; Android 6.0.1; Nexus 5X Build/MMB29P) AppleWebKit/537.36 (KHTML, like Gecko) Chrome/141.0.7390.122 Mobile Safari/537.36 (compatible; Googlebot/2.1; +http://www.google.com/bot.html)"
114.119.133.119 - - [30/Dec/2025:04:17:38 +0100] "GET /wp-includes/css/dist/edit-post/?C=M%3BO%3DA HTTP/1.1" 403 - "https://www.loger.cm/wp-includes/css/dist/edit-post/" "Mozilla/5.0 (Linux; Android 7.0;) AppleWebKit/537.36 (KHTML, like Gecko) Mobile Safari/537.36 (compatible; PetalBot;+https://webmaster.petalsearch.com/site/petalbot)"
66.249.68.68 - - [30/Dec/2025:04:18:00 +0100] "GET /?o=88341124921206 HTTP/1.1" 200 26131 "-" "Mozilla/5.0 (Linux; Android 6.0.1; Nexus 5X Build/MMB29P) AppleWebKit/537.36 (KHTML, like Gecko) Chrome/141.0.7390.122 Mobile Safari/537.36 (compatible; Googlebot/2.1; +http://www.google.com/bot.html)"
57.141.18.116 - - [30/Dec/2025:04:18:05 +0100] "GET /?o=92867188216301 HTTP/2.0" 200 - "-" "meta-externalagent/1.1 (+https://developers.facebook.com/docs/sharing/webmasters/crawler)"
66.249.68.66 - - [30/Dec/2025:04:18:13 +0100] "GET /?o=92225291809000 HTTP/1.1" 200 26467 "-" "Mozilla/5.0 (Linux; Android 6.0.1; Nexus 5X Build/MMB29P) AppleWebKit/537.36 (KHTML, like Gecko) Chrome/141.0.7390.122 Mobile Safari/537.36 (compatible; Googlebot/2.1; +http://www.google.com/bot.html)"
66.249.68.66 - - [30/Dec/2025:04:18:16 +0100] "GET /?o=90928274983201 HTTP/1.1" 200 26385 "-" "Mozilla/5.0 (Linux; Android 6.0.1; Nexus 5X Build/MMB29P) AppleWebKit/537.36 (KHTML, like Gecko) Chrome/141.0.7390.122 Mobile Safari/537.36 (compatible; Googlebot/2.1; +http://www.google.com/bot.html)"
66.249.68.66 - - [30/Dec/2025:04:18:20 +0100] "GET /?o=17842131390800 HTTP/1.1" 200 26283 "-" "Mozilla/5.0 (Linux; Android 6.0.1; Nexus 5X Build/MMB29P) AppleWebKit/537.36 (KHTML, like Gecko) Chrome/141.0.7390.122 Mobile Safari/537.36 (compatible; Googlebot/2.1; +http://www.google.com/bot.html)"
57.141.18.79 - - [30/Dec/2025:04:18:24 +0100] "GET /?o=07795294608100 HTTP/2.0" 200 - "-" "meta-externalagent/1.1 (+https://developers.facebook.com/docs/sharing/webmasters/crawler)"
66.249.68.66 - - [30/Dec/2025:04:18:25 +0100] "GET /?o=98212199893302 HTTP/1.1" 200 26275 "-" "Mozilla/5.0 (Linux; Android 6.0.1; Nexus 5X Build/MMB29P) AppleWebKit/537.36 (KHTML, like Gecko) Chrome/141.0.7390.122 Mobile Safari/537.36 (compatible; Googlebot/2.1; +http://www.google.com/bot.html)"
66.249.68.66 - - [30/Dec/2025:04:18:29 +0100] "GET /?o=38458180383602 HTTP/1.1" 200 26714 "-" "Mozilla/5.0 (Linux; Android 6.0.1; Nexus 5X Build/MMB29P) AppleWebKit/537.36 (KHTML, like Gecko) Chrome/141.0.7390.122 Mobile Safari/537.36 (compatible; Googlebot/2.1; +http://www.google.com/bot.html)"
66.249.68.66 - - [30/Dec/2025:04:18:41 +0100] "GET /?o=78514105700406 HTTP/1.1" 200 26016 "-" "Mozilla/5.0 (Linux; Android 6.0.1; Nexus 5X Build/MMB29P) AppleWebKit/537.36 (KHTML, like Gecko) Chrome/141.0.7390.122 Mobile Safari/537.36 (compatible; Googlebot/2.1; +http://www.google.com/bot.html)"
57.141.18.2 - - [30/Dec/2025:04:18:43 +0100] "GET /?o=87727236765104 HTTP/2.0" 200 - "-" "meta-externalagent/1.1 (+https://developers.facebook.com/docs/sharing/webmasters/crawler)"
66.249.68.66 - - [30/Dec/2025:04:18:45 +0100] "GET /?o=06381286289202 HTTP/1.1" 200 26225 "-" "Mozilla/5.0 (Linux; Android 6.0.1; Nexus 5X Build/MMB29P) AppleWebKit/537.36 (KHTML, like Gecko) Chrome/141.0.7390.122 Mobile Safari/537.36 (compatible; Googlebot/2.1; +http://www.google.com/bot.html)"
66.249.68.66 - - [30/Dec/2025:04:18:57 +0100] "GET /?o=8279065659201 HTTP/1.1" 200 26066 "-" "Mozilla/5.0 (Linux; Android 6.0.1; Nexus 5X Build/MMB29P) AppleWebKit/537.36 (KHTML, like Gecko) Chrome/141.0.7390.122 Mobile Safari/537.36 (compatible; Googlebot/2.1; +http://www.google.com/bot.html)"
66.249.68.67 - - [30/Dec/2025:04:19:02 +0100] "GET /?o=2519515584002 HTTP/1.1" 200 26436 "-" "Mozilla/5.0 (Linux; Android 6.0.1; Nexus 5X Build/MMB29P) AppleWebKit/537.36 (KHTML, like Gecko) Chrome/141.0.7390.122 Mobile Safari/537.36 (compatible; Googlebot/2.1; +http://www.google.com/bot.html)"
66.249.68.67 - - [30/Dec/2025:04:19:05 +0100] "GET /?o=82639134068507 HTTP/1.1" 200 26031 "-" "Mozilla/5.0 (Linux; Android 6.0.1; Nexus 5X Build/MMB29P) AppleWebKit/537.36 (KHTML, like Gecko) Chrome/141.0.7390.122 Mobile Safari/537.36 (compatible; Googlebot/2.1; +http://www.google.com/bot.html)"
66.249.68.66 - - [30/Dec/2025:04:19:10 +0100] "GET /?o=06247280597801 HTTP/1.1" 200 26230 "-" "Mozilla/5.0 (Linux; Android 6.0.1; Nexus 5X Build/MMB29P) AppleWebKit/537.36 (KHTML, like Gecko) Chrome/141.0.7390.122 Mobile Safari/537.36 (compatible; Googlebot/2.1; +http://www.google.com/bot.html)"
66.249.68.66 - - [30/Dec/2025:04:19:18 +0100] "GET /?o=52598149792400 HTTP/1.1" 200 25999 "-" "Mozilla/5.0 (Linux; Android 6.0.1; Nexus 5X Build/MMB29P) AppleWebKit/537.36 (KHTML, like Gecko) Chrome/141.0.7390.122 Mobile Safari/537.36 (compatible; Googlebot/2.1; +http://www.google.com/bot.html)"
66.249.68.66 - - [30/Dec/2025:04:19:26 +0100] "GET /?o=44318143231600 HTTP/1.1" 200 27008 "-" "Mozilla/5.0 (Linux; Android 6.0.1; Nexus 5X Build/MMB29P) AppleWebKit/537.36 (KHTML, like Gecko) Chrome/141.0.7390.122 Mobile Safari/537.36 (compatible; Googlebot/2.1; +http://www.google.com/bot.html)"
57.141.18.106 - - [30/Dec/2025:04:19:36 +0100] "GET /?o=7577114499301 HTTP/2.0" 200 - "-" "meta-externalagent/1.1 (+https://developers.facebook.com/docs/sharing/webmasters/crawler)"
92.222.108.106 - - [30/Dec/2025:04:19:39 +0100] "GET /2024/11/20/documentnameandversion-chainlink-trading-strategy-2024-3-8-5-documentnameandversion-documentation-28/ HTTP/2.0" 200 - "-" "Mozilla/5.0 (compatible; AhrefsBot/7.0; +http://ahrefs.com/robot/)"
66.249.68.66 - - [30/Dec/2025:04:19:52 +0100] "GET /?o=88938145345408 HTTP/1.1" 200 26169 "-" "Mozilla/5.0 (Linux; Android 6.0.1; Nexus 5X Build/MMB29P) AppleWebKit/537.36 (KHTML, like Gecko) Chrome/141.0.7390.122 Mobile Safari/537.36 (compatible; Googlebot/2.1; +http://www.google.com/bot.html)"
146.88.233.70 - - [30/Dec/2025:04:19:58 +0100] "POST /wp-cron.php?doing_wp_cron=1767064798.0769081115722656250000 HTTP/1.1" 403 - "-" "WordPress/6.8.3; https://www.loger.cm"
38.98.191.43 - - [30/Dec/2025:04:19:46 +0100] "GET /wp-login.php HTTP/1.1" 200 4957 "http://loger.cm/wp-admin/" "Mozilla/5.0 (Windows NT 10.0; Win64; x64) AppleWebKit/537.36 (KHTML, like Gecko) Chrome/90.0.4430.85 Safari/537.36"
38.98.191.49 - - [30/Dec/2025:04:20:00 +0100] "POST /wp-login.php HTTP/1.1" 200 5123 "http://loger.cm/wp-admin/" "Mozilla/5.0 (Windows NT 10.0; Win64; x64) AppleWebKit/537.36 (KHTML, like Gecko) Chrome/90.0.4430.85 Safari/537.36"
38.98.191.49 - - [30/Dec/2025:04:20:00 +0100] "GET /wp-admin/ HTTP/1.1" 302 - "https://www.google.com" "Mozilla/5.0 (Windows NT 10.0; Win64; x64) AppleWebKit/537.36 (KHTML, like Gecko) Chrome/90.0.4430.85 Safari/537.36"
38.98.191.76 - - [30/Dec/2025:04:20:03 +0100] "GET /wp-login.php?redirect_to=https%3A%2F%2Floger.cm%2Fwp-admin%2F&reauth=1 HTTP/1.1" 200 4963 "https://www.google.com" "Mozilla/5.0 (Windows NT 10.0; Win64; x64) AppleWebKit/537.36 (KHTML, like Gecko) Chrome/90.0.4430.85 Safari/537.36"
66.249.68.66 - - [30/Dec/2025:04:20:04 +0100] "GET /?o=21979110834400 HTTP/1.1" 200 29195 "-" "Mozilla/5.0 (Linux; Android 6.0.1; Nexus 5X Build/MMB29P) AppleWebKit/537.36 (KHTML, like Gecko) Chrome/141.0.7390.122 Mobile Safari/537.36 (compatible; Googlebot/2.1; +http://www.google.com/bot.html)"
66.249.68.66 - - [30/Dec/2025:04:20:16 +0100] "GET /?o=2934278007804 HTTP/1.1" 200 26508 "-" "Mozilla/5.0 (Linux; Android 6.0.1; Nexus 5X Build/MMB29P) AppleWebKit/537.36 (KHTML, like Gecko) Chrome/141.0.7390.122 Mobile Safari/537.36 (compatible; Googlebot/2.1; +http://www.google.com/bot.html)"
66.249.68.66 - - [30/Dec/2025:04:20:20 +0100] "GET /?o=9089927699201 HTTP/1.1" 200 26369 "-" "Mozilla/5.0 (Linux; Android 6.0.1; Nexus 5X Build/MMB29P) AppleWebKit/537.36 (KHTML, like Gecko) Chrome/141.0.7390.122 Mobile Safari/537.36 (compatible; Googlebot/2.1; +http://www.google.com/bot.html)"
66.249.68.66 - - [30/Dec/2025:04:20:24 +0100] "GET /?o=83710299807706 HTTP/1.1" 200 26266 "-" "Mozilla/5.0 (Linux; Android 6.0.1; Nexus 5X Build/MMB29P) AppleWebKit/537.36 (KHTML, like Gecko) Chrome/141.0.7390.122 Mobile Safari/537.36 (compatible; Googlebot/2.1; +http://www.google.com/bot.html)"
66.249.68.66 - - [30/Dec/2025:04:20:28 +0100] "GET /?o=10269160703401 HTTP/1.1" 200 26303 "-" "Mozilla/5.0 (Linux; Android 6.0.1; Nexus 5X Build/MMB29P) AppleWebKit/537.36 (KHTML, like Gecko) Chrome/141.0.7390.122 Mobile Safari/537.36 (compatible; Googlebot/2.1; +http://www.google.com/bot.html)"
66.249.68.66 - - [30/Dec/2025:04:20:41 +0100] "GET /?o=8969959846410 HTTP/1.1" 200 25879 "-" "Mozilla/5.0 (Linux; Android 6.0.1; Nexus 5X Build/MMB29P) AppleWebKit/537.36 (KHTML, like Gecko) Chrome/141.0.7390.122 Mobile Safari/537.36 (compatible; Googlebot/2.1; +http://www.google.com/bot.html)"
66.249.68.66 - - [30/Dec/2025:04:20:53 +0100] "GET /?o=6226258737706 HTTP/1.1" 200 26424 "-" "Mozilla/5.0 (Linux; Android 6.0.1; Nexus 5X Build/MMB29P) AppleWebKit/537.36 (KHTML, like Gecko) Chrome/141.0.7390.122 Mobile Safari/537.36 (compatible; Googlebot/2.1; +http://www.google.com/bot.html)"
66.249.68.66 - - [30/Dec/2025:04:20:57 +0100] "GET /?o=18824285447505 HTTP/1.1" 200 26091 "-" "Mozilla/5.0 (Linux; Android 6.0.1; Nexus 5X Build/MMB29P) AppleWebKit/537.36 (KHTML, like Gecko) Chrome/141.0.7390.122 Mobile Safari/537.36 (compatible; Googlebot/2.1; +http://www.google.com/bot.html)"
66.249.68.66 - - [30/Dec/2025:04:21:09 +0100] "GET /?o=98078206043500 HTTP/1.1" 200 26642 "-" "Mozilla/5.0 (Linux; Android 6.0.1; Nexus 5X Build/MMB29P) AppleWebKit/537.36 (KHTML, like Gecko) Chrome/141.0.7390.122 Mobile Safari/537.36 (compatible; Googlebot/2.1; +http://www.google.com/bot.html)"
66.249.68.67 - - [30/Dec/2025:04:21:13 +0100] "GET /?o=86346127591205 HTTP/1.1" 200 26081 "-" "Mozilla/5.0 (Linux; Android 6.0.1; Nexus 5X Build/MMB29P) AppleWebKit/537.36 (KHTML, like Gecko) Chrome/141.0.7390.122 Mobile Safari/537.36 (compatible; Googlebot/2.1; +http://www.google.com/bot.html)"
57.141.18.55 - - [30/Dec/2025:04:21:15 +0100] "GET /?o=87225176248200 HTTP/2.0" 200 - "-" "meta-externalagent/1.1 (+https://developers.facebook.com/docs/sharing/webmasters/crawler)"
66.249.68.66 - - [30/Dec/2025:04:21:17 +0100] "GET /?o=90571144633502 HTTP/1.1" 200 27008 "-" "Mozilla/5.0 (Linux; Android 6.0.1; Nexus 5X Build/MMB29P) AppleWebKit/537.36 (KHTML, like Gecko) Chrome/141.0.7390.122 Mobile Safari/537.36 (compatible; Googlebot/2.1; +http://www.google.com/bot.html)"
66.249.68.66 - - [30/Dec/2025:04:21:21 +0100] "GET /?o=3612077381609 HTTP/1.1" 200 25915 "-" "Mozilla/5.0 (Linux; Android 6.0.1; Nexus 5X Build/MMB29P) AppleWebKit/537.36 (KHTML, like Gecko) Chrome/141.0.7390.122 Mobile Safari/537.36 (compatible; Googlebot/2.1; +http://www.google.com/bot.html)"
