52.230.94.136 - - [29/Dec/2025:19:52:08 +0100] "GET /file.php HTTP/1.1" 403 - "https://www.google.com/" "Mozilla/5.0 (Linux; Android 10; LM-Q720) AppleWebKit/537.36 (KHTML, like Gecko) Chrome/116.0.0.0 Mobile Safari/537.36"
52.230.94.136 - - [29/Dec/2025:19:52:09 +0100] "GET /abcd.php HTTP/1.1" 403 - "https://www.bing.com/" "Mozilla/5.0 (Linux; Android 14; Pixel 8 Pro) AppleWebKit/537.36 (KHTML, like Gecko) Chrome/119.0.0.0 Mobile Safari/537.36"
52.230.94.136 - - [29/Dec/2025:19:52:10 +0100] "GET /akcc.php HTTP/1.1" 403 - "https://www.google.de/" "Mozilla/5.g (Linux; Android 13; Pixel 7) AppleWebKit/537.36 (KHTML, like Gecko) Chrome/116.0.0.0 Mobile Safari/537.36"
52.230.94.136 - - [29/Dec/2025:19:52:12 +0100] "GET /k.php HTTP/1.1" 403 - "https://duckduckgo.com/" "Mozilla/5.0 (Linux; Android 11; 21081111RG) AppleWebKit/537.36 (KHTML, like Gecko) Chrome/116.0.0.0 Mobile Safari/537.36"
52.230.94.136 - - [29/Dec/2025:19:52:13 +0100] "GET /xmlrpc.php HTTP/1.1" 403 - "https://www.google.com/" "Mozilla/5.0 (iPhone; CPU iPhone OS 16_6_1 like Mac OS X) AppleWebKit/605.1.15 (KHTML, like Gecko) Version/16.6 Mobile/15E148 Safari/604.1"
52.230.94.136 - - [29/Dec/2025:19:52:14 +0100] "GET /xmrlpc.php HTTP/1.1" 403 - "https://www.google.co.uk/" "Mozilla/5.0 (Linux; Android 12; 2201116SG) AppleWebKit/537.36 (KHTML, like Gecko) Chrome/116.0.0.0 Mobile Safari/537.36"
52.230.94.136 - - [29/Dec/2025:19:52:15 +0100] "GET /wp.php HTTP/1.1" 403 - "https://www.bing.com/" "Mozilla/5.g (Linux; Android 13; Pixel 7) AppleWebKit/537.36 (KHTML, like Gecko) Chrome/116.0.0.0 Mobile Safari/537.36"
52.230.94.136 - - [29/Dec/2025:19:52:17 +0100] "GET /yas.php HTTP/1.1" 403 - "https://duckduckgo.com/" "Mozilla/5.0 (iPhone; CPU iPhone OS 15_7_9 like Mac OS X) AppleWebKit/605.1.15 (KHTML, like Gecko) Version/15.6.5 Mobile/15E148 Safari/604.1"
52.230.94.136 - - [29/Dec/2025:19:52:18 +0100] "GET /simple.php HTTP/1.1" 403 - "https://www.google.fr/" "Mozilla/5.0 (Linux; Android 11; 21081111RG) AppleWebKit/537.36 (KHTML, like Gecko) Chrome/116.0.0.0 Mobile Safari/537.36"
52.230.94.136 - - [29/Dec/2025:19:52:19 +0100] "GET /goods.php HTTP/1.1" 403 - "https://www.google.co.uk/" "Mozilla/5.0 (iPhone; CPU iPhone OS 16_0 like Mac OS X) AppleWebKit/605.1.15 (KHTML, like Gecko) FxiOS/118.0 Mobile/15E148 Safari/605.1.15"
52.230.94.136 - - [29/Dec/2025:19:52:20 +0100] "GET /wp-good.php HTTP/1.1" 403 - "https://www.google.fr/" "Mozilla/5.0 (iPhone; CPU iPhone OS 16_6_1 like Mac OS X) AppleWebKit/605.1.15 (KHTML, like Gecko) Version/16.6 Mobile/15E148 Safari/604.1"
52.230.94.136 - - [29/Dec/2025:19:52:21 +0100] "GET /wp-admin/js/ HTTP/1.1" 403 - "https://www.google.fr/" "Mozilla/5.0 (Linux; Android 11; CPH2251) AppleWebKit/537.36 (KHTML, like Gecko) Chrome/116.0.0.0 Mobile Safari/537.36"
52.230.94.136 - - [29/Dec/2025:19:52:22 +0100] "GET /wp-admin/classwithtostring.php HTTP/1.1" 403 - "https://www.google.fr/" "Mozilla/5.0 (iPad; CPU OS 17_0_3 like Mac OS X) AppleWebKit/605.1.15 (KHTML, like Gecko) Version/17.0.1 Mobile/15E148 Safari/604.1"
52.230.94.136 - - [29/Dec/2025:19:52:23 +0100] "GET /wp-content/classwithtostring.php HTTP/1.1" 403 - "https://www.google.de/" "Mozilla/5.0 (Linux; Android 13; SM-G991U) AppleWebKit/537.36 (KHTML, like Gecko) Chrome/117.0.0.0 Mobile Safari/537.36"
146.88.233.70 - - [29/Dec/2025:19:52:37 +0100] "POST /wp-cron.php?doing_wp_cron=1767034357.3651909828186035156250 HTTP/1.1" 403 - "-" "WordPress/6.8.3; https://www.loger.cm"
52.230.94.136 - - [29/Dec/2025:19:52:24 +0100] "GET /wp-admin/network/admin.php HTTP/1.1" 302 - "https://www.google.de/" "Mozilla/5.0 (iPhone; CPU iPhone OS 15_7_9 like Mac OS X) AppleWebKit/605.1.15 (KHTML, like Gecko) Version/15.6.5 Mobile/15E148 Safari/604.1"
52.230.94.136 - - [29/Dec/2025:19:52:38 +0100] "GET /wp-login.php?redirect_to=https%3A%2F%2Floger.cm%2Fwp-admin%2Fnetwork%2Fadmin.php&reauth=1 HTTP/1.1" 200 18820 "https://www.google.de/" "Mozilla/5.0 (iPhone; CPU iPhone OS 15_7_9 like Mac OS X) AppleWebKit/605.1.15 (KHTML, like Gecko) Version/15.6.5 Mobile/15E148 Safari/604.1"
52.230.94.136 - - [29/Dec/2025:19:52:39 +0100] "GET /wp-conflg/function.php HTTP/1.1" 200 - "https://duckduckgo.com/" "Mozilla/5.0 (Linux; Android 10; LM-Q720) AppleWebKit/537.36 (KHTML, like Gecko) Chrome/116.0.0.0 Mobile Safari/537.36"
52.230.94.136 - - [29/Dec/2025:19:52:40 +0100] "GET /wp-content/plugins/admin.php HTTP/1.1" 200 - "https://duckduckgo.com/" "Mozilla/5.0 (iPhone; CPU iPhone OS 16_6_1 like Mac OS X) AppleWebKit/605.1.15 (KHTML, like Gecko) Version/16.6 Mobile/15E148 Safari/604.1"
52.230.94.136 - - [29/Dec/2025:19:52:41 +0100] "GET /wp-content/themes/admin.php HTTP/1.1" 200 - "https://www.google.de/" "Mozilla/5.0 (Linux; Android 12; SM-A525F) AppleWebKit/537.36 (KHTML, like Gecko) Chrome/117.0.0.0 Mobile Safari/537.36"
52.230.94.136 - - [29/Dec/2025:19:52:42 +0100] "GET /css/index.php HTTP/1.1" 200 - "https://www.google.fr/" "Mozilla/5.0 (iPad; CPU OS 17_0_3 like Mac OS X) AppleWebKit/605.1.15 (KHTML, like Gecko) Version/17.0.1 Mobile/15E148 Safari/604.1"
52.230.94.136 - - [29/Dec/2025:19:52:43 +0100] "GET /wp-admin/js/index.php HTTP/1.1" 404 16 "https://duckduckgo.com/" "Mozilla/5.0 (iPhone; CPU iPhone OS 15_7_9 like Mac OS X) AppleWebKit/605.1.15 (KHTML, like Gecko) Version/15.6.5 Mobile/15E148 Safari/604.1"
52.230.94.136 - - [29/Dec/2025:19:52:44 +0100] "GET /wp-content/index.php HTTP/1.1" 200 - "https://www.google.co.uk/" "Mozilla/5.0 (Linux; Android 14; Pixel 8 Pro) AppleWebKit/537.36 (KHTML, like Gecko) Chrome/119.0.0.0 Mobile Safari/537.36"
52.230.94.136 - - [29/Dec/2025:19:52:44 +0100] "GET /wp-content/upgrade/index.php HTTP/1.1" 404 16 "https://www.google.de/" "Mozilla/5.0 (Linux; Android 10; K) AppleWebKit/537.36 (KHTML, like Gecko) Chrome/117.0.0.0 Mobile Safari/537.36"
52.230.94.136 - - [29/Dec/2025:19:52:45 +0100] "GET /wp-includes/style-engine/index.php HTTP/1.1" 404 16 "https://www.google.de/" "Mozilla/5.0 (iPhone; CPU iPhone OS 16_6_1 like Mac OS X) AppleWebKit/605.1.15 (KHTML, like Gecko) Version/16.6 Mobile/15E148 Safari/604.1"
52.230.94.136 - - [29/Dec/2025:19:52:45 +0100] "GET /wp-includes/rest-api/fields/index.php HTTP/1.1" 404 16 "https://www.google.de/" "Mozilla/5.0 (Linux; Android 10; K) AppleWebKit/537.36 (KHTML, like Gecko) Chrome/117.0.0.0 Mobile Safari/537.36"
52.230.94.136 - - [29/Dec/2025:19:52:46 +0100] "GET /wp-includes/PHPMailer/index.php HTTP/1.1" 404 16 "https://duckduckgo.com/" "Mozilla/5.g (Linux; Android 13; Pixel 7) AppleWebKit/537.36 (KHTML, like Gecko) Chrome/116.0.0.0 Mobile Safari/537.36"
52.230.94.136 - - [29/Dec/2025:19:52:46 +0100] "GET /wp-includes/html-api/index.php HTTP/1.1" 404 16 "https://www.yahoo.com/" "Mozilla/5.0 (iPhone; CPU iPhone OS 16_0 like Mac OS X) AppleWebKit/605.1.15 (KHTML, like Gecko) FxiOS/118.0 Mobile/15E148 Safari/605.1.15"
52.230.94.136 - - [29/Dec/2025:19:52:47 +0100] "GET /wp-includes/Text/index.php HTTP/1.1" 404 16 "https://www.google.de/" "Mozilla/5.0 (Linux; Android 13; SM-S908E) AppleWebKit/537.36 (KHTML, like Gecko) Chrome/116.0.0.0 Mobile Safari/537.36"
52.230.94.136 - - [29/Dec/2025:19:52:47 +0100] "GET /wp-includes/js/jquery/jquery.php HTTP/1.1" 403 - "https://www.google.com/" "Mozilla/5.g (Linux; Android 13; Pixel 7) AppleWebKit/537.36 (KHTML, like Gecko) Chrome/116.0.0.0 Mobile Safari/537.36"
52.230.94.136 - - [29/Dec/2025:19:52:48 +0100] "GET /wp-includes/sitemaps/autoload_classmap.php HTTP/1.1" 403 - "https://www.google.de/" "Mozilla/5.0 (iPhone; CPU iPhone OS 15_7_9 like Mac OS X) AppleWebKit/605.1.15 (KHTML, like Gecko) Version/15.6.5 Mobile/15E148 Safari/604.1"
52.230.94.136 - - [29/Dec/2025:19:52:49 +0100] "GET /wp-includes/style-engine/autoload_classmap.php HTTP/1.1" 403 - "https://duckduckgo.com/" "Mozilla/5.g (Linux; Android 13; Pixel 7) AppleWebKit/537.36 (KHTML, like Gecko) Chrome/116.0.0.0 Mobile Safari/537.36"
52.230.94.136 - - [29/Dec/2025:19:52:50 +0100] "GET /wp-includes/SimplePie/autoload_classmap.php HTTP/1.1" 403 - "https://www.google.co.uk/" "Mozilla/5.0 (iPhone; CPU iPhone OS 15_7_9 like Mac OS X) AppleWebKit/605.1.15 (KHTML, like Gecko) Version/15.6.5 Mobile/15E148 Safari/604.1"
52.230.94.136 - - [29/Dec/2025:19:52:51 +0100] "GET /wp-includes/assets/autoload_classmap.php HTTP/1.1" 403 - "https://www.bing.com/" "Mozilla/5.0 (Linux; Android 11; CPH2251) AppleWebKit/537.36 (KHTML, like Gecko) Chrome/116.0.0.0 Mobile Safari/537.36"
52.230.94.136 - - [29/Dec/2025:19:52:52 +0100] "GET /wp-includes/css/autoload_classmap.php HTTP/1.1" 403 - "https://duckduckgo.com/" "Mozilla/5.0 (Linux; Android 12; 2201116SG) AppleWebKit/537.36 (KHTML, like Gecko) Chrome/116.0.0.0 Mobile Safari/537.36"
52.230.94.136 - - [29/Dec/2025:19:52:53 +0100] "GET /wp-admin/includes/colour.php HTTP/1.1" 403 - "https://duckduckgo.com/" "Mozilla/5.0 (Linux; Android 13; SM-G991U) AppleWebKit/537.36 (KHTML, like Gecko) Chrome/117.0.0.0 Mobile Safari/537.36"
52.230.94.136 - - [29/Dec/2025:19:52:54 +0100] "GET /wp-includes/block-bindings/ HTTP/1.1" 403 - "https://www.yahoo.com/" "Mozilla/5.0 (iPhone; CPU iPhone OS 16_0 like Mac OS X) AppleWebKit/605.1.15 (KHTML, like Gecko) FxiOS/118.0 Mobile/15E148 Safari/605.1.15"
52.230.94.136 - - [29/Dec/2025:19:52:55 +0100] "GET /wp-includes/Text/ HTTP/1.1" 403 - "https://www.yahoo.com/" "Mozilla/5.0 (iPhone; CPU iPhone OS 16_6_1 like Mac OS X) AppleWebKit/605.1.15 (KHTML, like Gecko) Version/16.6 Mobile/15E148 Safari/604.1"
52.230.94.136 - - [29/Dec/2025:19:52:56 +0100] "GET /wp-includes/ID3/ HTTP/1.1" 403 - "https://www.google.com/" "Mozilla/5.0 (iPhone; CPU iPhone OS 15_7_9 like Mac OS X) AppleWebKit/605.1.15 (KHTML, like Gecko) Version/15.6.5 Mobile/15E148 Safari/604.1"
52.230.94.136 - - [29/Dec/2025:19:52:57 +0100] "GET /wp-includes/theme-compat/ HTTP/1.1" 403 - "https://www.google.de/" "Mozilla/5.0 (Linux; Android 12; V2134) AppleWebKit/537.36 (KHTML, like Gecko) Chrome/116.0.0.0 Mobile Safari/537.36"
52.230.94.136 - - [29/Dec/2025:19:52:59 +0100] "GET /wp-content/uploads/ HTTP/1.1" 403 - "https://www.google.com/" "Mozilla/5.0 (Linux; Android 13; SM-G991U) AppleWebKit/537.36 (KHTML, like Gecko) Chrome/117.0.0.0 Mobile Safari/537.36"
52.230.94.136 - - [29/Dec/2025:19:53:00 +0100] "GET /.well-known/ HTTP/1.1" 403 - "https://www.yahoo.com/" "Mozilla/5.0 (iPhone; CPU iPhone OS 15_7_9 like Mac OS X) AppleWebKit/605.1.15 (KHTML, like Gecko) Version/15.6.5 Mobile/15E148 Safari/604.1"
52.230.94.136 - - [29/Dec/2025:19:53:01 +0100] "GET /.well-known/acme-challenge/ HTTP/1.1" 403 - "https://www.google.co.uk/" "Mozilla/5.0 (Linux; Android 13; M2101K6G) AppleWebKit/537.36 (KHTML, like Gecko) Chrome/116.0.0.0 Mobile Safari/537.36"
5.39.109.181 - - [29/Dec/2025:19:54:46 +0100] "GET /2024/11/20/guide-complet-de-strategie-de-trading-monero-2024-4-0-5-66/ HTTP/2.0" 200 - "-" "Mozilla/5.0 (compatible; AhrefsBot/7.0; +http://ahrefs.com/robot/)"
52.167.144.195 - - [29/Dec/2025:19:54:47 +0100] "GET /?o=0301853592003 HTTP/2.0" 200 25733 "-" "Mozilla/5.0 AppleWebKit/537.36 (KHTML, like Gecko; compatible; bingbot/2.0; +http://www.bing.com/bingbot.htm) Chrome/116.0.1938.76 Safari/537.36"
66.249.68.66 - - [29/Dec/2025:19:57:07 +0100] "GET /44337383410.shtml HTTP/1.1" 200 - "-" "Mozilla/5.0 (Linux; Android 6.0.1; Nexus 5X Build/MMB29P) AppleWebKit/537.36 (KHTML, like Gecko) Chrome/141.0.7390.122 Mobile Safari/537.36 (compatible; GoogleOther)"
94.23.188.193 - - [29/Dec/2025:19:57:49 +0100] "GET /2024/11/20/guide-complet-de-strategie-de-trading-monero-2024-4-0-5-2/ HTTP/2.0" 200 - "-" "Mozilla/5.0 (compatible; AhrefsBot/7.0; +http://ahrefs.com/robot/)"
114.119.146.40 - - [29/Dec/2025:19:59:37 +0100] "GET /wp-includes/js/tinymce/plugins/link/ HTTP/1.1" 403 - "https://www.loger.cm/wp-includes/js/tinymce/plugins/?C=M%3BO%3DA" "Mozilla/5.0 (Linux; Android 7.0;) AppleWebKit/537.36 (KHTML, like Gecko) Mobile Safari/537.36 (compatible; PetalBot;+https://webmaster.petalsearch.com/site/petalbot)"
146.88.233.70 - - [29/Dec/2025:20:00:19 +0100] "POST /wp-cron.php?doing_wp_cron=1767034818.9519829750061035156250 HTTP/1.1" 403 - "-" "WordPress/6.8.3; https://www.loger.cm"
142.93.171.225 - - [29/Dec/2025:20:00:03 +0100] "POST /wp-login.php HTTP/1.1" 200 18959 "-" "Mozilla/5.0"
54.37.118.72 - - [29/Dec/2025:20:00:52 +0100] "GET /2024/11/20/guida-completa-al-contratto-legale-bitcoin-2024-1-8-6-5/ HTTP/2.0" 200 - "-" "Mozilla/5.0 (compatible; AhrefsBot/7.0; +http://ahrefs.com/robot/)"
94.23.188.192 - - [29/Dec/2025:20:04:06 +0100] "GET /2024/11/20/eos-api-documentation-2024-4-6-8-98/ HTTP/2.0" 200 - "-" "Mozilla/5.0 (compatible; AhrefsBot/7.0; +http://ahrefs.com/robot/)"
66.249.68.65 - - [29/Dec/2025:20:04:17 +0100] "GET /robots.txt HTTP/1.1" 200 78 "-" "Mozilla/5.0 (compatible; Googlebot/2.1; +http://www.google.com/bot.html)"
66.249.68.66 - - [29/Dec/2025:20:04:18 +0100] "GET /?o=2609561907008&channel=a366e3&from=product.php%3Fid%3D619070-6902%26name%3DPanasonic+%E5%85%85%E9%9B%BB%E3%83%90%E3%83%B3%E3%83%89%E3%82%BD%E3%83%BC18V3Ah%E3%82%BB%E3%83%83%E3%83%88+%5BEZ45A5PN2G-B%5D+EZ45A5PN2GB+%E8%B2%A9%E5%A3%B2%E5%8D%98%E4%BD%8D%EF%BC%9A1+%E9%80%81%E6%96%99%E7%84%A1%E6%96%99 HTTP/1.1" 200 - "-" "Mozilla/5.0 (Linux; Android 6.0.1; Nexus 5X Build/MMB29P) AppleWebKit/537.36 (KHTML, like Gecko) Chrome/141.0.7390.122 Mobile Safari/537.36 (compatible; GoogleOther)"
57.141.18.13 - - [29/Dec/2025:20:07:03 +0100] "GET /?o=42367196272600 HTTP/2.0" 200 - "-" "meta-externalagent/1.1 (+https://developers.facebook.com/docs/sharing/webmasters/crawler)"
54.37.118.91 - - [29/Dec/2025:20:07:27 +0100] "GET /2024/11/20/eos-api-documentation-2024-4-6-8-71/ HTTP/2.0" 200 - "-" "Mozilla/5.0 (compatible; AhrefsBot/7.0; +http://ahrefs.com/robot/)"
52.167.144.187 - - [29/Dec/2025:20:08:15 +0100] "GET /?o=8872884589400&channel=5917c7&from=jp.php%3Fid%3D845894-1976%26name%3D%E3%80%90%E7%BE%8E%E5%93%81%E3%80%91TIFFANY+%E3%82%B5%E3%83%9E%E3%82%BB%E3%83%83%E3%83%88+%E3%83%A1%E3%83%83%E3%82%B7%E3%83%A5+%E3%83%AA%E3%83%B3%E3%82%B0++%E3%82%B7%E3%83%AB%E3%83%90%E3%83%BC925+%E7%B4%8413%E5%8F%B7%EF%BC%88TIFFANY+%E3%82%B5%E3%83%9E%E3%82%BB%E3%83%83%E3%83%88+%E3%83%A1%E3%83%83%E3%82%B7%E3%83%A5+%E3%83%AA%E3%83%B3%E3%82%B0+%E3%82%B7%E3%83%AB%E3%83%90%E3%83%BC925+%E7%B4%8413%E5%8F%B7%EF%BC%89 HTTP/2.0" 200 26527 "-" "Mozilla/5.0 AppleWebKit/537.36 (KHTML, like Gecko; compatible; bingbot/2.0; +http://www.bing.com/bingbot.htm) Chrome/116.0.1938.76 Safari/537.36"
66.249.68.67 - - [29/Dec/2025:20:09:19 +0100] "GET /?o=2609561907008&channel=a366e3&from=product.php%3Fid%3D619070-6902%26name%3DPanasonic+%E5%85%85%E9%9B%BB%E3%83%90%E3%83%B3%E3%83%89%E3%82%BD%E3%83%BC18V3Ah%E3%82%BB%E3%83%83%E3%83%88+%5BEZ45A5PN2G-B%5D+EZ45A5PN2GB+%E8%B2%A9%E5%A3%B2%E5%8D%98%E4%BD%8D%EF%BC%9A1+%E9%80%81%E6%96%99%E7%84%A1%E6%96%99 HTTP/1.1" 200 25194 "-" "Mozilla/5.0 (Linux; Android 6.0.1; Nexus 5X Build/MMB29P) AppleWebKit/537.36 (KHTML, like Gecko) Chrome/141.0.7390.122 Mobile Safari/537.36 (compatible; Googlebot/2.1; +http://www.google.com/bot.html)"
54.37.118.72 - - [29/Dec/2025:20:10:53 +0100] "GET /2024/11/20/eos-api-documentation-2024-4-6-8-141/ HTTP/2.0" 200 - "-" "Mozilla/5.0 (compatible; AhrefsBot/7.0; +http://ahrefs.com/robot/)"
66.249.68.65 - - [29/Dec/2025:20:11:27 +0100] "GET /?o=7019275855601 HTTP/1.1" 200 25667 "-" "Mozilla/5.0 (Linux; Android 6.0.1; Nexus 5X Build/MMB29P) AppleWebKit/537.36 (KHTML, like Gecko) Chrome/141.0.7390.122 Mobile Safari/537.36 (compatible; Googlebot/2.1; +http://www.google.com/bot.html)"
146.88.233.70 - - [29/Dec/2025:20:11:27 +0100] "POST /wp-cron.php?doing_wp_cron=1767035487.1598351001739501953125 HTTP/1.1" 403 - "-" "WordPress/6.8.3; https://www.loger.cm"
142.93.171.225 - - [29/Dec/2025:20:11:06 +0100] "POST /wp-login.php HTTP/1.1" 200 18959 "-" "Mozilla/5.0"
149.202.76.92 - - [29/Dec/2025:20:11:40 +0100] "POST /xmlrpc.php HTTP/1.1" 403 - "-" "Mozilla/5.0 (Windows NT 10.0; Win64; x64; rv:45.0) Gecko/20100101 Firefox/45.0"
195.2.78.191 - - [29/Dec/2025:20:13:32 +0100] "GET /room_type/chambre-luxe-king-akwa/ HTTP/1.0" 200 - "https://www.loger.cm/room_type/chambre-luxe-king-akwa/" "Mozilla/5.0 (Windows NT 10.0; Win64; x64) AppleWebKit/537.36 (KHTML, like Gecko) Chrome/131.0.0.0 Safari/537.36 Avast/131.0.0.0"
195.2.78.191 - - [29/Dec/2025:20:13:33 +0100] "GET / HTTP/1.0" 200 - "https://www.loger.cm/" "Mozilla/5.0 (Windows NT 10.0; Win64; x64) AppleWebKit/537.36 (KHTML, like Gecko) Chrome/131.0.0.0 Safari/537.36 Avast/131.0.0.0"
114.119.155.96 - - [29/Dec/2025:20:13:50 +0100] "GET /wp-includes/js/tinymce/plugins/hr/plugin.js HTTP/1.1" 200 354 "https://www.loger.cm/wp-includes/js/tinymce/plugins/hr/?C=M%3BO%3DA" "Mozilla/5.0 (Linux; Android 7.0;) AppleWebKit/537.36 (KHTML, like Gecko) Mobile Safari/537.36 (compatible; PetalBot;+https://webmaster.petalsearch.com/site/petalbot)"
92.222.104.195 - - [29/Dec/2025:20:14:15 +0100] "GET /2024/11/20/dogecoin-sicherheitsbest-practices-2024-4-9-6-62/ HTTP/2.0" 200 - "-" "Mozilla/5.0 (compatible; AhrefsBot/7.0; +http://ahrefs.com/robot/)"
66.249.68.67 - - [29/Dec/2025:20:16:23 +0100] "GET /?o=17676100761604 HTTP/1.1" 200 25718 "-" "Mozilla/5.0 (Linux; Android 6.0.1; Nexus 5X Build/MMB29P) AppleWebKit/537.36 (KHTML, like Gecko) Chrome/141.0.7390.122 Mobile Safari/537.36 (compatible; Googlebot/2.1; +http://www.google.com/bot.html)"
51.75.236.134 - - [29/Dec/2025:20:17:35 +0100] "GET /2024/11/20/die-ethereum-okosystemanalyse-2024-3-6-2-4/ HTTP/2.0" 200 - "-" "Mozilla/5.0 (compatible; AhrefsBot/7.0; +http://ahrefs.com/robot/)"
66.249.68.65 - - [29/Dec/2025:20:19:22 +0100] "GET /?o=25199186118203&channel=b65207&from=brands.php%3Fid%3D1861182-215%26name%3DPLUS+626419%29LF%E3%83%91%E3%83%8D%E3%83%AB+%E3%82%B7%E3%83%AB%E3%83%90%E3%83%BC%E3%83%95%E3%83%AC%E3%83%BC%E3%83%A0+LF-SF0819++%3Cbr%3ELF-SF0819+1%E5%BC%8F%3Cbr%3E%3Cbr%3E+%E2%96%A0%E2%96%BC211-2513+%3Cbr%3E%3Cbr%3E%E3%80%90%E9%80%81%E6%96%99%E9%83%BD%E5%BA%A6%E8%A6%8B%E7%A9%8D%E3%80%91%3Cbr%3E HTTP/1.1" 200 - "-" "Mozilla/5.0 (Linux; Android 6.0.1; Nexus 5X Build/MMB29P) AppleWebKit/537.36 (KHTML, like Gecko) Chrome/141.0.7390.122 Mobile Safari/537.36 (compatible; GoogleOther)"
51.75.236.131 - - [29/Dec/2025:20:20:40 +0100] "GET /2024/11/20/detalles-del-mecanismo-de-consenso-stellar-2024-5-7-2-93/ HTTP/2.0" 200 - "-" "Mozilla/5.0 (compatible; AhrefsBot/7.0; +http://ahrefs.com/robot/)"
74.125.150.68 - - [29/Dec/2025:20:22:14 +0100] "GET /wp-content/plugins/smook-creative/assets//images/paiement.jpg HTTP/1.1" 200 102764 "https://ldl.cm/" "Mozilla/5.0 (X11; Linux x86_64) AppleWebKit/537.36 (KHTML, like Gecko) Chrome/141.0.7390.122 Safari/537.36"
146.88.233.70 - - [29/Dec/2025:20:22:37 +0100] "POST /wp-cron.php?doing_wp_cron=1767036157.1426351070404052734375 HTTP/1.1" 403 - "-" "WordPress/6.8.3; https://www.loger.cm"
142.93.171.225 - - [29/Dec/2025:20:22:13 +0100] "POST /wp-login.php HTTP/1.1" 200 18959 "-" "Mozilla/5.0"
4.190.186.103 - - [29/Dec/2025:20:23:34 +0100] "GET /0x.php HTTP/1.1" 403 - "https://www.bing.com/" "Mozilla/5.0 (Linux; Android 12; 2201116SG) AppleWebKit/537.36 (KHTML, like Gecko) Chrome/116.0.0.0 Mobile Safari/537.36"
4.190.186.103 - - [29/Dec/2025:20:23:35 +0100] "GET /1.php HTTP/1.1" 403 - "https://www.yahoo.com/" "Mozilla/5.0 (Linux; Android 11; CPH2251) AppleWebKit/537.36 (KHTML, like Gecko) Chrome/116.0.0.0 Mobile Safari/537.36"
4.190.186.103 - - [29/Dec/2025:20:23:36 +0100] "GET /222.php HTTP/1.1" 403 - "https://duckduckgo.com/" "Mozilla/5.0 (iPhone; CPU iPhone OS 17_1 like Mac OS X) AppleWebKit/605.1.15 (KHTML, like Gecko) CriOS/119.0.6045.109 Mobile/15E148 Safari/604.1"
4.190.186.103 - - [29/Dec/2025:20:23:38 +0100] "GET /403.php HTTP/1.1" 403 - "https://www.yahoo.com/" "Mozilla/5.0 (Linux; Android 10; LM-Q720) AppleWebKit/537.36 (KHTML, like Gecko) Chrome/116.0.0.0 Mobile Safari/537.36"
4.190.186.103 - - [29/Dec/2025:20:23:39 +0100] "GET /404.php HTTP/1.1" 403 - "https://www.google.fr/" "Mozilla/5.0 (Linux; Android 13; SM-S908E) AppleWebKit/537.36 (KHTML, like Gecko) Chrome/116.0.0.0 Mobile Safari/537.36"
4.190.186.103 - - [29/Dec/2025:20:23:40 +0100] "GET /abcd.php HTTP/1.1" 403 - "https://www.google.co.uk/" "Mozilla/5.0 (Linux; Android 13; SM-S908E) AppleWebKit/537.36 (KHTML, like Gecko) Chrome/116.0.0.0 Mobile Safari/537.36"
4.190.186.103 - - [29/Dec/2025:20:23:41 +0100] "GET /admin/upload/mini.php HTTP/1.1" 200 - "https://duckduckgo.com/" "Mozilla/5.0 (Linux; Android 12; SM-A525F) AppleWebKit/537.36 (KHTML, like Gecko) Chrome/117.0.0.0 Mobile Safari/537.36"
4.190.186.103 - - [29/Dec/2025:20:23:42 +0100] "GET /ahax.php HTTP/1.1" 403 - "https://www.bing.com/" "Mozilla/5.0 (Linux; Android 13; SM-S908E) AppleWebKit/537.36 (KHTML, like Gecko) Chrome/116.0.0.0 Mobile Safari/537.36"
4.190.186.103 - - [29/Dec/2025:20:23:43 +0100] "GET /akcc.php HTTP/1.1" 403 - "https://www.google.de/" "Mozilla/5.0 (iPhone; CPU iPhone OS 16_0 like Mac OS X) AppleWebKit/605.1.15 (KHTML, like Gecko) FxiOS/118.0 Mobile/15E148 Safari/605.1.15"
4.190.186.103 - - [29/Dec/2025:20:23:44 +0100] "GET /alfav4.1-tesla.php HTTP/1.1" 403 - "https://www.google.de/" "Mozilla/5.0 (Linux; Android 10; LM-Q720) AppleWebKit/537.36 (KHTML, like Gecko) Chrome/116.0.0.0 Mobile Safari/537.36"
4.190.186.103 - - [29/Dec/2025:20:23:45 +0100] "GET /asasx.php HTTP/1.1" 403 - "https://www.yahoo.com/" "Mozilla/5.0 (iPhone; CPU iPhone OS 15_7_9 like Mac OS X) AppleWebKit/605.1.15 (KHTML, like Gecko) Version/15.6.5 Mobile/15E148 Safari/604.1"
4.190.186.103 - - [29/Dec/2025:20:23:46 +0100] "GET /bb.php HTTP/1.1" 403 - "https://www.google.co.uk/" "Mozilla/5.0 (Linux; Android 12; 2201116SG) AppleWebKit/537.36 (KHTML, like Gecko) Chrome/116.0.0.0 Mobile Safari/537.36"
4.190.186.103 - - [29/Dec/2025:20:23:47 +0100] "GET /black.php HTTP/1.1" 403 - "https://www.google.fr/" "Mozilla/5.0 (iPhone; CPU iPhone OS 17_1 like Mac OS X) AppleWebKit/605.1.15 (KHTML, like Gecko) CriOS/119.0.6045.109 Mobile/15E148 Safari/604.1"
4.190.186.103 - - [29/Dec/2025:20:23:48 +0100] "GET /bolt.php HTTP/1.1" 403 - "https://duckduckgo.com/" "Mozilla/5.0 (iPhone; CPU iPhone OS 16_0 like Mac OS X) AppleWebKit/605.1.15 (KHTML, like Gecko) FxiOS/118.0 Mobile/15E148 Safari/605.1.15"
51.68.247.207 - - [29/Dec/2025:20:23:48 +0100] "GET /2024/11/20/detalles-del-mecanismo-de-consenso-stellar-2024-5-7-2-77/ HTTP/2.0" 200 - "-" "Mozilla/5.0 (compatible; AhrefsBot/7.0; +http://ahrefs.com/robot/)"
4.190.186.103 - - [29/Dec/2025:20:23:49 +0100] "GET /buy.php HTTP/1.1" 403 - "https://www.bing.com/" "Mozilla/5.0 (Linux; Android 14; Pixel 8 Pro) AppleWebKit/537.36 (KHTML, like Gecko) Chrome/119.0.0.0 Mobile Safari/537.36"
4.190.186.103 - - [29/Dec/2025:20:23:50 +0100] "GET /chosen.php HTTP/1.1" 403 - "https://www.google.com/" "Mozilla/5.0 (Linux; Android 11; CPH2251) AppleWebKit/537.36 (KHTML, like Gecko) Chrome/116.0.0.0 Mobile Safari/537.36"
4.190.186.103 - - [29/Dec/2025:20:23:51 +0100] "GET /css/autoload_classmap.php HTTP/1.1" 200 - "https://www.google.fr/" "Mozilla/5.0 (iPad; CPU OS 17_0_3 like Mac OS X) AppleWebKit/605.1.15 (KHTML, like Gecko) Version/17.0.1 Mobile/15E148 Safari/604.1"
4.190.186.103 - - [29/Dec/2025:20:23:52 +0100] "GET /cyber.php HTTP/1.1" 403 - "https://www.google.de/" "Mozilla/5.0 (Linux; Android 11; 21081111RG) AppleWebKit/537.36 (KHTML, like Gecko) Chrome/116.0.0.0 Mobile Safari/537.36"
4.190.186.103 - - [29/Dec/2025:20:23:53 +0100] "GET /d.php HTTP/1.1" 403 - "https://duckduckgo.com/" "Mozilla/5.0 (Linux; Android 11; CPH2251) AppleWebKit/537.36 (KHTML, like Gecko) Chrome/116.0.0.0 Mobile Safari/537.36"
4.190.186.103 - - [29/Dec/2025:20:23:54 +0100] "GET /defaults.php HTTP/1.1" 403 - "https://www.google.fr/" "Mozilla/5.g (Linux; Android 13; Pixel 7) AppleWebKit/537.36 (KHTML, like Gecko) Chrome/116.0.0.0 Mobile Safari/537.36"
4.190.186.103 - - [29/Dec/2025:20:23:55 +0100] "GET /edit.php HTTP/1.1" 403 - "https://www.google.co.uk/" "Mozilla/5.0 (iPhone; CPU iPhone OS 17_1 like Mac OS X) AppleWebKit/605.1.15 (KHTML, like Gecko) CriOS/119.0.6045.109 Mobile/15E148 Safari/604.1"
4.190.186.103 - - [29/Dec/2025:20:23:56 +0100] "GET /fx.php HTTP/1.1" 403 - "https://www.yahoo.com/" "Mozilla/5.0 (Linux; Android 11; 21081111RG) AppleWebKit/537.36 (KHTML, like Gecko) Chrome/116.0.0.0 Mobile Safari/537.36"
4.190.186.103 - - [29/Dec/2025:20:23:57 +0100] "GET /h.php HTTP/1.1" 403 - "https://www.bing.com/" "Mozilla/5.0 (iPhone; CPU iPhone OS 16_0 like Mac OS X) AppleWebKit/605.1.15 (KHTML, like Gecko) FxiOS/118.0 Mobile/15E148 Safari/605.1.15"
4.190.186.103 - - [29/Dec/2025:20:23:58 +0100] "GET /image/c.php HTTP/1.1" 200 - "https://www.google.com/" "Mozilla/5.0 (Linux; Android 10; LM-Q720) AppleWebKit/537.36 (KHTML, like Gecko) Chrome/116.0.0.0 Mobile Safari/537.36"
4.190.186.103 - - [29/Dec/2025:20:23:59 +0100] "GET /images/alfa.php HTTP/1.1" 200 - "https://www.google.de/" "Mozilla/5.0 (iPhone; CPU iPhone OS 15_7_9 like Mac OS X) AppleWebKit/605.1.15 (KHTML, like Gecko) Version/15.6.5 Mobile/15E148 Safari/604.1"
4.190.186.103 - - [29/Dec/2025:20:24:00 +0100] "GET /images/install.php HTTP/1.1" 200 - "https://www.bing.com/" "Mozilla/5.0 (Linux; Android 11; CPH2251) AppleWebKit/537.36 (KHTML, like Gecko) Chrome/116.0.0.0 Mobile Safari/537.36"
4.190.186.103 - - [29/Dec/2025:20:24:01 +0100] "GET /images/wso.php HTTP/1.1" 200 - "https://www.yahoo.com/" "Mozilla/5.0 (iPhone; CPU iPhone OS 17_0_3 like Mac OS X) AppleWebKit/605.1.15 (KHTML, like Gecko) Version/17.0.1 Mobile/15E148 Safari/604.1"
4.190.186.103 - - [29/Dec/2025:20:24:02 +0100] "GET /images/xmrlpc.php HTTP/1.1" 200 - "https://www.google.de/" "Mozilla/5.0 (Linux; Android 11; CPH2251) AppleWebKit/537.36 (KHTML, like Gecko) Chrome/116.0.0.0 Mobile Safari/537.36"
4.190.186.103 - - [29/Dec/2025:20:24:03 +0100] "GET /index2.php HTTP/1.1" 403 - "https://www.google.de/" "Mozilla/5.g (Linux; Android 13; Pixel 7) AppleWebKit/537.36 (KHTML, like Gecko) Chrome/116.0.0.0 Mobile Safari/537.36"
4.190.186.103 - - [29/Dec/2025:20:24:05 +0100] "GET /install.php HTTP/1.1" 403 - "https://www.google.de/" "Mozilla/5.0 (iPad; CPU OS 17_0_3 like Mac OS X) AppleWebKit/605.1.15 (KHTML, like Gecko) Version/17.0.1 Mobile/15E148 Safari/604.1"
4.190.186.103 - - [29/Dec/2025:20:24:06 +0100] "GET /luuf.php HTTP/1.1" 403 - "https://www.yahoo.com/" "Mozilla/5.0 (Linux; Android 12; SM-A525F) AppleWebKit/537.36 (KHTML, like Gecko) Chrome/117.0.0.0 Mobile Safari/537.36"
4.190.186.103 - - [29/Dec/2025:20:24:07 +0100] "GET /mah.php HTTP/1.1" 200 - "https://www.google.fr/" "Mozilla/5.0 (Linux; Android 14; Pixel 8 Pro) AppleWebKit/537.36 (KHTML, like Gecko) Chrome/119.0.0.0 Mobile Safari/537.36"
4.190.186.103 - - [29/Dec/2025:20:24:08 +0100] "GET /mm.php HTTP/1.1" 403 - "https://www.google.com/" "Mozilla/5.0 (iPad; CPU OS 16_7_2 like Mac OS X) AppleWebKit/605.1.15 (KHTML, like Gecko) Version/16.6 Mobile/15E148 Safari/604.1"
4.190.186.103 - - [29/Dec/2025:20:24:09 +0100] "GET /new.php HTTP/1.1" 403 - "https://www.google.de/" "Mozilla/5.0 (iPhone; CPU iPhone OS 17_1_1 like Mac OS X) AppleWebKit/605.1.15 (KHTML, like Gecko) Version/17.1 Mobile/15E148 Safari/604.1"
4.190.186.103 - - [29/Dec/2025:20:24:10 +0100] "GET /php.php HTTP/1.1" 403 - "https://www.google.fr/" "Mozilla/5.0 (Linux; Android 10; K) AppleWebKit/537.36 (KHTML, like Gecko) Chrome/117.0.0.0 Mobile Safari/537.36"
4.190.186.103 - - [29/Dec/2025:20:24:11 +0100] "GET /phpmailer.lang-sv.php HTTP/1.1" 403 - "https://duckduckgo.com/" "Mozilla/5.0 (iPad; CPU OS 17_0_3 like Mac OS X) AppleWebKit/605.1.15 (KHTML, like Gecko) Version/17.0.1 Mobile/15E148 Safari/604.1"
4.190.186.103 - - [29/Dec/2025:20:24:12 +0100] "GET /s.php HTTP/1.1" 403 - "https://www.bing.com/" "Mozilla/5.0 (iPhone; CPU iPhone OS 16_6_1 like Mac OS X) AppleWebKit/605.1.15 (KHTML, like Gecko) Version/16.6 Mobile/15E148 Safari/604.1"
4.190.186.103 - - [29/Dec/2025:20:24:13 +0100] "GET /sa.php HTTP/1.1" 403 - "https://www.google.fr/" "Mozilla/5.0 (Linux; Android 12; SM-A525F) AppleWebKit/537.36 (KHTML, like Gecko) Chrome/117.0.0.0 Mobile Safari/537.36"
4.190.186.103 - - [29/Dec/2025:20:24:14 +0100] "GET /sx.php HTTP/1.1" 403 - "https://www.yahoo.com/" "Mozilla/5.0 (iPhone; CPU iPhone OS 17_0_3 like Mac OS X) AppleWebKit/605.1.15 (KHTML, like Gecko) Version/17.0.1 Mobile/15E148 Safari/604.1"
4.190.186.103 - - [29/Dec/2025:20:24:15 +0100] "GET /templates/rhuk_milkyway/index.php HTTP/1.1" 200 - "https://www.bing.com/" "Mozilla/5.0 (iPhone; CPU iPhone OS 17_1_1 like Mac OS X) AppleWebKit/605.1.15 (KHTML, like Gecko) Version/17.1 Mobile/15E148 Safari/604.1"
4.190.186.103 - - [29/Dec/2025:20:24:16 +0100] "GET /themes.php HTTP/1.1" 403 - "https://www.yahoo.com/" "Mozilla/5.0 (iPhone; CPU iPhone OS 17_0_3 like Mac OS X) AppleWebKit/605.1.15 (KHTML, like Gecko) Version/17.0.1 Mobile/15E148 Safari/604.1"
4.190.186.103 - - [29/Dec/2025:20:24:17 +0100] "GET /tmp.php HTTP/1.1" 403 - "https://www.bing.com/" "Mozilla/5.0 (Linux; Android 10; K) AppleWebKit/537.36 (KHTML, like Gecko) Chrome/117.0.0.0 Mobile Safari/537.36"
4.190.186.103 - - [29/Dec/2025:20:24:18 +0100] "GET /up.php HTTP/1.1" 403 - "https://www.bing.com/" "Mozilla/5.0 (Linux; Android 10; K) AppleWebKit/537.36 (KHTML, like Gecko) Chrome/117.0.0.0 Mobile Safari/537.36"
4.190.186.103 - - [29/Dec/2025:20:24:19 +0100] "GET /uploaded_script.php HTTP/1.1" 403 - "https://www.google.com/" "Mozilla/5.0 (Linux; Android 13; SM-G991U) AppleWebKit/537.36 (KHTML, like Gecko) Chrome/117.0.0.0 Mobile Safari/537.36"
4.190.186.103 - - [29/Dec/2025:20:24:20 +0100] "GET /vendor/composer/about.php HTTP/1.1" 200 - "https://www.google.de/" "Mozilla/5.0 (iPhone; CPU iPhone OS 17_0_3 like Mac OS X) AppleWebKit/605.1.15 (KHTML, like Gecko) Version/17.0.1 Mobile/15E148 Safari/604.1"
4.190.186.103 - - [29/Dec/2025:20:24:21 +0100] "GET /w.php HTTP/1.1" 403 - "https://www.google.com/" "Mozilla/5.0 (Linux; Android 13; M2101K6G) AppleWebKit/537.36 (KHTML, like Gecko) Chrome/116.0.0.0 Mobile Safari/537.36"
4.190.186.103 - - [29/Dec/2025:20:24:22 +0100] "GET /wp-admin/a.php HTTP/1.1" 403 - "https://www.yahoo.com/" "Mozilla/5.0 (iPhone; CPU iPhone OS 16_6_1 like Mac OS X) AppleWebKit/605.1.15 (KHTML, like Gecko) Version/16.6 Mobile/15E148 Safari/604.1"
4.190.186.103 - - [29/Dec/2025:20:24:23 +0100] "GET /wp-admin/css/colors HTTP/1.1" 301 285 "https://www.yahoo.com/" "Mozilla/5.0 (iPad; CPU OS 16_7_2 like Mac OS X) AppleWebKit/605.1.15 (KHTML, like Gecko) Version/16.6 Mobile/15E148 Safari/604.1"
4.190.186.103 - - [29/Dec/2025:20:24:23 +0100] "GET /wp-admin/css/colors/ HTTP/1.1" 403 - "https://www.yahoo.com/" "Mozilla/5.0 (iPad; CPU OS 16_7_2 like Mac OS X) AppleWebKit/605.1.15 (KHTML, like Gecko) Version/16.6 Mobile/15E148 Safari/604.1"
66.249.68.67 - - [29/Dec/2025:20:24:24 +0100] "GET /?o=25199186118203&channel=b65207&from=brands.php%3Fid%3D1861182-215%26name%3DPLUS+626419%29LF%E3%83%91%E3%83%8D%E3%83%AB+%E3%82%B7%E3%83%AB%E3%83%90%E3%83%BC%E3%83%95%E3%83%AC%E3%83%BC%E3%83%A0+LF-SF0819++%3Cbr%3ELF-SF0819+1%E5%BC%8F%3Cbr%3E%3Cbr%3E+%E2%96%A0%E2%96%BC211-2513+%3Cbr%3E%3Cbr%3E%E3%80%90%E9%80%81%E6%96%99%E9%83%BD%E5%BA%A6%E8%A6%8B%E7%A9%8D%E3%80%91%3Cbr%3E HTTP/1.1" 200 26411 "-" "Mozilla/5.0 (Linux; Android 6.0.1; Nexus 5X Build/MMB29P) AppleWebKit/537.36 (KHTML, like Gecko) Chrome/141.0.7390.122 Mobile Safari/537.36 (compatible; Googlebot/2.1; +http://www.google.com/bot.html)"
4.190.186.103 - - [29/Dec/2025:20:24:24 +0100] "GET /wp-admin/css/colors/blue HTTP/1.1" 301 290 "https://duckduckgo.com/" "Mozilla/5.0 (Linux; Android 12; SM-A525F) AppleWebKit/537.36 (KHTML, like Gecko) Chrome/117.0.0.0 Mobile Safari/537.36"
4.190.186.103 - - [29/Dec/2025:20:24:24 +0100] "GET /wp-admin/css/colors/blue/ HTTP/1.1" 403 - "https://duckduckgo.com/" "Mozilla/5.0 (Linux; Android 12; SM-A525F) AppleWebKit/537.36 (KHTML, like Gecko) Chrome/117.0.0.0 Mobile Safari/537.36"
4.190.186.103 - - [29/Dec/2025:20:24:25 +0100] "GET /wp-admin/images/atomlib.php HTTP/1.1" 403 - "https://www.google.com/" "Mozilla/5.0 (iPhone; CPU iPhone OS 17_0_3 like Mac OS X) AppleWebKit/605.1.15 (KHTML, like Gecko) Version/17.0.1 Mobile/15E148 Safari/604.1"
4.190.186.103 - - [29/Dec/2025:20:24:26 +0100] "GET /wp-admin/images/chosen.php HTTP/1.1" 403 - "https://duckduckgo.com/" "Mozilla/5.0 (iPad; CPU OS 16_7_2 like Mac OS X) AppleWebKit/605.1.15 (KHTML, like Gecko) Version/16.6 Mobile/15E148 Safari/604.1"
4.190.186.103 - - [29/Dec/2025:20:24:27 +0100] "GET /wp-admin/includes/chosen.php HTTP/1.1" 403 - "https://www.google.de/" "Mozilla/5.0 (Linux; Android 13; M2101K6G) AppleWebKit/537.36 (KHTML, like Gecko) Chrome/116.0.0.0 Mobile Safari/537.36"
4.190.186.103 - - [29/Dec/2025:20:24:28 +0100] "GET /wp-admin/includes/rk2.php HTTP/1.1" 403 - "https://www.google.de/" "Mozilla/5.g (Linux; Android 13; Pixel 7) AppleWebKit/537.36 (KHTML, like Gecko) Chrome/116.0.0.0 Mobile Safari/537.36"
146.88.233.70 - - [29/Dec/2025:20:24:30 +0100] "POST /wp-cron.php?doing_wp_cron=1767036270.1123940944671630859375 HTTP/1.1" 403 - "-" "WordPress/6.8.3; https://www.loger.cm"
4.190.186.103 - - [29/Dec/2025:20:24:29 +0100] "GET /wp-admin/index.php HTTP/1.1" 302 - "https://www.bing.com/" "Mozilla/5.0 (iPhone; CPU iPhone OS 17_1_1 like Mac OS X) AppleWebKit/605.1.15 (KHTML, like Gecko) Version/17.1 Mobile/15E148 Safari/604.1"
4.190.186.103 - - [29/Dec/2025:20:24:31 +0100] "GET /wp-login.php?redirect_to=https%3A%2F%2Floger.cm%2Fwp-admin%2Findex.php&reauth=1 HTTP/1.1" 200 18750 "https://www.bing.com/" "Mozilla/5.0 (iPhone; CPU iPhone OS 17_1_1 like Mac OS X) AppleWebKit/605.1.15 (KHTML, like Gecko) Version/17.1 Mobile/15E148 Safari/604.1"
4.190.186.103 - - [29/Dec/2025:20:24:32 +0100] "GET /wp-admin/js/chosen.php HTTP/1.1" 403 - "https://www.google.com/" "Mozilla/5.0 (Linux; Android 10; LM-Q720) AppleWebKit/537.36 (KHTML, like Gecko) Chrome/116.0.0.0 Mobile Safari/537.36"
4.190.186.103 - - [29/Dec/2025:20:24:33 +0100] "GET /wp-admin/k.php HTTP/1.1" 403 - "https://www.google.co.uk/" "Mozilla/5.0 (Linux; Android 13; SM-S908E) AppleWebKit/537.36 (KHTML, like Gecko) Chrome/116.0.0.0 Mobile Safari/537.36"
92.222.104.223 - - [29/Dec/2025:20:27:06 +0100] "GET /2024/11/20/comprehensive-uniswap-market-analysis-report-2024-3-3-1-133/ HTTP/2.0" 200 - "-" "Mozilla/5.0 (compatible; AhrefsBot/7.0; +http://ahrefs.com/robot/)"
178.20.44.140 - - [29/Dec/2025:20:27:37 +0100] "GET /room_type/chambre-luxe-king-akwa/ HTTP/1.0" 200 - "https://loger.cm/room_type/chambre-luxe-king-akwa/" "Mozilla/5.0 (Windows NT 10.0; Win64; x64) AppleWebKit/537.36 (KHTML, like Gecko) Chrome/131.0.0.0 Safari/537.36"
178.20.44.140 - - [29/Dec/2025:20:27:37 +0100] "GET / HTTP/1.0" 200 - "https://loger.cm/" "Mozilla/5.0 (Windows NT 10.0; Win64; x64) AppleWebKit/537.36 (KHTML, like Gecko) Chrome/131.0.0.0 Safari/537.36"
178.20.44.140 - - [29/Dec/2025:20:27:38 +0100] "GET /room_type/chambre-luxe-king-akwa/ HTTP/1.0" 200 - "https://loger.cm/room_type/chambre-luxe-king-akwa/" "Mozilla/5.0 (Windows NT 10.0; Win64; x64) AppleWebKit/537.36 (KHTML, like Gecko) Chrome/131.0.0.0 Safari/537.36 Avast/131.0.0.0"
178.20.44.140 - - [29/Dec/2025:20:27:39 +0100] "GET / HTTP/1.0" 200 - "https://loger.cm/" "Mozilla/5.0 (Windows NT 10.0; Win64; x64) AppleWebKit/537.36 (KHTML, like Gecko) Chrome/131.0.0.0 Safari/537.36 Avast/131.0.0.0"
178.20.44.140 - - [29/Dec/2025:20:27:44 +0100] "GET /room_type/chambre-luxe-king-akwa/ HTTP/1.0" 200 - "https://loger.cm/room_type/chambre-luxe-king-akwa/" "Mozilla/5.0 (Windows NT 10.0; Win64; x64) AppleWebKit/537.36 (KHTML, like Gecko) Chrome/130.0.0.0 Safari/537.36 CCleaner/130.0.0.0"
178.20.44.140 - - [29/Dec/2025:20:27:45 +0100] "GET / HTTP/1.0" 200 - "https://loger.cm/" "Mozilla/5.0 (Windows NT 10.0; Win64; x64) AppleWebKit/537.36 (KHTML, like Gecko) Chrome/130.0.0.0 Safari/537.36 CCleaner/130.0.0.0"
178.20.44.140 - - [29/Dec/2025:20:27:48 +0100] "GET /room_type/chambre-luxe-king-akwa/ HTTP/1.0" 200 - "https://loger.cm/room_type/chambre-luxe-king-akwa/" "Mozilla/5.0 (Windows NT 10.0; Win64; x64) AppleWebKit/537.36 (KHTML, like Gecko) Chrome/131.0.0.0 Safari/537.36 Avast/131.0.0.0"
178.20.44.140 - - [29/Dec/2025:20:27:49 +0100] "GET / HTTP/1.0" 200 - "https://loger.cm/" "Mozilla/5.0 (Windows NT 10.0; Win64; x64) AppleWebKit/537.36 (KHTML, like Gecko) Chrome/131.0.0.0 Safari/537.36 Avast/131.0.0.0"
114.119.155.96 - - [29/Dec/2025:20:28:02 +0100] "GET /wp-includes/js/tinymce/plugins/compat3x/plugin.js HTTP/1.1" 200 2758 "https://www.loger.cm/wp-includes/js/tinymce/plugins/compat3x/?C=D%3BO%3DA" "Mozilla/5.0 (Linux; Android 7.0;) AppleWebKit/537.36 (KHTML, like Gecko) Mobile Safari/537.36 (compatible; PetalBot;+https://webmaster.petalsearch.com/site/petalbot)"
94.23.188.208 - - [29/Dec/2025:20:30:06 +0100] "GET /2024/11/20/comprehensive-report-on-the-ethereum-ecosystem-2024-3-6-2-26/ HTTP/2.0" 200 - "-" "Mozilla/5.0 (compatible; AhrefsBot/7.0; +http://ahrefs.com/robot/)"
146.88.233.70 - - [29/Dec/2025:20:31:39 +0100] "POST /wp-cron.php?doing_wp_cron=1767036699.7773880958557128906250 HTTP/1.1" 403 - "-" "WordPress/6.8.3; https://www.loger.cm"
38.90.18.241 - - [29/Dec/2025:20:31:39 +0100] "GET /wp-login.php HTTP/1.1" 200 4957 "http://loger.cm/wp-admin/" "Mozilla/5.0 (Windows NT 10.0; Win64; x64) AppleWebKit/537.36 (KHTML, like Gecko) Chrome/90.0.4430.85 Safari/537.36"
38.90.18.251 - - [29/Dec/2025:20:31:41 +0100] "POST /wp-login.php HTTP/1.1" 200 5128 "http://loger.cm/wp-admin/" "Mozilla/5.0 (Windows NT 10.0; Win64; x64) AppleWebKit/537.36 (KHTML, like Gecko) Chrome/90.0.4430.85 Safari/537.36"
38.90.18.251 - - [29/Dec/2025:20:31:42 +0100] "GET /wp-admin/ HTTP/1.1" 302 - "https://www.google.com" "Mozilla/5.0 (Windows NT 10.0; Win64; x64) AppleWebKit/537.36 (KHTML, like Gecko) Chrome/90.0.4430.85 Safari/537.36"
38.90.18.211 - - [29/Dec/2025:20:31:44 +0100] "GET /wp-login.php?redirect_to=https%3A%2F%2Floger.cm%2Fwp-admin%2F&reauth=1 HTTP/1.1" 200 4964 "https://www.google.com" "Mozilla/5.0 (Windows NT 10.0; Win64; x64) AppleWebKit/537.36 (KHTML, like Gecko) Chrome/90.0.4430.85 Safari/537.36"
146.88.233.70 - - [29/Dec/2025:20:33:18 +0100] "POST /wp-cron.php?doing_wp_cron=1767036798.6556971073150634765625 HTTP/1.1" 403 - "-" "WordPress/6.8.3; https://www.loger.cm"
142.93.171.225 - - [29/Dec/2025:20:33:18 +0100] "POST /wp-login.php HTTP/1.1" 200 18959 "-" "Mozilla/5.0"
5.39.1.224 - - [29/Dec/2025:20:34:08 +0100] "GET / HTTP/2.0" 200 - "-" "Mozilla/5.0 (compatible; AhrefsBot/7.0; +http://ahrefs.com/robot/)"
52.167.144.210 - - [29/Dec/2025:20:37:17 +0100] "GET /?o=7103279640&channel=654925&from=shop.php%3Fid%3D7964-511%26name%3DiPad%20%2010.2%E3%82%A4%E3%83%B3%E3%83%81%20%E7%AC%AC8%E4%B8%96%E4%BB%A3%5B128GB%5D%20%E3%82%BB%E3%83%AB%E3%83%A9%E3%83%BC%20docomo%20%E3%82%B4%E3%83%BC%E3%83%AB%E3%83%89%E3%80%90%20%E2%80%A6%EF%BC%88SIM%E3%83%AD%E3%83%83%E3%82%AF%E8%A7%A3%E9%99%A4%E6%B8%88%E3%80%91%E3%80%90%E7%AC%AC2%E4%B8%96%E4%BB%A3%E3%80%91docomo%20iPad%20Pro%2011%E3%82%A4%E3%83%B3%E3%83%81%20Wi-Fi%2BCellular%201TB%20%E3%82%B7%E3%83%AB%E3%83%90%E3%83%BC%20MXE92J%2FA%20%20A2230%7C%E4%B8%AD%E5%8F%A4%E3%82%BF%E3%83%96%E3%83%AC%E3%83%83%E3%83%88%E6%A0%BC%E5%AE%89%E8%B2%A9%E5%A3%B2%E3%81%AE%E3%80%90%E3%82%A4%E3%82%AA%E3%82%B7%E3%82%B9%E3%80%91%EF%BC%89 HTTP/2.0" 200 24851 "-" "Mozilla/5.0 AppleWebKit/537.36 (KHTML, like Gecko; compatible; bingbot/2.0; +http://www.bing.com/bingbot.htm) Chrome/116.0.1938.76 Safari/537.36"
54.37.118.72 - - [29/Dec/2025:20:38:13 +0100] "GET /uniswap-regulatory-compliance-guide-2024-1-4-7-170/ HTTP/2.0" 200 - "-" "Mozilla/5.0 (compatible; AhrefsBot/7.0; +http://ahrefs.com/robot/)"
57.141.18.107 - - [29/Dec/2025:20:39:14 +0100] "GET /?o=43230221083402 HTTP/2.0" 200 - "-" "meta-externalagent/1.1 (+https://developers.facebook.com/docs/sharing/webmasters/crawler)"
66.249.68.67 - - [29/Dec/2025:20:39:52 +0100] "GET /?o=09096131223308 HTTP/1.1" 200 25528 "-" "Mozilla/5.0 (Linux; Android 6.0.1; Nexus 5X Build/MMB29P) AppleWebKit/537.36 (KHTML, like Gecko) Chrome/141.0.7390.122 Mobile Safari/537.36 (compatible; Googlebot/2.1; +http://www.google.com/bot.html)"
40.77.167.159 - - [29/Dec/2025:20:41:40 +0100] "GET /?o=461081141002 HTTP/2.0" 200 25866 "-" "Mozilla/5.0 AppleWebKit/537.36 (KHTML, like Gecko; compatible; bingbot/2.0; +http://www.bing.com/bingbot.htm) Chrome/116.0.1938.76 Safari/537.36"
5.39.1.224 - - [29/Dec/2025:20:41:44 +0100] "GET /ultimate-guide-cardano-educational-material-2024-3-6-9-28/ HTTP/2.0" 200 - "-" "Mozilla/5.0 (compatible; AhrefsBot/7.0; +http://ahrefs.com/robot/)"
114.119.140.137 - - [29/Dec/2025:20:42:13 +0100] "GET /wp-includes/js/thickbox/thickbox.js HTTP/1.1" 200 4032 "https://www.loger.cm/wp-includes/js/thickbox/" "Mozilla/5.0 (Linux; Android 7.0;) AppleWebKit/537.36 (KHTML, like Gecko) Mobile Safari/537.36 (compatible; PetalBot;+https://webmaster.petalsearch.com/site/petalbot)"
66.249.68.65 - - [29/Dec/2025:20:43:23 +0100] "GET /?o=82234108243602 HTTP/1.1" 200 26006 "-" "Mozilla/5.0 (Linux; Android 6.0.1; Nexus 5X Build/MMB29P) AppleWebKit/537.36 (KHTML, like Gecko) Chrome/141.0.7390.122 Mobile Safari/537.36 (compatible; Googlebot/2.1; +http://www.google.com/bot.html)"
146.88.233.70 - - [29/Dec/2025:20:44:26 +0100] "POST /wp-cron.php?doing_wp_cron=1767037466.5515279769897460937500 HTTP/1.1" 403 - "-" "WordPress/6.8.3; https://www.loger.cm"
142.93.171.225 - - [29/Dec/2025:20:44:26 +0100] "POST /wp-login.php HTTP/1.1" 200 18959 "-" "Mozilla/5.0"
94.23.188.210 - - [29/Dec/2025:20:44:54 +0100] "GET /tag/eos-mining-%CE%BF%CE%B4%CE%B7%CE%B3%CF%8C%CF%82/ HTTP/2.0" 200 - "-" "Mozilla/5.0 (compatible; AhrefsBot/7.0; +http://ahrefs.com/robot/)"
178.20.44.140 - - [29/Dec/2025:20:45:51 +0100] "GET /room_type/chambre-luxe-king-akwa/ HTTP/1.0" 200 - "https://loger.cm/room_type/chambre-luxe-king-akwa/" "Mozilla/5.0 (Windows NT 10.0; Win64; x64) AppleWebKit/537.36 (KHTML, like Gecko) Chrome/129.0.0.0 Safari/537.36"
178.20.44.140 - - [29/Dec/2025:20:45:52 +0100] "GET / HTTP/1.0" 200 - "https://loger.cm/" "Mozilla/5.0 (Windows NT 10.0; Win64; x64) AppleWebKit/537.36 (KHTML, like Gecko) Chrome/129.0.0.0 Safari/537.36"
210.157.194.2 - - [29/Dec/2025:20:45:55 +0100] "GET /?o=920203592501 HTTP/2.0" 200 214 "https://search.yahoo.co.jp/" "Mozilla/5.0 (iPhone; CPU iPhone OS 16_7_12 like Mac OS X) AppleWebKit/605.1.15 (KHTML, like Gecko) Version/16.6.1 Mobile/15E148 Safari/604.1"
43.165.65.180 - - [29/Dec/2025:20:46:49 +0100] "GET / HTTP/1.1" 200 - "http://loger.cm" "Mozilla/5.0 (iPhone; CPU iPhone OS 13_2_3 like Mac OS X) AppleWebKit/605.1.15 (KHTML, like Gecko) Version/13.0.3 Mobile/15E148 Safari/604.1"
66.249.68.65 - - [29/Dec/2025:20:47:06 +0100] "GET /?o=8027528574808 HTTP/1.1" 200 26177 "-" "Mozilla/5.0 (Linux; Android 6.0.1; Nexus 5X Build/MMB29P) AppleWebKit/537.36 (KHTML, like Gecko) Chrome/141.0.7390.122 Mobile Safari/537.36 (compatible; Googlebot/2.1; +http://www.google.com/bot.html)"
37.59.204.155 - - [29/Dec/2025:20:47:53 +0100] "GET /stellar-api-documentation-2024-4-1-3-comprehensive-guide-and-download-122/ HTTP/2.0" 200 - "-" "Mozilla/5.0 (compatible; AhrefsBot/7.0; +http://ahrefs.com/robot/)"
66.249.68.67 - - [29/Dec/2025:20:48:00 +0100] "GET /2000367326.shtml HTTP/1.1" 200 25903 "-" "Mozilla/5.0 (Linux; Android 6.0.1; Nexus 5X Build/MMB29P) AppleWebKit/537.36 (KHTML, like Gecko) Chrome/141.0.7390.122 Mobile Safari/537.36 (compatible; Googlebot/2.1; +http://www.google.com/bot.html)"
52.167.144.169 - - [29/Dec/2025:20:48:25 +0100] "GET /?o=7339621420&channel=91f77d&from=jp.php%3Fid%3D2142-241%26name%3D%E3%83%8F%E3%83%BC%E3%83%AC%E3%83%BC%E3%83%90%E3%83%83%E3%82%AF%E3%83%9F%E3%83%A9%E3%83%BC+%E7%B4%94%E6%AD%A3%E3%82%BF%E3%82%A4%E3%83%97+%E5%B7%A6%E5%8F%B3%E3%82%BB%E3%83%83%E3%83%88+%E8%BB%8A%E6%A4%9C%E5%AF%BE%E5%BF%9C+%E3%83%96%E3%83%AC%E3%82%A4%E3%82%AF%E3%82%A2%E3%82%A6%E3%83%88++%E3%82%B9%E3%83%9D%E3%83%BC%E3%83%84%E3%82%B9%E3%82%BF%E3%83%BC+%E3%83%95%E3%82%A1%E3%83%83%E3%83%88%E3%83%9C%E3%83%BC%E3%82%A4+%E3%83%AD%E3%83%BC%E3%82%AD%E3%83%B3+B%E3%82%BF%E3%82%A4%E3%83%97%EF%BC%88%E8%BB%8A%E4%B8%A1%E7%B4%B9%E4%BB%8B%EF%BC%81%E3%83%8F%E3%83%BC%E3%83%AC%E3%83%BC%E3%83%80%E3%83%93%E3%83%83%E3%83%89%E3%82%BD%E3%83%B3+FLSTSB%EF%BC%88%E3%82%AF%E3%83%AD%E3%82%B9%E3%83%9C%E3%83%BC%E3%83%B3%E3%82%BA%EF%BC%89+%7C+%E4%B8%AD%E5%8F%A4%E3%83%BB%E6%96%B0%E8%BB%8A%E3%83%90%E3%82%A4%E3%82%AF%E3%81%AE%E8%B2%A9%E5%A3%B2%E3%83%BB%E8%B2%B7%E5%8F%96%E3%80%90%E3%83%90%E3%82%A4%E3%82%AF%E9%A4%A8SOX%E3%80%91%EF%BC%89 HTTP/2.0" 200 25330 "-" "Mozilla/5.0 AppleWebKit/537.36 (KHTML, like Gecko; compatible; bingbot/2.0; +http://www.bing.com/bingbot.htm) Chrome/116.0.1938.76 Safari/537.36"
66.249.68.67 - - [29/Dec/2025:20:49:37 +0100] "GET /2000367326.shtml HTTP/1.1" 200 25901 "-" "Mozilla/5.0 (Linux; Android 6.0.1; Nexus 5X Build/MMB29P) AppleWebKit/537.36 (KHTML, like Gecko) Chrome/141.0.7390.122 Mobile Safari/537.36 (compatible; Googlebot/2.1; +http://www.google.com/bot.html)"
51.68.247.219 - - [29/Dec/2025:20:50:43 +0100] "GET /solana-security-best-practices-2024-5-3-8-comprehensive-guide-to-secure-your-system-5/ HTTP/2.0" 200 - "-" "Mozilla/5.0 (compatible; AhrefsBot/7.0; +http://ahrefs.com/robot/)"
66.249.68.66 - - [29/Dec/2025:20:51:09 +0100] "GET /44337383410.shtml HTTP/1.1" 200 26615 "-" "Mozilla/5.0 (Linux; Android 6.0.1; Nexus 5X Build/MMB29P) AppleWebKit/537.36 (KHTML, like Gecko) Chrome/141.0.7390.122 Mobile Safari/537.36 (compatible; Googlebot/2.1; +http://www.google.com/bot.html)"
92.222.104.207 - - [29/Dec/2025:20:53:42 +0100] "GET /solana-governance-vorschlag-2024-5-0-9-dokumentation-19/ HTTP/2.0" 200 - "-" "Mozilla/5.0 (compatible; AhrefsBot/7.0; +http://ahrefs.com/robot/)"
66.249.68.67 - - [29/Dec/2025:20:54:16 +0100] "GET /?o=20148117627605 HTTP/1.1" 200 25691 "-" "Mozilla/5.0 (Linux; Android 6.0.1; Nexus 5X Build/MMB29P) AppleWebKit/537.36 (KHTML, like Gecko) Chrome/141.0.7390.122 Mobile Safari/537.36 (compatible; Googlebot/2.1; +http://www.google.com/bot.html)"
52.167.144.215 - - [29/Dec/2025:20:54:35 +0100] "GET /?o=9278811899006 HTTP/2.0" 200 26589 "-" "Mozilla/5.0 AppleWebKit/537.36 (KHTML, like Gecko; compatible; bingbot/2.0; +http://www.bing.com/bingbot.htm) Chrome/116.0.1938.76 Safari/537.36"
52.167.144.173 - - [29/Dec/2025:20:54:47 +0100] "GET /?o=16832100450906&channel=100a97 HTTP/2.0" 200 26237 "-" "Mozilla/5.0 AppleWebKit/537.36 (KHTML, like Gecko; compatible; bingbot/2.0; +http://www.bing.com/bingbot.htm) Chrome/116.0.1938.76 Safari/537.36"
146.88.233.70 - - [29/Dec/2025:20:55:32 +0100] "POST /wp-cron.php?doing_wp_cron=1767038132.0290880203247070312500 HTTP/1.1" 403 - "-" "WordPress/6.8.3; https://www.loger.cm"
142.93.171.225 - - [29/Dec/2025:20:55:31 +0100] "POST /wp-login.php HTTP/1.1" 200 18959 "-" "Mozilla/5.0"
52.167.144.173 - - [29/Dec/2025:20:55:47 +0100] "GET /?o=12094194695501&channel=372a4f HTTP/2.0" 200 26883 "-" "Mozilla/5.0 AppleWebKit/537.36 (KHTML, like Gecko; compatible; bingbot/2.0; +http://www.bing.com/bingbot.htm) Chrome/116.0.1938.76 Safari/537.36"
78.47.8.109 - - [29/Dec/2025:20:56:19 +0100] "POST /xmlrpc.php HTTP/1.1" 403 - "-" "Mozilla/5.0 (Windows NT 10.0; Win64; x64; rv:59.0) Gecko/20100101 Firefox/59.0"
37.59.204.152 - - [29/Dec/2025:20:56:24 +0100] "GET /monero-ico-ido-ieo-guia-2024-2-8-9-informacion-completa-y-descarga-83/ HTTP/2.0" 200 - "-" "Mozilla/5.0 (compatible; AhrefsBot/7.0; +http://ahrefs.com/robot/)"
114.119.140.137 - - [29/Dec/2025:20:56:35 +0100] "GET /wp-includes/sodium_compat/lib/namespaced.php HTTP/1.1" 403 - "https://www.loger.cm/wp-includes/sodium_compat/lib/?C=M%3BO%3DA" "Mozilla/5.0 (Linux; Android 7.0;) AppleWebKit/537.36 (KHTML, like Gecko) Mobile Safari/537.36 (compatible; PetalBot;+https://webmaster.petalsearch.com/site/petalbot)"
4.194.179.26 - - [29/Dec/2025:20:56:44 +0100] "GET /wp-content/plugins/fix/up.php HTTP/1.1" 200 - "-" "Mozilla/5.0 (Windows NT 10.0; Win64; x64) AppleWebKit/537.36 (KHTML, like Gecko) Chrome/85.0.4183.102 Safari/537.36"
52.167.144.216 - - [29/Dec/2025:20:56:50 +0100] "GET /?o=9199620409500&channel=432071 HTTP/2.0" 200 27006 "-" "Mozilla/5.0 AppleWebKit/537.36 (KHTML, like Gecko; compatible; bingbot/2.0; +http://www.bing.com/bingbot.htm) Chrome/116.0.1938.76 Safari/537.36"
148.113.128.203 - - [29/Dec/2025:20:59:14 +0100] "GET /robots.txt HTTP/2.0" 200 - "-" "Mozilla/5.0 (compatible; AhrefsBot/7.0; +http://ahrefs.com/robot/)"
5.39.1.254 - - [29/Dec/2025:20:59:18 +0100] "GET /litecoin-mining-setup-guide-2024-4-4-3-comprehensive-documentation-6/ HTTP/2.0" 200 - "-" "Mozilla/5.0 (compatible; AhrefsBot/7.0; +http://ahrefs.com/robot/)"
40.77.167.44 - - [29/Dec/2025:21:01:20 +0100] "GET /?o=4991116789000 HTTP/2.0" 200 26035 "-" "Mozilla/5.0 AppleWebKit/537.36 (KHTML, like Gecko; compatible; bingbot/2.0; +http://www.bing.com/bingbot.htm) Chrome/116.0.1938.76 Safari/537.36"
51.68.247.197 - - [29/Dec/2025:21:01:44 +0100] "GET /kaarddaano-jokhim-muulyaankn-riportt-2024-2-8-9-142/ HTTP/2.0" 200 - "-" "Mozilla/5.0 (compatible; AhrefsBot/7.0; +http://ahrefs.com/robot/)"
66.249.68.66 - - [29/Dec/2025:21:03:27 +0100] "GET /robots.txt HTTP/1.1" 200 78 "-" "Mozilla/5.0 (compatible; Googlebot/2.1; +http://www.google.com/bot.html)"
66.249.68.67 - - [29/Dec/2025:21:03:27 +0100] "GET /?o=7862035601600 HTTP/1.1" 200 27395 "-" "Mozilla/5.0 (Linux; Android 6.0.1; Nexus 5X Build/MMB29P) AppleWebKit/537.36 (KHTML, like Gecko) Chrome/141.0.7390.122 Mobile Safari/537.36 (compatible; Googlebot/2.1; +http://www.google.com/bot.html)"
37.59.204.135 - - [29/Dec/2025:21:04:33 +0100] "GET /informe-de-analisis-de-mercado-de-chainlink-2024-1-2-3-48/ HTTP/2.0" 200 - "-" "Mozilla/5.0 (compatible; AhrefsBot/7.0; +http://ahrefs.com/robot/)"
146.88.233.70 - - [29/Dec/2025:21:06:50 +0100] "POST /wp-cron.php?doing_wp_cron=1767038810.6353011131286621093750 HTTP/1.1" 403 - "-" "WordPress/6.8.3; https://www.loger.cm"
142.93.171.225 - - [29/Dec/2025:21:06:38 +0100] "POST /wp-login.php HTTP/1.1" 200 18959 "-" "Mozilla/5.0"
92.222.108.112 - - [29/Dec/2025:21:07:28 +0100] "GET /guida-completa-al-contratto-legale-bitcoin-2024-1-8-6-109/ HTTP/2.0" 200 - "-" "Mozilla/5.0 (compatible; AhrefsBot/7.0; +http://ahrefs.com/robot/)"
