4.197.92.48 - - [30/Dec/2025:06:14:32 +0100] "GET /wp-includes/customize/autoload_classmap.php HTTP/1.1" 403 - "https://www.google.com/" "Mozilla/5.0 (iPad; CPU OS 17_0_3 like Mac OS X) AppleWebKit/605.1.15 (KHTML, like Gecko) Version/17.0.1 Mobile/15E148 Safari/604.1"
4.197.92.48 - - [30/Dec/2025:06:14:33 +0100] "GET /wp-includes/customize/chosen.php HTTP/1.1" 403 - "https://www.google.com/" "Mozilla/5.0 (iPad; CPU OS 17_0_3 like Mac OS X) AppleWebKit/605.1.15 (KHTML, like Gecko) Version/17.0.1 Mobile/15E148 Safari/604.1"
4.197.92.48 - - [30/Dec/2025:06:14:34 +0100] "GET /wp-includes/edit.php HTTP/1.1" 403 - "https://www.google.com/" "Mozilla/5.0 (iPhone; CPU iPhone OS 16_6_1 like Mac OS X) AppleWebKit/605.1.15 (KHTML, like Gecko) Version/16.6 Mobile/15E148 Safari/604.1"
66.249.68.65 - - [30/Dec/2025:06:14:34 +0100] "GET /?o=91032180624600 HTTP/1.1" 200 27240 "-" "Mozilla/5.0 (Linux; Android 6.0.1; Nexus 5X Build/MMB29P) AppleWebKit/537.36 (KHTML, like Gecko) Chrome/141.0.7390.122 Mobile Safari/537.36 (compatible; Googlebot/2.1; +http://www.google.com/bot.html)"
4.197.92.48 - - [30/Dec/2025:06:14:35 +0100] "GET /wp-includes/gelay.php HTTP/1.1" 403 - "https://www.google.co.uk/" "Mozilla/5.0 (Linux; Android 13; SM-G991U) AppleWebKit/537.36 (KHTML, like Gecko) Chrome/117.0.0.0 Mobile Safari/537.36"
4.197.92.48 - - [30/Dec/2025:06:14:36 +0100] "GET /wp-includes/images/index.php HTTP/1.1" 404 16 "https://www.google.fr/" "Mozilla/5.0 (Linux; Android 10; LM-Q720) AppleWebKit/537.36 (KHTML, like Gecko) Chrome/116.0.0.0 Mobile Safari/537.36"
4.197.92.48 - - [30/Dec/2025:06:14:37 +0100] "GET /wp-includes/images/media HTTP/1.1" 301 290 "https://www.google.fr/" "Mozilla/5.0 (iPhone; CPU iPhone OS 17_0_3 like Mac OS X) AppleWebKit/605.1.15 (KHTML, like Gecko) Version/17.0.1 Mobile/15E148 Safari/604.1"
4.197.92.48 - - [30/Dec/2025:06:14:37 +0100] "GET /wp-includes/images/media/ HTTP/1.1" 403 - "https://www.google.fr/" "Mozilla/5.0 (iPhone; CPU iPhone OS 17_0_3 like Mac OS X) AppleWebKit/605.1.15 (KHTML, like Gecko) Version/17.0.1 Mobile/15E148 Safari/604.1"
4.197.92.48 - - [30/Dec/2025:06:14:38 +0100] "GET /wp-includes/js/dist/development HTTP/1.1" 301 297 "https://www.google.de/" "Mozilla/5.0 (Linux; Android 13; SM-G991U) AppleWebKit/537.36 (KHTML, like Gecko) Chrome/117.0.0.0 Mobile Safari/537.36"
66.249.68.65 - - [30/Dec/2025:06:14:38 +0100] "GET /?o=0675862063400 HTTP/1.1" 200 25534 "-" "Mozilla/5.0 (Linux; Android 6.0.1; Nexus 5X Build/MMB29P) AppleWebKit/537.36 (KHTML, like Gecko) Chrome/141.0.7390.122 Mobile Safari/537.36 (compatible; Googlebot/2.1; +http://www.google.com/bot.html)"
4.197.92.48 - - [30/Dec/2025:06:14:38 +0100] "GET /wp-includes/js/dist/development/ HTTP/1.1" 403 - "https://www.google.de/" "Mozilla/5.0 (Linux; Android 13; SM-G991U) AppleWebKit/537.36 (KHTML, like Gecko) Chrome/117.0.0.0 Mobile Safari/537.36"
4.197.92.48 - - [30/Dec/2025:06:14:40 +0100] "GET /wp-includes/js/thickbox/thickbox.php HTTP/1.1" 403 - "https://www.bing.com/" "Mozilla/5.0 (Linux; Android 10; LM-Q720) AppleWebKit/537.36 (KHTML, like Gecko) Chrome/116.0.0.0 Mobile Safari/537.36"
4.197.92.48 - - [30/Dec/2025:06:14:41 +0100] "GET /wp-includes/js/tinymce/plugins/compat3x/about.php HTTP/1.1" 200 - "https://www.google.fr/" "Mozilla/5.0 (Linux; Android 13; M2101K6G) AppleWebKit/537.36 (KHTML, like Gecko) Chrome/116.0.0.0 Mobile Safari/537.36"
4.197.92.48 - - [30/Dec/2025:06:14:42 +0100] "GET /wp-includes/mini.php HTTP/1.1" 403 - "https://www.google.com/" "Mozilla/5.0 (iPhone; CPU iPhone OS 17_0_3 like Mac OS X) AppleWebKit/605.1.15 (KHTML, like Gecko) Version/17.0.1 Mobile/15E148 Safari/604.1"
4.197.92.48 - - [30/Dec/2025:06:14:43 +0100] "GET /wp-includes/sitemaps/wp-conflg.php HTTP/1.1" 403 - "https://www.yahoo.com/" "Mozilla/5.0 (Linux; Android 11; CPH2251) AppleWebKit/537.36 (KHTML, like Gecko) Chrome/116.0.0.0 Mobile Safari/537.36"
4.197.92.48 - - [30/Dec/2025:06:14:44 +0100] "GET /wp-includes/style-engine/index.php HTTP/1.1" 404 16 "https://www.google.fr/" "Mozilla/5.0 (Linux; Android 12; V2134) AppleWebKit/537.36 (KHTML, like Gecko) Chrome/116.0.0.0 Mobile Safari/537.36"
4.197.92.48 - - [30/Dec/2025:06:14:45 +0100] "GET /wp-signin.php HTTP/1.1" 403 - "https://www.google.fr/" "Mozilla/5.0 (iPhone; CPU iPhone OS 17_0_3 like Mac OS X) AppleWebKit/605.1.15 (KHTML, like Gecko) Version/17.0.1 Mobile/15E148 Safari/604.1"
4.197.92.48 - - [30/Dec/2025:06:14:46 +0100] "GET /wp-video.php HTTP/1.1" 403 - "https://www.bing.com/" "Mozilla/5.0 (iPad; CPU OS 17_0_3 like Mac OS X) AppleWebKit/605.1.15 (KHTML, like Gecko) Version/17.0.1 Mobile/15E148 Safari/604.1"
4.197.92.48 - - [30/Dec/2025:06:14:47 +0100] "GET /wp-xml.php HTTP/1.1" 403 - "https://www.google.de/" "Mozilla/5.0 (Linux; Android 11; CPH2251) AppleWebKit/537.36 (KHTML, like Gecko) Chrome/116.0.0.0 Mobile Safari/537.36"
4.197.92.48 - - [30/Dec/2025:06:14:48 +0100] "GET /wso.php HTTP/1.1" 403 - "https://www.google.com/" "Mozilla/5.0 (Linux; Android 14; Pixel 8 Pro) AppleWebKit/537.36 (KHTML, like Gecko) Chrome/119.0.0.0 Mobile Safari/537.36"
66.249.68.65 - - [30/Dec/2025:06:15:07 +0100] "GET /?o=10770239611806 HTTP/1.1" 200 25340 "-" "Mozilla/5.0 (Linux; Android 6.0.1; Nexus 5X Build/MMB29P) AppleWebKit/537.36 (KHTML, like Gecko) Chrome/141.0.7390.122 Mobile Safari/537.36 (compatible; Googlebot/2.1; +http://www.google.com/bot.html)"
66.249.68.66 - - [30/Dec/2025:06:15:19 +0100] "GET /?o=99329275844600 HTTP/1.1" 200 25819 "-" "Mozilla/5.0 (Linux; Android 6.0.1; Nexus 5X Build/MMB29P) AppleWebKit/537.36 (KHTML, like Gecko) Chrome/141.0.7390.122 Mobile Safari/537.36 (compatible; Googlebot/2.1; +http://www.google.com/bot.html)"
66.249.68.65 - - [30/Dec/2025:06:15:23 +0100] "GET /?o=33142277065603 HTTP/1.1" 200 25837 "-" "Mozilla/5.0 (Linux; Android 6.0.1; Nexus 5X Build/MMB29P) AppleWebKit/537.36 (KHTML, like Gecko) Chrome/141.0.7390.122 Mobile Safari/537.36 (compatible; Googlebot/2.1; +http://www.google.com/bot.html)"
66.249.68.65 - - [30/Dec/2025:06:15:27 +0100] "GET /?o=2014855911000 HTTP/1.1" 200 26259 "-" "Mozilla/5.0 (Linux; Android 6.0.1; Nexus 5X Build/MMB29P) AppleWebKit/537.36 (KHTML, like Gecko) Chrome/141.0.7390.122 Mobile Safari/537.36 (compatible; Googlebot/2.1; +http://www.google.com/bot.html)"
66.249.68.65 - - [30/Dec/2025:06:15:31 +0100] "GET /?o=2803057366000 HTTP/1.1" 200 28906 "-" "Mozilla/5.0 (Linux; Android 6.0.1; Nexus 5X Build/MMB29P) AppleWebKit/537.36 (KHTML, like Gecko) Chrome/141.0.7390.122 Mobile Safari/537.36 (compatible; Googlebot/2.1; +http://www.google.com/bot.html)"
40.77.167.152 - - [30/Dec/2025:06:15:33 +0100] "GET /?o=0405118582000 HTTP/2.0" 200 26261 "-" "Mozilla/5.0 AppleWebKit/537.36 (KHTML, like Gecko; compatible; bingbot/2.0; +http://www.bing.com/bingbot.htm) Chrome/116.0.1938.76 Safari/537.36"
66.249.68.65 - - [30/Dec/2025:06:15:35 +0100] "GET /?o=67541296391002 HTTP/1.1" 200 26558 "-" "Mozilla/5.0 (Linux; Android 6.0.1; Nexus 5X Build/MMB29P) AppleWebKit/537.36 (KHTML, like Gecko) Chrome/141.0.7390.122 Mobile Safari/537.36 (compatible; Googlebot/2.1; +http://www.google.com/bot.html)"
66.249.68.65 - - [30/Dec/2025:06:15:39 +0100] "GET /?o=0834991949400 HTTP/1.1" 200 25663 "-" "Mozilla/5.0 (Linux; Android 6.0.1; Nexus 5X Build/MMB29P) AppleWebKit/537.36 (KHTML, like Gecko) Chrome/141.0.7390.122 Mobile Safari/537.36 (compatible; Googlebot/2.1; +http://www.google.com/bot.html)"
66.249.68.65 - - [30/Dec/2025:06:15:43 +0100] "GET /?o=23722149315400 HTTP/1.1" 200 26151 "-" "Mozilla/5.0 (Linux; Android 6.0.1; Nexus 5X Build/MMB29P) AppleWebKit/537.36 (KHTML, like Gecko) Chrome/141.0.7390.122 Mobile Safari/537.36 (compatible; Googlebot/2.1; +http://www.google.com/bot.html)"
66.249.68.65 - - [30/Dec/2025:06:15:52 +0100] "GET /?o=0818951110401 HTTP/1.1" 200 25761 "-" "Mozilla/5.0 (Linux; Android 6.0.1; Nexus 5X Build/MMB29P) AppleWebKit/537.36 (KHTML, like Gecko) Chrome/141.0.7390.122 Mobile Safari/537.36 (compatible; Googlebot/2.1; +http://www.google.com/bot.html)"
92.222.104.193 - - [30/Dec/2025:06:15:57 +0100] "GET /2024/11/20/documentnameandversion-xrp-guia-de-staking-2024-4-5-3-80/ HTTP/2.0" 200 - "-" "Mozilla/5.0 (compatible; AhrefsBot/7.0; +http://ahrefs.com/robot/)"
66.249.68.67 - - [30/Dec/2025:06:16:00 +0100] "GET /?o=7507051105600 HTTP/1.1" 200 26140 "-" "Mozilla/5.0 (Linux; Android 6.0.1; Nexus 5X Build/MMB29P) AppleWebKit/537.36 (KHTML, like Gecko) Chrome/141.0.7390.122 Mobile Safari/537.36 (compatible; Googlebot/2.1; +http://www.google.com/bot.html)"
57.141.18.22 - - [30/Dec/2025:06:16:28 +0100] "GET /?o=89939265950400 HTTP/2.0" 200 - "-" "meta-externalagent/1.1 (+https://developers.facebook.com/docs/sharing/webmasters/crawler)"
57.141.18.24 - - [30/Dec/2025:06:16:34 +0100] "GET /?o=93803190614803 HTTP/2.0" 200 - "-" "meta-externalagent/1.1 (+https://developers.facebook.com/docs/sharing/webmasters/crawler)"
57.141.18.95 - - [30/Dec/2025:06:16:41 +0100] "GET /?o=18818176556100 HTTP/2.0" 200 - "-" "meta-externalagent/1.1 (+https://developers.facebook.com/docs/sharing/webmasters/crawler)"
57.141.18.23 - - [30/Dec/2025:06:17:42 +0100] "GET /?o=38689254711001 HTTP/2.0" 200 - "-" "meta-externalagent/1.1 (+https://developers.facebook.com/docs/sharing/webmasters/crawler)"
57.141.18.5 - - [30/Dec/2025:06:17:52 +0100] "GET /?o=78891298649402 HTTP/2.0" 200 - "-" "meta-externalagent/1.1 (+https://developers.facebook.com/docs/sharing/webmasters/crawler)"
92.222.108.99 - - [30/Dec/2025:06:18:13 +0100] "GET /2024/11/20/documentnameandversion-xrp-guia-de-staking-2024-4-5-3-12/ HTTP/2.0" 200 - "-" "Mozilla/5.0 (compatible; AhrefsBot/7.0; +http://ahrefs.com/robot/)"
57.141.18.30 - - [30/Dec/2025:06:18:48 +0100] "GET /?o=4295449735200 HTTP/2.0" 200 - "-" "meta-externalagent/1.1 (+https://developers.facebook.com/docs/sharing/webmasters/crawler)"
66.249.68.66 - - [30/Dec/2025:06:18:51 +0100] "GET /?o=87386275434404 HTTP/1.1" 200 26519 "-" "Mozilla/5.0 (Linux; Android 6.0.1; Nexus 5X Build/MMB29P) AppleWebKit/537.36 (KHTML, like Gecko) Chrome/141.0.7390.122 Mobile Safari/537.36 (compatible; Googlebot/2.1; +http://www.google.com/bot.html)"
66.249.68.68 - - [30/Dec/2025:06:18:52 +0100] "GET /?o=01719242448200 HTTP/1.1" 200 25689 "-" "Mozilla/5.0 (Linux; Android 6.0.1; Nexus 5X Build/MMB29P) AppleWebKit/537.36 (KHTML, like Gecko) Chrome/141.0.7390.122 Mobile Safari/537.36 (compatible; Googlebot/2.1; +http://www.google.com/bot.html)"
51.159.214.31 - - [30/Dec/2025:06:19:01 +0100] "POST /xmlrpc.php HTTP/1.1" 403 - "-" "Mozilla/5.0 (Windows NT 10.0; Win64; x64; rv:68.0) Gecko/20100101 Firefox/68.0"
57.141.18.12 - - [30/Dec/2025:06:19:28 +0100] "GET /?o=17809266864904 HTTP/2.0" 200 - "-" "meta-externalagent/1.1 (+https://developers.facebook.com/docs/sharing/webmasters/crawler)"
114.119.143.207 - - [30/Dec/2025:06:19:40 +0100] "GET /wp-includes/revision.php HTTP/1.1" 403 - "https://www.loger.cm/wp-includes/?C=M%3BO%3DA" "Mozilla/5.0 (Linux; Android 7.0;) AppleWebKit/537.36 (KHTML, like Gecko) Mobile Safari/537.36 (compatible; PetalBot;+https://webmaster.petalsearch.com/site/petalbot)"
57.141.18.65 - - [30/Dec/2025:06:19:55 +0100] "GET /?o=6898644378701 HTTP/2.0" 200 - "-" "meta-externalagent/1.1 (+https://developers.facebook.com/docs/sharing/webmasters/crawler)"
51.68.247.210 - - [30/Dec/2025:06:20:49 +0100] "GET /2024/11/20/documentnameandversion-binance-coin-api-documentation-2024-4-8-6-documentnameandversion-5/ HTTP/2.0" 200 - "-" "Mozilla/5.0 (compatible; AhrefsBot/7.0; +http://ahrefs.com/robot/)"
57.141.18.104 - - [30/Dec/2025:06:21:14 +0100] "GET /?o=819851896702 HTTP/2.0" 200 - "-" "meta-externalagent/1.1 (+https://developers.facebook.com/docs/sharing/webmasters/crawler)"
57.141.18.38 - - [30/Dec/2025:06:21:21 +0100] "GET /?o=9019755896900 HTTP/2.0" 200 - "-" "meta-externalagent/1.1 (+https://developers.facebook.com/docs/sharing/webmasters/crawler)"
57.141.18.60 - - [30/Dec/2025:06:21:42 +0100] "GET /?o=0388274876104 HTTP/2.0" 200 - "-" "meta-externalagent/1.1 (+https://developers.facebook.com/docs/sharing/webmasters/crawler)"
57.141.18.38 - - [30/Dec/2025:06:22:59 +0100] "GET /?o=88281237357701 HTTP/2.0" 200 - "-" "meta-externalagent/1.1 (+https://developers.facebook.com/docs/sharing/webmasters/crawler)"
92.222.104.207 - - [30/Dec/2025:06:23:00 +0100] "GET /2024/11/20/documentnameandversion-aave-nft-guide-2024-1-9-0-documentnameandversion-sohutoueanoxiang-xi-qing-bao-4/ HTTP/2.0" 200 - "-" "Mozilla/5.0 (compatible; AhrefsBot/7.0; +http://ahrefs.com/robot/)"
57.141.18.6 - - [30/Dec/2025:06:23:07 +0100] "GET /?o=91831132865501 HTTP/2.0" 200 - "-" "meta-externalagent/1.1 (+https://developers.facebook.com/docs/sharing/webmasters/crawler)"
57.141.18.71 - - [30/Dec/2025:06:23:38 +0100] "GET /?o=02649291627903 HTTP/2.0" 200 - "-" "meta-externalagent/1.1 (+https://developers.facebook.com/docs/sharing/webmasters/crawler)"
52.230.94.136 - - [30/Dec/2025:06:24:27 +0100] "GET /wp-good.php HTTP/1.1" 403 - "https://duckduckgo.com/" "Mozilla/5.0 (Linux; Android 12; SM-A525F) AppleWebKit/537.36 (KHTML, like Gecko) Chrome/117.0.0.0 Mobile Safari/537.36"
52.230.94.136 - - [30/Dec/2025:06:24:28 +0100] "GET /ioxi-o.php HTTP/1.1" 403 - "https://www.google.de/" "Mozilla/5.0 (Linux; Android 11; 21081111RG) AppleWebKit/537.36 (KHTML, like Gecko) Chrome/116.0.0.0 Mobile Safari/537.36"
52.230.94.136 - - [30/Dec/2025:06:24:29 +0100] "GET /file.php HTTP/1.1" 403 - "https://duckduckgo.com/" "Mozilla/5.g (Linux; Android 13; Pixel 7) AppleWebKit/537.36 (KHTML, like Gecko) Chrome/116.0.0.0 Mobile Safari/537.36"
52.230.94.136 - - [30/Dec/2025:06:24:31 +0100] "GET /wp-admin/css/colors/blue HTTP/1.1" 301 290 "https://duckduckgo.com/" "Mozilla/5.0 (Linux; Android 10; LM-Q720) AppleWebKit/537.36 (KHTML, like Gecko) Chrome/116.0.0.0 Mobile Safari/537.36"
52.230.94.136 - - [30/Dec/2025:06:24:31 +0100] "GET /wp-admin/css/colors/blue/ HTTP/1.1" 403 - "https://duckduckgo.com/" "Mozilla/5.0 (Linux; Android 10; LM-Q720) AppleWebKit/537.36 (KHTML, like Gecko) Chrome/116.0.0.0 Mobile Safari/537.36"
52.230.94.136 - - [30/Dec/2025:06:24:32 +0100] "GET /wp-signin.php HTTP/1.1" 403 - "https://www.google.de/" "Mozilla/5.0 (iPhone; CPU iPhone OS 15_7_9 like Mac OS X) AppleWebKit/605.1.15 (KHTML, like Gecko) Version/15.6.5 Mobile/15E148 Safari/604.1"
52.230.94.136 - - [30/Dec/2025:06:24:33 +0100] "GET /abcd.php HTTP/1.1" 403 - "https://www.google.de/" "Mozilla/5.g (Linux; Android 13; Pixel 7) AppleWebKit/537.36 (KHTML, like Gecko) Chrome/116.0.0.0 Mobile Safari/537.36"
52.230.94.136 - - [30/Dec/2025:06:24:34 +0100] "GET /wp-includes/block-bindings HTTP/1.1" 301 292 "https://www.google.de/" "Mozilla/5.0 (Linux; Android 14; Pixel 8 Pro) AppleWebKit/537.36 (KHTML, like Gecko) Chrome/119.0.0.0 Mobile Safari/537.36"
52.230.94.136 - - [30/Dec/2025:06:24:35 +0100] "GET /wp-includes/block-bindings/ HTTP/1.1" 403 - "https://www.google.de/" "Mozilla/5.0 (Linux; Android 14; Pixel 8 Pro) AppleWebKit/537.36 (KHTML, like Gecko) Chrome/119.0.0.0 Mobile Safari/537.36"
52.230.94.136 - - [30/Dec/2025:06:24:36 +0100] "GET /about.php HTTP/1.1" 200 - "https://www.google.co.uk/" "Mozilla/5.0 (Linux; Android 12; V2134) AppleWebKit/537.36 (KHTML, like Gecko) Chrome/116.0.0.0 Mobile Safari/537.36"
52.230.94.136 - - [30/Dec/2025:06:24:37 +0100] "GET /bless.php HTTP/1.1" 403 - "https://www.google.fr/" "Mozilla/5.0 (iPhone; CPU iPhone OS 17_1_1 like Mac OS X) AppleWebKit/605.1.15 (KHTML, like Gecko) Version/17.1 Mobile/15E148 Safari/604.1"
52.230.94.136 - - [30/Dec/2025:06:24:38 +0100] "GET /images/install.php HTTP/1.1" 200 - "https://www.google.com/" "Mozilla/5.0 (Linux; Android 12; 2201116SG) AppleWebKit/537.36 (KHTML, like Gecko) Chrome/116.0.0.0 Mobile Safari/537.36"
52.230.94.136 - - [30/Dec/2025:06:24:39 +0100] "GET /num.php HTTP/1.1" 403 - "https://www.google.fr/" "Mozilla/5.0 (iPhone; CPU iPhone OS 16_6_1 like Mac OS X) AppleWebKit/605.1.15 (KHTML, like Gecko) Version/16.6 Mobile/15E148 Safari/604.1"
52.230.94.136 - - [30/Dec/2025:06:24:40 +0100] "GET /txets.php HTTP/1.1" 403 - "https://www.google.com/" "Mozilla/5.0 (iPhone; CPU iPhone OS 16_0 like Mac OS X) AppleWebKit/605.1.15 (KHTML, like Gecko) FxiOS/118.0 Mobile/15E148 Safari/605.1.15"
52.230.94.136 - - [30/Dec/2025:06:24:41 +0100] "GET /wp-blog.php HTTP/1.1" 403 - "https://www.google.com/" "Mozilla/5.0 (iPhone; CPU iPhone OS 17_1_1 like Mac OS X) AppleWebKit/605.1.15 (KHTML, like Gecko) Version/17.1 Mobile/15E148 Safari/604.1"
52.230.94.136 - - [30/Dec/2025:06:24:42 +0100] "GET /wp-content/admin-header.php HTTP/1.1" 403 - "https://www.google.fr/" "Mozilla/5.0 (Linux; Android 13; SM-G991U) AppleWebKit/537.36 (KHTML, like Gecko) Chrome/117.0.0.0 Mobile Safari/537.36"
52.230.94.136 - - [30/Dec/2025:06:24:43 +0100] "GET /wp-content/themes/about.php HTTP/1.1" 200 - "https://www.google.co.uk/" "Mozilla/5.0 (Linux; Android 12; V2134) AppleWebKit/537.36 (KHTML, like Gecko) Chrome/116.0.0.0 Mobile Safari/537.36"
52.230.94.136 - - [30/Dec/2025:06:24:44 +0100] "GET /wp-includes/js/dist HTTP/1.1" 301 285 "https://www.yahoo.com/" "Mozilla/5.0 (iPhone; CPU iPhone OS 17_1_1 like Mac OS X) AppleWebKit/605.1.15 (KHTML, like Gecko) Version/17.1 Mobile/15E148 Safari/604.1"
52.230.94.136 - - [30/Dec/2025:06:24:44 +0100] "GET /wp-includes/js/dist/ HTTP/1.1" 403 - "https://www.yahoo.com/" "Mozilla/5.0 (iPhone; CPU iPhone OS 17_1_1 like Mac OS X) AppleWebKit/605.1.15 (KHTML, like Gecko) Version/17.1 Mobile/15E148 Safari/604.1"
52.230.94.136 - - [30/Dec/2025:06:24:46 +0100] "GET /wp-includes/rest-api/fields HTTP/1.1" 301 293 "https://www.bing.com/" "Mozilla/5.g (Linux; Android 13; Pixel 7) AppleWebKit/537.36 (KHTML, like Gecko) Chrome/116.0.0.0 Mobile Safari/537.36"
52.230.94.136 - - [30/Dec/2025:06:24:46 +0100] "GET /wp-includes/rest-api/fields/ HTTP/1.1" 403 - "https://www.bing.com/" "Mozilla/5.g (Linux; Android 13; Pixel 7) AppleWebKit/537.36 (KHTML, like Gecko) Chrome/116.0.0.0 Mobile Safari/537.36"
52.230.94.136 - - [30/Dec/2025:06:24:47 +0100] "GET /wp.php HTTP/1.1" 403 - "https://www.bing.com/" "Mozilla/5.0 (Linux; Android 11; 21081111RG) AppleWebKit/537.36 (KHTML, like Gecko) Chrome/116.0.0.0 Mobile Safari/537.36"
52.230.94.136 - - [30/Dec/2025:06:24:48 +0100] "GET /admin.php HTTP/1.1" 200 - "https://www.google.fr/" "Mozilla/5.0 (Linux; Android 12; SM-A525F) AppleWebKit/537.36 (KHTML, like Gecko) Chrome/117.0.0.0 Mobile Safari/537.36"
52.230.94.136 - - [30/Dec/2025:06:24:49 +0100] "GET /adminfuns.php HTTP/1.1" 403 - "https://duckduckgo.com/" "Mozilla/5.0 (Linux; Android 12; SM-A525F) AppleWebKit/537.36 (KHTML, like Gecko) Chrome/117.0.0.0 Mobile Safari/537.36"
52.230.94.136 - - [30/Dec/2025:06:24:50 +0100] "GET /chosen.php HTTP/1.1" 403 - "https://www.bing.com/" "Mozilla/5.0 (Linux; Android 13; SM-S908E) AppleWebKit/537.36 (KHTML, like Gecko) Chrome/116.0.0.0 Mobile Safari/537.36"
52.230.94.136 - - [30/Dec/2025:06:24:51 +0100] "GET /classwithtostring.php HTTP/1.1" 403 - "https://www.google.fr/" "Mozilla/5.0 (Linux; Android 13; SM-S908E) AppleWebKit/537.36 (KHTML, like Gecko) Chrome/116.0.0.0 Mobile Safari/537.36"
52.230.94.136 - - [30/Dec/2025:06:24:52 +0100] "GET /edit.php HTTP/1.1" 403 - "https://www.google.com/" "Mozilla/5.0 (iPhone; CPU iPhone OS 16_6_1 like Mac OS X) AppleWebKit/605.1.15 (KHTML, like Gecko) Version/16.6 Mobile/15E148 Safari/604.1"
52.230.94.136 - - [30/Dec/2025:06:24:53 +0100] "GET /goods.php HTTP/1.1" 403 - "https://www.google.co.uk/" "Mozilla/5.0 (iPhone; CPU iPhone OS 17_0_3 like Mac OS X) AppleWebKit/605.1.15 (KHTML, like Gecko) Version/17.0.1 Mobile/15E148 Safari/604.1"
52.230.94.136 - - [30/Dec/2025:06:24:54 +0100] "GET /k.php HTTP/1.1" 403 - "https://www.google.de/" "Mozilla/5.0 (Linux; Android 13; SM-S908E) AppleWebKit/537.36 (KHTML, like Gecko) Chrome/116.0.0.0 Mobile Safari/537.36"
52.230.94.136 - - [30/Dec/2025:06:24:55 +0100] "GET /mah/function.php HTTP/1.1" 200 - "https://www.google.com/" "Mozilla/5.0 (Linux; Android 10; LM-Q720) AppleWebKit/537.36 (KHTML, like Gecko) Chrome/116.0.0.0 Mobile Safari/537.36"
52.230.94.136 - - [30/Dec/2025:06:24:56 +0100] "GET /wp-conflg/function.php HTTP/1.1" 200 - "https://duckduckgo.com/" "Mozilla/5.0 (Linux; Android 10; LM-Q720) AppleWebKit/537.36 (KHTML, like Gecko) Chrome/116.0.0.0 Mobile Safari/537.36"
52.230.94.136 - - [30/Dec/2025:06:24:57 +0100] "GET /wp-content/admin.php HTTP/1.1" 200 - "https://www.google.de/" "Mozilla/5.0 (iPhone; CPU iPhone OS 17_1_1 like Mac OS X) AppleWebKit/605.1.15 (KHTML, like Gecko) Version/17.1 Mobile/15E148 Safari/604.1"
52.230.94.136 - - [30/Dec/2025:06:24:58 +0100] "GET /wp-content/languages/index.php HTTP/1.1" 404 16 "https://www.bing.com/" "Mozilla/5.0 (Linux; Android 10; LM-Q720) AppleWebKit/537.36 (KHTML, like Gecko) Chrome/116.0.0.0 Mobile Safari/537.36"
52.230.94.136 - - [30/Dec/2025:06:24:58 +0100] "GET /wp-includes/PHPMailer/index.php HTTP/1.1" 404 16 "https://www.google.co.uk/" "Mozilla/5.0 (iPad; CPU OS 16_7_2 like Mac OS X) AppleWebKit/605.1.15 (KHTML, like Gecko) Version/16.6 Mobile/15E148 Safari/604.1"
52.230.94.136 - - [30/Dec/2025:06:24:59 +0100] "GET /wp-includes/images HTTP/1.1" 301 284 "https://www.google.fr/" "Mozilla/5.0 (iPhone; CPU iPhone OS 17_1 like Mac OS X) AppleWebKit/605.1.15 (KHTML, like Gecko) CriOS/119.0.6045.109 Mobile/15E148 Safari/604.1"
52.230.94.136 - - [30/Dec/2025:06:24:59 +0100] "GET /wp-includes/images/ HTTP/1.1" 403 - "https://www.google.fr/" "Mozilla/5.0 (iPhone; CPU iPhone OS 17_1 like Mac OS X) AppleWebKit/605.1.15 (KHTML, like Gecko) CriOS/119.0.6045.109 Mobile/15E148 Safari/604.1"
52.230.94.136 - - [30/Dec/2025:06:25:00 +0100] "GET /wp-includes/images/index.php HTTP/1.1" 404 16 "https://www.google.de/" "Mozilla/5.0 (iPhone; CPU iPhone OS 17_1 like Mac OS X) AppleWebKit/605.1.15 (KHTML, like Gecko) CriOS/119.0.6045.109 Mobile/15E148 Safari/604.1"
52.230.94.136 - - [30/Dec/2025:06:25:01 +0100] "GET /wp-includes/js/dist/development HTTP/1.1" 301 297 "https://www.google.co.uk/" "Mozilla/5.0 (iPhone; CPU iPhone OS 17_0_3 like Mac OS X) AppleWebKit/605.1.15 (KHTML, like Gecko) Version/17.0.1 Mobile/15E148 Safari/604.1"
52.230.94.136 - - [30/Dec/2025:06:25:01 +0100] "GET /wp-includes/js/dist/development/ HTTP/1.1" 403 - "https://www.google.co.uk/" "Mozilla/5.0 (iPhone; CPU iPhone OS 17_0_3 like Mac OS X) AppleWebKit/605.1.15 (KHTML, like Gecko) Version/17.0.1 Mobile/15E148 Safari/604.1"
52.230.94.136 - - [30/Dec/2025:06:25:02 +0100] "GET /wp-user.php HTTP/1.1" 403 - "https://www.yahoo.com/" "Mozilla/5.g (Linux; Android 13; Pixel 7) AppleWebKit/537.36 (KHTML, like Gecko) Chrome/116.0.0.0 Mobile Safari/537.36"
52.230.94.136 - - [30/Dec/2025:06:25:03 +0100] "GET /404.php HTTP/1.1" 403 - "https://www.google.de/" "Mozilla/5.0 (Linux; Android 13; SM-S908E) AppleWebKit/537.36 (KHTML, like Gecko) Chrome/116.0.0.0 Mobile Safari/537.36"
52.230.94.136 - - [30/Dec/2025:06:25:04 +0100] "GET /akcc.php HTTP/1.1" 403 - "https://www.yahoo.com/" "Mozilla/5.0 (Linux; Android 11; 21081111RG) AppleWebKit/537.36 (KHTML, like Gecko) Chrome/116.0.0.0 Mobile Safari/537.36"
52.230.94.136 - - [30/Dec/2025:06:25:05 +0100] "GET /gg.php HTTP/1.1" 403 - "https://www.yahoo.com/" "Mozilla/5.0 (Linux; Android 13; SM-G991U) AppleWebKit/537.36 (KHTML, like Gecko) Chrome/117.0.0.0 Mobile Safari/537.36"
52.230.94.136 - - [30/Dec/2025:06:25:06 +0100] "GET /mah.php HTTP/1.1" 200 - "https://www.yahoo.com/" "Mozilla/5.0 (Linux; Android 10; K) AppleWebKit/537.36 (KHTML, like Gecko) Chrome/117.0.0.0 Mobile Safari/537.36"
52.230.94.136 - - [30/Dec/2025:06:25:07 +0100] "GET /new.php HTTP/1.1" 403 - "https://www.bing.com/" "Mozilla/5.0 (Linux; Android 14; Pixel 8 Pro) AppleWebKit/537.36 (KHTML, like Gecko) Chrome/119.0.0.0 Mobile Safari/537.36"
52.230.94.136 - - [30/Dec/2025:06:25:08 +0100] "GET /themes.php HTTP/1.1" 403 - "https://www.google.fr/" "Mozilla/5.0 (Linux; Android 13; M2101K6G) AppleWebKit/537.36 (KHTML, like Gecko) Chrome/116.0.0.0 Mobile Safari/537.36"
52.230.94.136 - - [30/Dec/2025:06:25:09 +0100] "GET /uploads/index.php HTTP/1.1" 200 - "https://www.google.com/" "Mozilla/5.0 (Linux; Android 14; Pixel 8 Pro) AppleWebKit/537.36 (KHTML, like Gecko) Chrome/119.0.0.0 Mobile Safari/537.36"
52.230.94.136 - - [30/Dec/2025:06:25:10 +0100] "GET /wp-admin HTTP/1.1" 301 274 "https://www.google.fr/" "Mozilla/5.0 (Linux; Android 11; CPH2251) AppleWebKit/537.36 (KHTML, like Gecko) Chrome/116.0.0.0 Mobile Safari/537.36"
5.39.1.226 - - [30/Dec/2025:06:25:20 +0100] "GET /2024/11/20/die-stellar-governance-vorschlag-2024-3-6-2-software-dokumentation-in-austrian-39/ HTTP/2.0" 200 - "-" "Mozilla/5.0 (compatible; AhrefsBot/7.0; +http://ahrefs.com/robot/)"
146.88.233.70 - - [30/Dec/2025:06:25:23 +0100] "POST /wp-cron.php?doing_wp_cron=1767072323.4589040279388427734375 HTTP/1.1" 403 - "-" "WordPress/6.8.3; https://www.loger.cm"
52.230.94.136 - - [30/Dec/2025:06:25:10 +0100] "GET /wp-admin/ HTTP/1.1" 302 - "https://www.google.fr/" "Mozilla/5.0 (Linux; Android 11; CPH2251) AppleWebKit/537.36 (KHTML, like Gecko) Chrome/116.0.0.0 Mobile Safari/537.36"
52.230.94.136 - - [30/Dec/2025:06:25:25 +0100] "GET /wp-login.php?redirect_to=https%3A%2F%2Floger.cm%2Fwp-admin%2F&reauth=1 HTTP/1.1" 200 18678 "https://www.google.fr/" "Mozilla/5.0 (Linux; Android 11; CPH2251) AppleWebKit/537.36 (KHTML, like Gecko) Chrome/116.0.0.0 Mobile Safari/537.36"
52.230.94.136 - - [30/Dec/2025:06:25:26 +0100] "GET /wp-admin/classwithtostring.php HTTP/1.1" 403 - "https://www.yahoo.com/" "Mozilla/5.0 (iPhone; CPU iPhone OS 16_6_1 like Mac OS X) AppleWebKit/605.1.15 (KHTML, like Gecko) Version/16.6 Mobile/15E148 Safari/604.1"
52.230.94.136 - - [30/Dec/2025:06:25:27 +0100] "GET /wp-admin/css HTTP/1.1" 301 278 "https://www.yahoo.com/" "Mozilla/5.0 (Linux; Android 13; SM-G991U) AppleWebKit/537.36 (KHTML, like Gecko) Chrome/117.0.0.0 Mobile Safari/537.36"
52.230.94.136 - - [30/Dec/2025:06:25:27 +0100] "GET /wp-admin/css/ HTTP/1.1" 403 - "https://www.yahoo.com/" "Mozilla/5.0 (Linux; Android 13; SM-G991U) AppleWebKit/537.36 (KHTML, like Gecko) Chrome/117.0.0.0 Mobile Safari/537.36"
52.230.94.136 - - [30/Dec/2025:06:25:28 +0100] "GET /wp-admin/css/about.php HTTP/1.1" 200 - "https://duckduckgo.com/" "Mozilla/5.0 (iPhone; CPU iPhone OS 15_7_9 like Mac OS X) AppleWebKit/605.1.15 (KHTML, like Gecko) Version/15.6.5 Mobile/15E148 Safari/604.1"
52.230.94.136 - - [30/Dec/2025:06:25:29 +0100] "GET /wp-admin/includes/colour.php HTTP/1.1" 403 - "https://www.google.com/" "Mozilla/5.0 (Linux; Android 10; K) AppleWebKit/537.36 (KHTML, like Gecko) Chrome/117.0.0.0 Mobile Safari/537.36"
52.230.94.136 - - [30/Dec/2025:06:25:30 +0100] "GET /wp-admin/js HTTP/1.1" 301 277 "https://www.google.co.uk/" "Mozilla/5.0 (Linux; Android 10; K) AppleWebKit/537.36 (KHTML, like Gecko) Chrome/117.0.0.0 Mobile Safari/537.36"
52.230.94.136 - - [30/Dec/2025:06:25:31 +0100] "GET /wp-admin/js/ HTTP/1.1" 403 - "https://www.google.co.uk/" "Mozilla/5.0 (Linux; Android 10; K) AppleWebKit/537.36 (KHTML, like Gecko) Chrome/117.0.0.0 Mobile Safari/537.36"
52.230.94.136 - - [30/Dec/2025:06:25:32 +0100] "GET /wp-admin/js/autoload_classmap.php HTTP/1.1" 403 - "https://www.google.co.uk/" "Mozilla/5.0 (Linux; Android 13; SM-S908E) AppleWebKit/537.36 (KHTML, like Gecko) Chrome/116.0.0.0 Mobile Safari/537.36"
52.230.94.136 - - [30/Dec/2025:06:25:33 +0100] "GET /wp-admin/js/widgets HTTP/1.1" 301 285 "https://www.yahoo.com/" "Mozilla/5.0 (Linux; Android 12; V2134) AppleWebKit/537.36 (KHTML, like Gecko) Chrome/116.0.0.0 Mobile Safari/537.36"
52.230.94.136 - - [30/Dec/2025:06:25:33 +0100] "GET /wp-admin/js/widgets/ HTTP/1.1" 403 - "https://www.yahoo.com/" "Mozilla/5.0 (Linux; Android 12; V2134) AppleWebKit/537.36 (KHTML, like Gecko) Chrome/116.0.0.0 Mobile Safari/537.36"
52.230.94.136 - - [30/Dec/2025:06:25:34 +0100] "GET /wp-content/autoload_classmap.php HTTP/1.1" 403 - "https://www.google.com/" "Mozilla/5.0 (Linux; Android 12; V2134) AppleWebKit/537.36 (KHTML, like Gecko) Chrome/116.0.0.0 Mobile Safari/537.36"
52.230.94.136 - - [30/Dec/2025:06:25:35 +0100] "GET /wp-content/backups-dup-lite HTTP/1.1" 200 - "https://www.google.co.uk/" "Mozilla/5.0 (Linux; Android 13; M2101K6G) AppleWebKit/537.36 (KHTML, like Gecko) Chrome/116.0.0.0 Mobile Safari/537.36"
52.230.94.136 - - [30/Dec/2025:06:25:36 +0100] "GET /wp-content/languages HTTP/1.1" 301 286 "https://www.yahoo.com/" "Mozilla/5.0 (Linux; Android 13; M2101K6G) AppleWebKit/537.36 (KHTML, like Gecko) Chrome/116.0.0.0 Mobile Safari/537.36"
52.230.94.136 - - [30/Dec/2025:06:25:36 +0100] "GET /wp-content/languages/ HTTP/1.1" 403 - "https://www.yahoo.com/" "Mozilla/5.0 (Linux; Android 13; M2101K6G) AppleWebKit/537.36 (KHTML, like Gecko) Chrome/116.0.0.0 Mobile Safari/537.36"
52.230.94.136 - - [30/Dec/2025:06:25:37 +0100] "GET /wp-content/plugins/admin.php HTTP/1.1" 200 - "https://www.yahoo.com/" "Mozilla/5.0 (Linux; Android 12; 2201116SG) AppleWebKit/537.36 (KHTML, like Gecko) Chrome/116.0.0.0 Mobile Safari/537.36"
52.230.94.136 - - [30/Dec/2025:06:25:38 +0100] "GET /wp-content/themes/admin.php HTTP/1.1" 200 - "https://www.google.com/" "Mozilla/5.0 (iPhone; CPU iPhone OS 16_0 like Mac OS X) AppleWebKit/605.1.15 (KHTML, like Gecko) FxiOS/118.0 Mobile/15E148 Safari/605.1.15"
52.230.94.136 - - [30/Dec/2025:06:25:39 +0100] "GET /wp-content/uploads HTTP/1.1" 301 284 "https://www.yahoo.com/" "Mozilla/5.0 (iPad; CPU OS 16_7_2 like Mac OS X) AppleWebKit/605.1.15 (KHTML, like Gecko) Version/16.6 Mobile/15E148 Safari/604.1"
52.230.94.136 - - [30/Dec/2025:06:25:39 +0100] "GET /wp-content/uploads/ HTTP/1.1" 403 - "https://www.yahoo.com/" "Mozilla/5.0 (iPad; CPU OS 16_7_2 like Mac OS X) AppleWebKit/605.1.15 (KHTML, like Gecko) Version/16.6 Mobile/15E148 Safari/604.1"
52.230.94.136 - - [30/Dec/2025:06:25:40 +0100] "GET /wp-content/uploads/2025 HTTP/1.1" 301 289 "https://www.yahoo.com/" "Mozilla/5.0 (Linux; Android 13; SM-S908E) AppleWebKit/537.36 (KHTML, like Gecko) Chrome/116.0.0.0 Mobile Safari/537.36"
52.230.94.136 - - [30/Dec/2025:06:25:41 +0100] "GET /wp-content/uploads/2025/ HTTP/1.1" 403 - "https://www.yahoo.com/" "Mozilla/5.0 (Linux; Android 13; SM-S908E) AppleWebKit/537.36 (KHTML, like Gecko) Chrome/116.0.0.0 Mobile Safari/537.36"
52.230.94.136 - - [30/Dec/2025:06:25:42 +0100] "GET /wp-includes/IXR HTTP/1.1" 301 281 "https://www.bing.com/" "Mozilla/5.0 (iPhone; CPU iPhone OS 16_0 like Mac OS X) AppleWebKit/605.1.15 (KHTML, like Gecko) FxiOS/118.0 Mobile/15E148 Safari/605.1.15"
52.230.94.136 - - [30/Dec/2025:06:25:42 +0100] "GET /wp-includes/IXR/ HTTP/1.1" 403 - "https://www.bing.com/" "Mozilla/5.0 (iPhone; CPU iPhone OS 16_0 like Mac OS X) AppleWebKit/605.1.15 (KHTML, like Gecko) FxiOS/118.0 Mobile/15E148 Safari/605.1.15"
52.230.94.136 - - [30/Dec/2025:06:25:43 +0100] "GET /wp-includes/IXR/index.php HTTP/1.1" 404 16 "https://www.google.fr/" "Mozilla/5.0 (iPhone; CPU iPhone OS 17_1 like Mac OS X) AppleWebKit/605.1.15 (KHTML, like Gecko) CriOS/119.0.6045.109 Mobile/15E148 Safari/604.1"
52.230.94.136 - - [30/Dec/2025:06:25:43 +0100] "GET /wp-includes/SimplePie/index.php HTTP/1.1" 200 - "https://www.bing.com/" "Mozilla/5.0 (iPhone; CPU iPhone OS 15_7_9 like Mac OS X) AppleWebKit/605.1.15 (KHTML, like Gecko) Version/15.6.5 Mobile/15E148 Safari/604.1"
52.230.94.136 - - [30/Dec/2025:06:25:44 +0100] "GET /wp-includes/Text HTTP/1.1" 301 282 "https://www.google.de/" "Mozilla/5.0 (Linux; Android 13; SM-G991U) AppleWebKit/537.36 (KHTML, like Gecko) Chrome/117.0.0.0 Mobile Safari/537.36"
52.230.94.136 - - [30/Dec/2025:06:25:45 +0100] "GET /wp-includes/Text/ HTTP/1.1" 403 - "https://www.google.de/" "Mozilla/5.0 (Linux; Android 13; SM-G991U) AppleWebKit/537.36 (KHTML, like Gecko) Chrome/117.0.0.0 Mobile Safari/537.36"
52.230.94.136 - - [30/Dec/2025:06:25:46 +0100] "GET /wp-includes/Text/Diff/Engine HTTP/1.1" 301 294 "https://duckduckgo.com/" "Mozilla/5.0 (Linux; Android 10; K) AppleWebKit/537.36 (KHTML, like Gecko) Chrome/117.0.0.0 Mobile Safari/537.36"
52.230.94.136 - - [30/Dec/2025:06:25:46 +0100] "GET /wp-includes/Text/Diff/Engine/ HTTP/1.1" 403 - "https://duckduckgo.com/" "Mozilla/5.0 (Linux; Android 10; K) AppleWebKit/537.36 (KHTML, like Gecko) Chrome/117.0.0.0 Mobile Safari/537.36"
52.230.94.136 - - [30/Dec/2025:06:25:47 +0100] "GET /wp-includes/block-bindings/index.php HTTP/1.1" 404 16 "https://www.bing.com/" "Mozilla/5.g (Linux; Android 13; Pixel 7) AppleWebKit/537.36 (KHTML, like Gecko) Chrome/116.0.0.0 Mobile Safari/537.36"
52.230.94.136 - - [30/Dec/2025:06:25:47 +0100] "GET /wp-includes/block-supports HTTP/1.1" 301 292 "https://duckduckgo.com/" "Mozilla/5.0 (iPad; CPU OS 17_0_3 like Mac OS X) AppleWebKit/605.1.15 (KHTML, like Gecko) Version/17.0.1 Mobile/15E148 Safari/604.1"
52.230.94.136 - - [30/Dec/2025:06:25:48 +0100] "GET /wp-includes/block-supports/ HTTP/1.1" 403 - "https://duckduckgo.com/" "Mozilla/5.0 (iPad; CPU OS 17_0_3 like Mac OS X) AppleWebKit/605.1.15 (KHTML, like Gecko) Version/17.0.1 Mobile/15E148 Safari/604.1"
52.230.94.136 - - [30/Dec/2025:06:25:49 +0100] "GET /wp-includes/blocks/code HTTP/1.1" 301 289 "https://www.bing.com/" "Mozilla/5.0 (iPhone; CPU iPhone OS 16_0 like Mac OS X) AppleWebKit/605.1.15 (KHTML, like Gecko) FxiOS/118.0 Mobile/15E148 Safari/605.1.15"
52.230.94.136 - - [30/Dec/2025:06:25:49 +0100] "GET /wp-includes/blocks/code/ HTTP/1.1" 403 - "https://www.bing.com/" "Mozilla/5.0 (iPhone; CPU iPhone OS 16_0 like Mac OS X) AppleWebKit/605.1.15 (KHTML, like Gecko) FxiOS/118.0 Mobile/15E148 Safari/605.1.15"
57.141.18.51 - - [30/Dec/2025:06:25:50 +0100] "GET /?o=09106213990902 HTTP/2.0" 200 - "-" "meta-externalagent/1.1 (+https://developers.facebook.com/docs/sharing/webmasters/crawler)"
52.230.94.136 - - [30/Dec/2025:06:25:50 +0100] "GET /wp-includes/customize/chosen.php HTTP/1.1" 403 - "https://www.google.co.uk/" "Mozilla/5.0 (iPhone; CPU iPhone OS 16_0 like Mac OS X) AppleWebKit/605.1.15 (KHTML, like Gecko) FxiOS/118.0 Mobile/15E148 Safari/605.1.15"
52.230.94.136 - - [30/Dec/2025:06:25:51 +0100] "GET /wp-includes/html-api/index.php HTTP/1.1" 404 16 "https://www.bing.com/" "Mozilla/5.0 (Linux; Android 12; SM-A525F) AppleWebKit/537.36 (KHTML, like Gecko) Chrome/117.0.0.0 Mobile Safari/537.36"
52.230.94.136 - - [30/Dec/2025:06:25:51 +0100] "GET /wp-includes/index.php HTTP/1.1" 404 16 "https://www.bing.com/" "Mozilla/5.0 (iPad; CPU OS 17_0_3 like Mac OS X) AppleWebKit/605.1.15 (KHTML, like Gecko) Version/17.0.1 Mobile/15E148 Safari/604.1"
52.230.94.136 - - [30/Dec/2025:06:25:52 +0100] "GET /wp-includes/js/dist/development/index.php HTTP/1.1" 404 16 "https://www.google.de/" "Mozilla/5.0 (iPhone; CPU iPhone OS 15_7_9 like Mac OS X) AppleWebKit/605.1.15 (KHTML, like Gecko) Version/15.6.5 Mobile/15E148 Safari/604.1"
52.230.94.136 - - [30/Dec/2025:06:25:52 +0100] "GET /wp-includes/pomo/index.php HTTP/1.1" 404 16 "https://www.google.co.uk/" "Mozilla/5.0 (Linux; Android 11; CPH2251) AppleWebKit/537.36 (KHTML, like Gecko) Chrome/116.0.0.0 Mobile Safari/537.36"
52.230.94.136 - - [30/Dec/2025:06:25:53 +0100] "GET /wp-includes/rest-api HTTP/1.1" 301 286 "https://www.google.fr/" "Mozilla/5.0 (Linux; Android 11; CPH2251) AppleWebKit/537.36 (KHTML, like Gecko) Chrome/116.0.0.0 Mobile Safari/537.36"
52.230.94.136 - - [30/Dec/2025:06:25:53 +0100] "GET /wp-includes/rest-api/ HTTP/1.1" 403 - "https://www.google.fr/" "Mozilla/5.0 (Linux; Android 11; CPH2251) AppleWebKit/537.36 (KHTML, like Gecko) Chrome/116.0.0.0 Mobile Safari/537.36"
52.230.94.136 - - [30/Dec/2025:06:25:54 +0100] "GET /wp-includes/sitemaps/autoload_classmap.php HTTP/1.1" 403 - "https://www.google.de/" "Mozilla/5.0 (Linux; Android 11; 21081111RG) AppleWebKit/537.36 (KHTML, like Gecko) Chrome/116.0.0.0 Mobile Safari/537.36"
52.230.94.136 - - [30/Dec/2025:06:25:55 +0100] "GET /wp-includes/theme-compat HTTP/1.1" 301 290 "https://www.google.com/" "Mozilla/5.0 (iPhone; CPU iPhone OS 17_1 like Mac OS X) AppleWebKit/605.1.15 (KHTML, like Gecko) CriOS/119.0.6045.109 Mobile/15E148 Safari/604.1"
52.230.94.136 - - [30/Dec/2025:06:25:55 +0100] "GET /wp-includes/theme-compat/ HTTP/1.1" 403 - "https://www.google.com/" "Mozilla/5.0 (iPhone; CPU iPhone OS 17_1 like Mac OS X) AppleWebKit/605.1.15 (KHTML, like Gecko) CriOS/119.0.6045.109 Mobile/15E148 Safari/604.1"
176.31.139.25 - - [30/Dec/2025:06:26:36 +0100] "GET /2024/11/20/bitcoin-security-best-practices-2024-4-5-4-documento-de-practicas-de-seguridad-de-bitcoin-21/ HTTP/2.0" 200 - "-" "Mozilla/5.0 (compatible; AhrefsBot/7.0; +http://ahrefs.com/robot/)"
57.141.18.8 - - [30/Dec/2025:06:26:40 +0100] "GET /?o=7753785036600 HTTP/2.0" 200 - "-" "meta-externalagent/1.1 (+https://developers.facebook.com/docs/sharing/webmasters/crawler)"
57.141.18.51 - - [30/Dec/2025:06:26:56 +0100] "GET /?o=1610132736601 HTTP/2.0" 200 - "-" "meta-externalagent/1.1 (+https://developers.facebook.com/docs/sharing/webmasters/crawler)"
57.141.18.46 - - [30/Dec/2025:06:26:59 +0100] "GET /?o=69078221035500 HTTP/2.0" 200 - "-" "meta-externalagent/1.1 (+https://developers.facebook.com/docs/sharing/webmasters/crawler)"
57.141.18.21 - - [30/Dec/2025:06:27:14 +0100] "GET /?o=2618925245501 HTTP/2.0" 200 - "-" "meta-externalagent/1.1 (+https://developers.facebook.com/docs/sharing/webmasters/crawler)"
37.59.204.136 - - [30/Dec/2025:06:27:40 +0100] "GET /xrpjian-cha-repoto2024-3-4-6noxiang-xi-44/ HTTP/2.0" 200 - "-" "Mozilla/5.0 (compatible; AhrefsBot/7.0; +http://ahrefs.com/robot/)"
94.23.188.215 - - [30/Dec/2025:06:28:30 +0100] "GET /vechain-whitepaper-2024-3-4-8-documentation-162/ HTTP/2.0" 200 - "-" "Mozilla/5.0 (compatible; AhrefsBot/7.0; +http://ahrefs.com/robot/)"
57.141.18.105 - - [30/Dec/2025:06:28:40 +0100] "GET /?o=79847277583701 HTTP/2.0" 200 - "-" "meta-externalagent/1.1 (+https://developers.facebook.com/docs/sharing/webmasters/crawler)"
66.249.68.67 - - [30/Dec/2025:06:29:14 +0100] "GET /?o=80301240921201 HTTP/1.1" 200 26257 "-" "Mozilla/5.0 (Linux; Android 6.0.1; Nexus 5X Build/MMB29P) AppleWebKit/537.36 (KHTML, like Gecko) Chrome/141.0.7390.122 Mobile Safari/537.36 (compatible; Googlebot/2.1; +http://www.google.com/bot.html)"
176.31.139.8 - - [30/Dec/2025:06:29:26 +0100] "GET /vechain-whitepaper-2024-3-4-8-documentation-14/ HTTP/2.0" 200 - "-" "Mozilla/5.0 (compatible; AhrefsBot/7.0; +http://ahrefs.com/robot/)"
66.249.68.65 - - [30/Dec/2025:06:29:26 +0100] "GET /?o=95992138208208 HTTP/1.1" 200 25246 "-" "Mozilla/5.0 (Linux; Android 6.0.1; Nexus 5X Build/MMB29P) AppleWebKit/537.36 (KHTML, like Gecko) Chrome/141.0.7390.122 Mobile Safari/537.36 (compatible; Googlebot/2.1; +http://www.google.com/bot.html)"
66.249.68.65 - - [30/Dec/2025:06:29:30 +0100] "GET /?o=21489166043403 HTTP/1.1" 200 25682 "-" "Mozilla/5.0 (Linux; Android 6.0.1; Nexus 5X Build/MMB29P) AppleWebKit/537.36 (KHTML, like Gecko) Chrome/141.0.7390.122 Mobile Safari/537.36 (compatible; Googlebot/2.1; +http://www.google.com/bot.html)"
66.249.68.65 - - [30/Dec/2025:06:29:43 +0100] "GET /?o=09277210192605 HTTP/1.1" 200 25926 "-" "Mozilla/5.0 (Linux; Android 6.0.1; Nexus 5X Build/MMB29P) AppleWebKit/537.36 (KHTML, like Gecko) Chrome/141.0.7390.122 Mobile Safari/537.36 (compatible; Googlebot/2.1; +http://www.google.com/bot.html)"
57.141.18.71 - - [30/Dec/2025:06:29:42 +0100] "GET /?o=71082107284804 HTTP/2.0" 200 - "-" "meta-externalagent/1.1 (+https://developers.facebook.com/docs/sharing/webmasters/crawler)"
66.249.68.65 - - [30/Dec/2025:06:29:46 +0100] "GET /?o=0037753905602 HTTP/1.1" 200 26132 "-" "Mozilla/5.0 (Linux; Android 6.0.1; Nexus 5X Build/MMB29P) AppleWebKit/537.36 (KHTML, like Gecko) Chrome/141.0.7390.122 Mobile Safari/537.36 (compatible; Googlebot/2.1; +http://www.google.com/bot.html)"
66.249.68.65 - - [30/Dec/2025:06:29:59 +0100] "GET /?o=1591068806400 HTTP/1.1" 200 25467 "-" "Mozilla/5.0 (Linux; Android 6.0.1; Nexus 5X Build/MMB29P) AppleWebKit/537.36 (KHTML, like Gecko) Chrome/141.0.7390.122 Mobile Safari/537.36 (compatible; Googlebot/2.1; +http://www.google.com/bot.html)"
66.249.68.65 - - [30/Dec/2025:06:30:03 +0100] "GET /?o=82912282529604 HTTP/1.1" 200 26430 "-" "Mozilla/5.0 (Linux; Android 6.0.1; Nexus 5X Build/MMB29P) AppleWebKit/537.36 (KHTML, like Gecko) Chrome/141.0.7390.122 Mobile Safari/537.36 (compatible; Googlebot/2.1; +http://www.google.com/bot.html)"
66.249.68.65 - - [30/Dec/2025:06:30:07 +0100] "GET /?o=38783161990802 HTTP/1.1" 200 26618 "-" "Mozilla/5.0 (Linux; Android 6.0.1; Nexus 5X Build/MMB29P) AppleWebKit/537.36 (KHTML, like Gecko) Chrome/141.0.7390.122 Mobile Safari/537.36 (compatible; Googlebot/2.1; +http://www.google.com/bot.html)"
66.249.68.65 - - [30/Dec/2025:06:30:11 +0100] "GET /?o=58491213997201 HTTP/1.1" 200 26705 "-" "Mozilla/5.0 (Linux; Android 6.0.1; Nexus 5X Build/MMB29P) AppleWebKit/537.36 (KHTML, like Gecko) Chrome/141.0.7390.122 Mobile Safari/537.36 (compatible; Googlebot/2.1; +http://www.google.com/bot.html)"
66.249.68.65 - - [30/Dec/2025:06:30:15 +0100] "GET /?o=42182287679200 HTTP/1.1" 200 26124 "-" "Mozilla/5.0 (Linux; Android 6.0.1; Nexus 5X Build/MMB29P) AppleWebKit/537.36 (KHTML, like Gecko) Chrome/141.0.7390.122 Mobile Safari/537.36 (compatible; Googlebot/2.1; +http://www.google.com/bot.html)"
57.141.18.86 - - [30/Dec/2025:06:30:15 +0100] "GET /?o=98742185699500 HTTP/2.0" 200 - "-" "meta-externalagent/1.1 (+https://developers.facebook.com/docs/sharing/webmasters/crawler)"
66.249.68.65 - - [30/Dec/2025:06:30:19 +0100] "GET /?o=36328274002 HTTP/1.1" 200 25831 "-" "Mozilla/5.0 (Linux; Android 6.0.1; Nexus 5X Build/MMB29P) AppleWebKit/537.36 (KHTML, like Gecko) Chrome/141.0.7390.122 Mobile Safari/537.36 (compatible; Googlebot/2.1; +http://www.google.com/bot.html)"
51.75.236.148 - - [30/Dec/2025:06:30:19 +0100] "GET /tron-whitepaper-2024-2-6-6-comprehensive-documentation-8/ HTTP/2.0" 200 - "-" "Mozilla/5.0 (compatible; AhrefsBot/7.0; +http://ahrefs.com/robot/)"
66.249.68.65 - - [30/Dec/2025:06:30:32 +0100] "GET /?o=173908400000 HTTP/1.1" 200 26064 "-" "Mozilla/5.0 (Linux; Android 6.0.1; Nexus 5X Build/MMB29P) AppleWebKit/537.36 (KHTML, like Gecko) Chrome/141.0.7390.122 Mobile Safari/537.36 (compatible; Googlebot/2.1; +http://www.google.com/bot.html)"
66.249.68.65 - - [30/Dec/2025:06:30:36 +0100] "GET /?o=07608163342002 HTTP/1.1" 200 26788 "-" "Mozilla/5.0 (Linux; Android 6.0.1; Nexus 5X Build/MMB29P) AppleWebKit/537.36 (KHTML, like Gecko) Chrome/141.0.7390.122 Mobile Safari/537.36 (compatible; Googlebot/2.1; +http://www.google.com/bot.html)"
66.249.68.65 - - [30/Dec/2025:06:30:40 +0100] "GET /?o=25506200346000 HTTP/1.1" 200 26329 "-" "Mozilla/5.0 (Linux; Android 6.0.1; Nexus 5X Build/MMB29P) AppleWebKit/537.36 (KHTML, like Gecko) Chrome/141.0.7390.122 Mobile Safari/537.36 (compatible; Googlebot/2.1; +http://www.google.com/bot.html)"
57.141.18.63 - - [30/Dec/2025:06:30:41 +0100] "GET /?o=91716108073600 HTTP/2.0" 200 - "-" "meta-externalagent/1.1 (+https://developers.facebook.com/docs/sharing/webmasters/crawler)"
66.249.68.65 - - [30/Dec/2025:06:30:48 +0100] "GET /?o=99608275145603 HTTP/1.1" 200 25077 "-" "Mozilla/5.0 (Linux; Android 6.0.1; Nexus 5X Build/MMB29P) AppleWebKit/537.36 (KHTML, like Gecko) Chrome/141.0.7390.122 Mobile Safari/537.36 (compatible; Googlebot/2.1; +http://www.google.com/bot.html)"
57.141.18.2 - - [30/Dec/2025:06:31:03 +0100] "GET /?o=89190265582400 HTTP/2.0" 200 - "-" "meta-externalagent/1.1 (+https://developers.facebook.com/docs/sharing/webmasters/crawler)"
37.59.204.141 - - [30/Dec/2025:06:31:09 +0100] "GET /tag/user-guide/ HTTP/2.0" 200 - "-" "Mozilla/5.0 (compatible; AhrefsBot/7.0; +http://ahrefs.com/robot/)"
66.249.68.66 - - [30/Dec/2025:06:31:21 +0100] "GET /?o=21987167550004 HTTP/1.1" 200 26196 "-" "Mozilla/5.0 (Linux; Android 6.0.1; Nexus 5X Build/MMB29P) AppleWebKit/537.36 (KHTML, like Gecko) Chrome/141.0.7390.122 Mobile Safari/537.36 (compatible; Googlebot/2.1; +http://www.google.com/bot.html)"
66.249.68.66 - - [30/Dec/2025:06:31:33 +0100] "GET /?o=87015269919600 HTTP/1.1" 200 25864 "-" "Mozilla/5.0 (Linux; Android 6.0.1; Nexus 5X Build/MMB29P) AppleWebKit/537.36 (KHTML, like Gecko) Chrome/141.0.7390.122 Mobile Safari/537.36 (compatible; Googlebot/2.1; +http://www.google.com/bot.html)"
66.249.68.65 - - [30/Dec/2025:06:31:37 +0100] "GET /?o=253862406401 HTTP/1.1" 200 26162 "-" "Mozilla/5.0 (Linux; Android 6.0.1; Nexus 5X Build/MMB29P) AppleWebKit/537.36 (KHTML, like Gecko) Chrome/141.0.7390.122 Mobile Safari/537.36 (compatible; Googlebot/2.1; +http://www.google.com/bot.html)"
66.249.68.65 - - [30/Dec/2025:06:31:41 +0100] "GET /?o=1840735562603 HTTP/1.1" 200 26536 "-" "Mozilla/5.0 (Linux; Android 6.0.1; Nexus 5X Build/MMB29P) AppleWebKit/537.36 (KHTML, like Gecko) Chrome/141.0.7390.122 Mobile Safari/537.36 (compatible; Googlebot/2.1; +http://www.google.com/bot.html)"
51.68.247.206 - - [30/Dec/2025:06:31:58 +0100] "GET /tag/suchmaschine/ HTTP/2.0" 200 - "-" "Mozilla/5.0 (compatible; AhrefsBot/7.0; +http://ahrefs.com/robot/)"
66.249.68.65 - - [30/Dec/2025:06:32:01 +0100] "GET /?o=3238554815403 HTTP/1.1" 200 26773 "-" "Mozilla/5.0 (Linux; Android 6.0.1; Nexus 5X Build/MMB29P) AppleWebKit/537.36 (KHTML, like Gecko) Chrome/141.0.7390.122 Mobile Safari/537.36 (compatible; Googlebot/2.1; +http://www.google.com/bot.html)"
66.249.68.65 - - [30/Dec/2025:06:32:05 +0100] "GET /?o=78221187373404 HTTP/1.1" 200 25698 "-" "Mozilla/5.0 (Linux; Android 6.0.1; Nexus 5X Build/MMB29P) AppleWebKit/537.36 (KHTML, like Gecko) Chrome/141.0.7390.122 Mobile Safari/537.36 (compatible; Googlebot/2.1; +http://www.google.com/bot.html)"
57.141.18.43 - - [30/Dec/2025:06:32:05 +0100] "GET /?o=91400113406800 HTTP/2.0" 200 - "-" "meta-externalagent/1.1 (+https://developers.facebook.com/docs/sharing/webmasters/crawler)"
66.249.68.65 - - [30/Dec/2025:06:32:09 +0100] "GET /?o=62008107416803 HTTP/1.1" 200 24984 "-" "Mozilla/5.0 (Linux; Android 6.0.1; Nexus 5X Build/MMB29P) AppleWebKit/537.36 (KHTML, like Gecko) Chrome/141.0.7390.122 Mobile Safari/537.36 (compatible; Googlebot/2.1; +http://www.google.com/bot.html)"
114.119.136.64 - - [30/Dec/2025:06:32:11 +0100] "GET /wp-includes/js/tinymce/utils/mctabs.js HTTP/1.1" 200 1470 "https://www.loger.cm/wp-includes/js/tinymce/utils/?C=N%3BO%3DD" "Mozilla/5.0 (Linux; Android 7.0;) AppleWebKit/537.36 (KHTML, like Gecko) Mobile Safari/537.36 (compatible; PetalBot;+https://webmaster.petalsearch.com/site/petalbot)"
66.249.68.65 - - [30/Dec/2025:06:32:22 +0100] "GET /?o=15013249654004 HTTP/1.1" 200 26325 "-" "Mozilla/5.0 (Linux; Android 6.0.1; Nexus 5X Build/MMB29P) AppleWebKit/537.36 (KHTML, like Gecko) Chrome/141.0.7390.122 Mobile Safari/537.36 (compatible; Googlebot/2.1; +http://www.google.com/bot.html)"
57.141.18.9 - - [30/Dec/2025:06:32:22 +0100] "GET /?o=89818206415104 HTTP/2.0" 200 - "-" "meta-externalagent/1.1 (+https://developers.facebook.com/docs/sharing/webmasters/crawler)"
66.249.68.65 - - [30/Dec/2025:06:32:25 +0100] "GET /?o=81550290890200 HTTP/1.1" 200 26176 "-" "Mozilla/5.0 (Linux; Android 6.0.1; Nexus 5X Build/MMB29P) AppleWebKit/537.36 (KHTML, like Gecko) Chrome/141.0.7390.122 Mobile Safari/537.36 (compatible; Googlebot/2.1; +http://www.google.com/bot.html)"
66.249.68.65 - - [30/Dec/2025:06:32:29 +0100] "GET /?o=4701527399600 HTTP/1.1" 200 26334 "-" "Mozilla/5.0 (Linux; Android 6.0.1; Nexus 5X Build/MMB29P) AppleWebKit/537.36 (KHTML, like Gecko) Chrome/141.0.7390.122 Mobile Safari/537.36 (compatible; Googlebot/2.1; +http://www.google.com/bot.html)"
37.59.204.145 - - [30/Dec/2025:06:32:47 +0100] "GET /tag/eos/ HTTP/2.0" 200 - "-" "Mozilla/5.0 (compatible; AhrefsBot/7.0; +http://ahrefs.com/robot/)"
66.249.68.65 - - [30/Dec/2025:06:32:50 +0100] "GET /?o=2911010281002 HTTP/1.1" 200 26527 "-" "Mozilla/5.0 (Linux; Android 6.0.1; Nexus 5X Build/MMB29P) AppleWebKit/537.36 (KHTML, like Gecko) Chrome/141.0.7390.122 Mobile Safari/537.36 (compatible; Googlebot/2.1; +http://www.google.com/bot.html)"
66.249.68.65 - - [30/Dec/2025:06:33:10 +0100] "GET /?o=3830142498003 HTTP/1.1" 200 26093 "-" "Mozilla/5.0 (Linux; Android 6.0.1; Nexus 5X Build/MMB29P) AppleWebKit/537.36 (KHTML, like Gecko) Chrome/141.0.7390.122 Mobile Safari/537.36 (compatible; Googlebot/2.1; +http://www.google.com/bot.html)"
66.249.68.66 - - [30/Dec/2025:06:33:14 +0100] "GET /?o=18875289659001 HTTP/1.1" 200 26527 "-" "Mozilla/5.0 (Linux; Android 6.0.1; Nexus 5X Build/MMB29P) AppleWebKit/537.36 (KHTML, like Gecko) Chrome/141.0.7390.122 Mobile Safari/537.36 (compatible; Googlebot/2.1; +http://www.google.com/bot.html)"
66.249.68.65 - - [30/Dec/2025:06:33:27 +0100] "GET /?o=7717120409003 HTTP/1.1" 200 26536 "-" "Mozilla/5.0 (Linux; Android 6.0.1; Nexus 5X Build/MMB29P) AppleWebKit/537.36 (KHTML, like Gecko) Chrome/141.0.7390.122 Mobile Safari/537.36 (compatible; Googlebot/2.1; +http://www.google.com/bot.html)"
92.222.104.207 - - [30/Dec/2025:06:33:38 +0100] "GET /tag/architekturdiagramm/ HTTP/2.0" 200 - "-" "Mozilla/5.0 (compatible; AhrefsBot/7.0; +http://ahrefs.com/robot/)"
66.249.68.65 - - [30/Dec/2025:06:33:39 +0100] "GET /?o=8730332068803 HTTP/1.1" 200 26311 "-" "Mozilla/5.0 (Linux; Android 6.0.1; Nexus 5X Build/MMB29P) AppleWebKit/537.36 (KHTML, like Gecko) Chrome/141.0.7390.122 Mobile Safari/537.36 (compatible; Googlebot/2.1; +http://www.google.com/bot.html)"
66.249.68.65 - - [30/Dec/2025:06:33:43 +0100] "GET /?o=21003144969002 HTTP/1.1" 200 25316 "-" "Mozilla/5.0 (Linux; Android 6.0.1; Nexus 5X Build/MMB29P) AppleWebKit/537.36 (KHTML, like Gecko) Chrome/141.0.7390.122 Mobile Safari/537.36 (compatible; Googlebot/2.1; +http://www.google.com/bot.html)"
57.141.18.68 - - [30/Dec/2025:06:33:49 +0100] "GET /?o=81942126342900 HTTP/2.0" 200 - "-" "meta-externalagent/1.1 (+https://developers.facebook.com/docs/sharing/webmasters/crawler)"
57.141.18.53 - - [30/Dec/2025:06:33:52 +0100] "GET /?o=70706287934002 HTTP/2.0" 200 - "-" "meta-externalagent/1.1 (+https://developers.facebook.com/docs/sharing/webmasters/crawler)"
66.249.68.67 - - [30/Dec/2025:06:34:11 +0100] "GET /?o=27134131562004 HTTP/1.1" 200 26803 "-" "Mozilla/5.0 (Linux; Android 6.0.1; Nexus 5X Build/MMB29P) AppleWebKit/537.36 (KHTML, like Gecko) Chrome/141.0.7390.122 Mobile Safari/537.36 (compatible; Googlebot/2.1; +http://www.google.com/bot.html)"
