209.15.111.206 - - [30/Dec/2025:10:47:52 +0100] "GET /mah/function.php HTTP/1.1" 200 - "-" "python-httpx/0.28.1"
209.15.111.206 - - [30/Dec/2025:10:47:58 +0100] "GET /plugins/function.php HTTP/1.1" 200 - "-" "python-httpx/0.28.1"
209.15.111.206 - - [30/Dec/2025:10:48:03 +0100] "GET /chosen.php HTTP/1.1" 403 - "-" "python-httpx/0.28.1"
209.15.111.206 - - [30/Dec/2025:10:48:12 +0100] "GET /wp-admin/images/chosen.php HTTP/1.1" 403 - "-" "python-httpx/0.28.1"
92.222.108.124 - - [30/Dec/2025:10:48:17 +0100] "GET /solana-regulatory-compliance-guide-2024-2-2-1-comprehensive-documentation-47/ HTTP/2.0" 200 - "-" "Mozilla/5.0 (compatible; AhrefsBot/7.0; +http://ahrefs.com/robot/)"
209.15.111.206 - - [30/Dec/2025:10:48:18 +0100] "GET /wp-admin/includes/chosen.php HTTP/1.1" 403 - "-" "python-httpx/0.28.1"
57.141.18.74 - - [30/Dec/2025:10:48:20 +0100] "GET /?o=477825765701 HTTP/2.0" 200 - "-" "meta-externalagent/1.1 (+https://developers.facebook.com/docs/sharing/webmasters/crawler)"
209.15.111.206 - - [30/Dec/2025:10:48:24 +0100] "GET /wp-admin/js/widgets/chosen.php HTTP/1.1" 403 - "-" "python-httpx/0.28.1"
209.15.111.206 - - [30/Dec/2025:10:48:29 +0100] "GET /wp-admin/js/chosen.php HTTP/1.1" 403 - "-" "python-httpx/0.28.1"
209.15.111.206 - - [30/Dec/2025:10:48:36 +0100] "GET /wp-admin/maint/chosen.php HTTP/1.1" 403 - "-" "python-httpx/0.28.1"
209.15.111.206 - - [30/Dec/2025:10:48:41 +0100] "GET /wp-admin/network/chosen.php HTTP/1.1" 403 - "-" "python-httpx/0.28.1"
209.15.111.206 - - [30/Dec/2025:10:48:47 +0100] "GET /wp-admin/user/chosen.php HTTP/1.1" 403 - "-" "python-httpx/0.28.1"
209.15.111.206 - - [30/Dec/2025:10:48:53 +0100] "GET /wp-content/chosen.php HTTP/1.1" 403 - "-" "python-httpx/0.28.1"
209.15.111.206 - - [30/Dec/2025:10:48:58 +0100] "GET /wp-content/uploads/chosen.php HTTP/1.1" 403 - "-" "python-httpx/0.28.1"
209.15.111.206 - - [30/Dec/2025:10:49:04 +0100] "GET /wp-content/plugins/chosen.php HTTP/1.1" 403 - "-" "python-httpx/0.28.1"
209.15.111.206 - - [30/Dec/2025:10:49:09 +0100] "GET /wp-content/languages/chosen.php HTTP/1.1" 403 - "-" "python-httpx/0.28.1"
209.15.111.206 - - [30/Dec/2025:10:49:15 +0100] "GET /wp-content/languages/themes/chosen.php HTTP/1.1" 403 - "-" "python-httpx/0.28.1"
209.15.111.206 - - [30/Dec/2025:10:49:21 +0100] "GET /wp-includes/SimplePie/chosen.php HTTP/1.1" 403 - "-" "python-httpx/0.28.1"
209.15.111.206 - - [30/Dec/2025:10:49:26 +0100] "GET /wp-includes/certificates/chosen.php HTTP/1.1" 403 - "-" "python-httpx/0.28.1"
57.141.18.2 - - [30/Dec/2025:10:49:27 +0100] "GET /?o=0511988989907 HTTP/2.0" 200 - "-" "meta-externalagent/1.1 (+https://developers.facebook.com/docs/sharing/webmasters/crawler)"
209.15.111.206 - - [30/Dec/2025:10:49:32 +0100] "GET /wp-includes/customize/chosen.php HTTP/1.1" 403 - "-" "python-httpx/0.28.1"
209.15.111.206 - - [30/Dec/2025:10:49:37 +0100] "GET /index/chosen.php HTTP/1.1" 200 - "-" "python-httpx/0.28.1"
209.15.111.206 - - [30/Dec/2025:10:49:43 +0100] "GET /about/chosen.php HTTP/1.1" 200 - "-" "python-httpx/0.28.1"
209.15.111.206 - - [30/Dec/2025:10:49:49 +0100] "GET /as/chosen.php HTTP/1.1" 200 - "-" "python-httpx/0.28.1"
57.141.18.57 - - [30/Dec/2025:10:49:51 +0100] "GET /?o=7988886299000 HTTP/2.0" 200 - "-" "meta-externalagent/1.1 (+https://developers.facebook.com/docs/sharing/webmasters/crawler)"
57.141.18.62 - - [30/Dec/2025:10:49:54 +0100] "GET /?o=2080012816700 HTTP/2.0" 200 - "-" "meta-externalagent/1.1 (+https://developers.facebook.com/docs/sharing/webmasters/crawler)"
209.15.111.206 - - [30/Dec/2025:10:49:54 +0100] "GET /file/chosen.php HTTP/1.1" 200 - "-" "python-httpx/0.28.1"
209.15.111.206 - - [30/Dec/2025:10:50:00 +0100] "GET /chosen/chosen.php HTTP/1.1" 200 - "-" "python-httpx/0.28.1"
114.119.133.119 - - [30/Dec/2025:10:50:02 +0100] "GET /wp-includes/css/dist/block-directory?C=D%3BO%3DA HTTP/1.1" 301 318 "-" "Mozilla/5.0 (Linux; Android 7.0;) AppleWebKit/537.36 (KHTML, like Gecko) Mobile Safari/537.36 (compatible; PetalBot;+https://webmaster.petalsearch.com/site/petalbot)"
114.119.133.119 - - [30/Dec/2025:10:50:04 +0100] "GET /wp-includes/css/dist/block-directory/?C=D%3BO%3DA HTTP/1.1" 403 - "-" "Mozilla/5.0 (Linux; Android 7.0;) AppleWebKit/537.36 (KHTML, like Gecko) Mobile Safari/537.36 (compatible; PetalBot;+https://webmaster.petalsearch.com/site/petalbot)"
209.15.111.206 - - [30/Dec/2025:10:50:06 +0100] "GET /css/chosen.php HTTP/1.1" 200 - "-" "python-httpx/0.28.1"
209.15.111.206 - - [30/Dec/2025:10:50:11 +0100] "GET /nice.php?p= HTTP/1.1" 403 - "-" "python-httpx/0.28.1"
57.141.18.69 - - [30/Dec/2025:10:50:14 +0100] "GET /?o=2730266591902 HTTP/2.0" 200 - "-" "meta-externalagent/1.1 (+https://developers.facebook.com/docs/sharing/webmasters/crawler)"
209.15.111.206 - - [30/Dec/2025:10:50:17 +0100] "GET /atomlib.php HTTP/1.1" 403 - "-" "python-httpx/0.28.1"
209.15.111.206 - - [30/Dec/2025:10:50:22 +0100] "GET /uploads/upload_example.php HTTP/1.1" 200 - "-" "python-httpx/0.28.1"
209.15.111.206 - - [30/Dec/2025:10:50:28 +0100] "GET /updates.php HTTP/1.1" 403 - "-" "python-httpx/0.28.1"
209.15.111.206 - - [30/Dec/2025:10:50:34 +0100] "GET /radio.php HTTP/1.1" 200 - "-" "python-httpx/0.28.1"
209.15.111.206 - - [30/Dec/2025:10:50:39 +0100] "GET /leafmailer2.8.php HTTP/1.1" 403 - "-" "python-httpx/0.28.1"
57.141.18.57 - - [30/Dec/2025:10:50:41 +0100] "GET /?o=72179216581400 HTTP/2.0" 200 - "-" "meta-externalagent/1.1 (+https://developers.facebook.com/docs/sharing/webmasters/crawler)"
209.15.111.206 - - [30/Dec/2025:10:50:45 +0100] "GET /cong.php HTTP/1.1" 403 - "-" "python-httpx/0.28.1"
209.15.111.206 - - [30/Dec/2025:10:50:50 +0100] "GET /wp-includes/Text/index.php HTTP/1.1" 404 36 "-" "python-httpx/0.28.1"
209.15.111.206 - - [30/Dec/2025:10:50:55 +0100] "GET /wp-ahsera.php HTTP/1.1" 403 - "-" "python-httpx/0.28.1"
209.15.111.206 - - [30/Dec/2025:10:51:00 +0100] "GET /wp-easy.php HTTP/1.1" 403 - "-" "python-httpx/0.28.1"
209.15.111.206 - - [30/Dec/2025:10:51:06 +0100] "GET /wp-video.php HTTP/1.1" 403 - "-" "python-httpx/0.28.1"
57.141.18.4 - - [30/Dec/2025:10:51:08 +0100] "GET /?o=41924265189005 HTTP/2.0" 200 - "-" "meta-externalagent/1.1 (+https://developers.facebook.com/docs/sharing/webmasters/crawler)"
5.39.109.170 - - [30/Dec/2025:10:51:12 +0100] "GET /polkaiddontt-vonlett-settap-gaaidd-2024-4-9-8-5/ HTTP/2.0" 200 - "-" "Mozilla/5.0 (compatible; AhrefsBot/7.0; +http://ahrefs.com/robot/)"
209.15.111.206 - - [30/Dec/2025:10:51:13 +0100] "GET /wso112233.php HTTP/1.1" 403 - "-" "python-httpx/0.28.1"
209.15.111.206 - - [30/Dec/2025:10:51:18 +0100] "GET /class-wp-http-requests-hooks.php HTTP/1.1" 403 - "-" "python-httpx/0.28.1"
209.15.111.206 - - [30/Dec/2025:10:51:24 +0100] "GET /alfanew.php HTTP/1.1" 403 - "-" "python-httpx/0.28.1"
209.15.111.206 - - [30/Dec/2025:10:51:30 +0100] "GET /fw.php HTTP/1.1" 403 - "-" "python-httpx/0.28.1"
209.15.111.206 - - [30/Dec/2025:10:51:35 +0100] "GET /class-envato-market-api.php HTTP/1.1" 403 - "-" "python-httpx/0.28.1"
209.15.111.206 - - [30/Dec/2025:10:51:41 +0100] "GET /alfa-ioxi.php HTTP/1.1" 403 - "-" "python-httpx/0.28.1"
57.141.18.81 - - [30/Dec/2025:10:51:44 +0100] "GET /?o=21201208034201 HTTP/2.0" 200 - "-" "meta-externalagent/1.1 (+https://developers.facebook.com/docs/sharing/webmasters/crawler)"
209.15.111.206 - - [30/Dec/2025:10:51:48 +0100] "GET /wp1.php HTTP/1.1" 403 - "-" "python-httpx/0.28.1"
209.15.111.206 - - [30/Dec/2025:10:51:54 +0100] "GET /wp2.php HTTP/1.1" 403 - "-" "python-httpx/0.28.1"
209.15.111.206 - - [30/Dec/2025:10:52:00 +0100] "GET /wp3.php HTTP/1.1" 403 - "-" "python-httpx/0.28.1"
209.15.111.206 - - [30/Dec/2025:10:52:05 +0100] "GET /wp4.php HTTP/1.1" 403 - "-" "python-httpx/0.28.1"
209.15.111.206 - - [30/Dec/2025:10:52:11 +0100] "GET /wp5.php HTTP/1.1" 403 - "-" "python-httpx/0.28.1"
209.15.111.206 - - [30/Dec/2025:10:52:17 +0100] "GET /wp-23.php HTTP/1.1" 403 - "-" "python-httpx/0.28.1"
209.15.111.206 - - [30/Dec/2025:10:52:22 +0100] "GET /1index.php HTTP/1.1" 403 - "-" "python-httpx/0.28.1"
209.15.111.206 - - [30/Dec/2025:10:52:28 +0100] "GET /11index.php HTTP/1.1" 403 - "-" "python-httpx/0.28.1"
209.15.111.206 - - [30/Dec/2025:10:52:34 +0100] "GET /2index.php HTTP/1.1" 403 - "-" "python-httpx/0.28.1"
209.15.111.206 - - [30/Dec/2025:10:52:40 +0100] "GET /3index.php HTTP/1.1" 403 - "-" "python-httpx/0.28.1"
57.141.18.89 - - [30/Dec/2025:10:52:40 +0100] "GET /?o=4142192773302 HTTP/2.0" 200 - "-" "meta-externalagent/1.1 (+https://developers.facebook.com/docs/sharing/webmasters/crawler)"
209.15.111.206 - - [30/Dec/2025:10:52:45 +0100] "GET /wp_wrong_datlib.php HTTP/1.1" 403 - "-" "python-httpx/0.28.1"
57.141.18.120 - - [30/Dec/2025:10:52:48 +0100] "GET /?o=89048201695005 HTTP/2.0" 200 - "-" "meta-externalagent/1.1 (+https://developers.facebook.com/docs/sharing/webmasters/crawler)"
209.15.111.206 - - [30/Dec/2025:10:52:50 +0100] "GET /wp-adminincludesclass-wp-media-list-data.php HTTP/1.1" 403 - "-" "python-httpx/0.28.1"
209.15.111.206 - - [30/Dec/2025:10:52:57 +0100] "GET /wso.php HTTP/1.1" 403 - "-" "python-httpx/0.28.1"
57.141.18.25 - - [30/Dec/2025:10:52:58 +0100] "GET /?o=0958680312400 HTTP/2.0" 200 - "-" "meta-externalagent/1.1 (+https://developers.facebook.com/docs/sharing/webmasters/crawler)"
209.15.111.206 - - [30/Dec/2025:10:53:02 +0100] "GET /doc.php HTTP/1.1" 403 - "-" "python-httpx/0.28.1"
209.15.111.206 - - [30/Dec/2025:10:53:07 +0100] "GET /stindex.php HTTP/1.1" 403 - "-" "python-httpx/0.28.1"
209.15.111.206 - - [30/Dec/2025:10:53:13 +0100] "GET /alwso.php HTTP/1.1" 403 - "-" "python-httpx/0.28.1"
209.15.111.206 - - [30/Dec/2025:10:53:18 +0100] "GET /ups.php HTTP/1.1" 403 - "-" "python-httpx/0.28.1"
209.15.111.206 - - [30/Dec/2025:10:53:23 +0100] "GET /media-admin.php HTTP/1.1" 403 - "-" "python-httpx/0.28.1"
209.15.111.206 - - [30/Dec/2025:10:53:28 +0100] "GET /sym.php HTTP/1.1" 403 - "-" "python-httpx/0.28.1"
209.15.111.206 - - [30/Dec/2025:10:53:34 +0100] "GET /sym403.php HTTP/1.1" 403 - "-" "python-httpx/0.28.1"
209.15.111.206 - - [30/Dec/2025:10:53:39 +0100] "GET /fw.php HTTP/1.1" 403 - "-" "python-httpx/0.28.1"
209.15.111.206 - - [30/Dec/2025:10:53:44 +0100] "GET /symlink.php HTTP/1.1" 403 - "-" "python-httpx/0.28.1"
209.15.111.206 - - [30/Dec/2025:10:53:50 +0100] "GET /shell.php HTTP/1.1" 403 - "-" "python-httpx/0.28.1"
57.141.18.61 - - [30/Dec/2025:10:53:52 +0100] "GET /?o=2292151707701 HTTP/2.0" 200 - "-" "meta-externalagent/1.1 (+https://developers.facebook.com/docs/sharing/webmasters/crawler)"
92.222.104.220 - - [30/Dec/2025:10:53:55 +0100] "GET /monero-defi-protocol-documentacion-2024-2-4-6-188/ HTTP/2.0" 200 - "-" "Mozilla/5.0 (compatible; AhrefsBot/7.0; +http://ahrefs.com/robot/)"
209.15.111.206 - - [30/Dec/2025:10:53:55 +0100] "GET /1.php HTTP/1.1" 403 - "-" "python-httpx/0.28.1"
57.141.18.51 - - [30/Dec/2025:10:53:57 +0100] "GET /?o=0116255816400 HTTP/2.0" 200 - "-" "meta-externalagent/1.1 (+https://developers.facebook.com/docs/sharing/webmasters/crawler)"
209.15.111.206 - - [30/Dec/2025:10:54:01 +0100] "GET /data.php HTTP/1.1" 403 - "-" "python-httpx/0.28.1"
209.15.111.206 - - [30/Dec/2025:10:54:07 +0100] "GET /wp-blog.php HTTP/1.1" 403 - "-" "python-httpx/0.28.1"
209.15.111.206 - - [30/Dec/2025:10:54:12 +0100] "GET /b.php HTTP/1.1" 403 - "-" "python-httpx/0.28.1"
209.15.111.206 - - [30/Dec/2025:10:54:18 +0100] "GET /c.php HTTP/1.1" 403 - "-" "python-httpx/0.28.1"
209.15.111.206 - - [30/Dec/2025:10:54:23 +0100] "GET /shx.php HTTP/1.1" 403 - "-" "python-httpx/0.28.1"
209.15.111.206 - - [30/Dec/2025:10:54:30 +0100] "GET /alfa.php HTTP/1.1" 403 - "-" "python-httpx/0.28.1"
209.15.111.206 - - [30/Dec/2025:10:54:36 +0100] "GET /a.php HTTP/1.1" 403 - "-" "python-httpx/0.28.1"
57.141.18.82 - - [30/Dec/2025:10:54:39 +0100] "GET /?o=50602195193901 HTTP/2.0" 200 - "-" "meta-externalagent/1.1 (+https://developers.facebook.com/docs/sharing/webmasters/crawler)"
209.15.111.206 - - [30/Dec/2025:10:54:43 +0100] "GET /old-index.php HTTP/1.1" 403 - "-" "python-httpx/0.28.1"
209.15.111.206 - - [30/Dec/2025:10:54:50 +0100] "GET /FoxWSO.php HTTP/1.1" 403 - "-" "python-httpx/0.28.1"
209.15.111.206 - - [30/Dec/2025:10:54:56 +0100] "GET /x.php HTTP/1.1" 403 - "-" "python-httpx/0.28.1"
209.15.111.206 - - [30/Dec/2025:10:55:02 +0100] "GET /403.php HTTP/1.1" 403 - "-" "python-httpx/0.28.1"
209.15.111.206 - - [30/Dec/2025:10:55:09 +0100] "GET /mini.php HTTP/1.1" 403 - "-" "python-httpx/0.28.1"
209.15.111.206 - - [30/Dec/2025:10:55:16 +0100] "GET /imagesvuln.php HTTP/1.1" 403 - "-" "python-httpx/0.28.1"
209.15.111.206 - - [30/Dec/2025:10:55:23 +0100] "GET /wp-admin/options.php HTTP/1.1" 403 - "-" "python-httpx/0.28.1"
57.141.18.111 - - [30/Dec/2025:10:55:28 +0100] "GET /?o=96812297656001 HTTP/2.0" 200 - "-" "meta-externalagent/1.1 (+https://developers.facebook.com/docs/sharing/webmasters/crawler)"
209.15.111.206 - - [30/Dec/2025:10:55:29 +0100] "GET /edit-form.php HTTP/1.1" 403 - "-" "python-httpx/0.28.1"
209.15.111.206 - - [30/Dec/2025:10:55:35 +0100] "GET /wikindex.php HTTP/1.1" 403 - "-" "python-httpx/0.28.1"
57.141.18.119 - - [30/Dec/2025:10:55:42 +0100] "GET /?o=7010343899903 HTTP/2.0" 200 - "-" "meta-externalagent/1.1 (+https://developers.facebook.com/docs/sharing/webmasters/crawler)"
209.15.111.206 - - [30/Dec/2025:10:55:41 +0100] "GET /m.php HTTP/1.1" 403 - "-" "python-httpx/0.28.1"
209.15.111.206 - - [30/Dec/2025:10:55:47 +0100] "GET /0byte.php HTTP/1.1" 403 - "-" "python-httpx/0.28.1"
209.15.111.206 - - [30/Dec/2025:10:55:52 +0100] "GET /xx.php HTTP/1.1" 403 - "-" "python-httpx/0.28.1"
209.15.111.206 - - [30/Dec/2025:10:55:58 +0100] "GET /new-index.php HTTP/1.1" 403 - "-" "python-httpx/0.28.1"
209.15.111.206 - - [30/Dec/2025:10:56:03 +0100] "GET /wp.php HTTP/1.1" 403 - "-" "python-httpx/0.28.1"
57.141.18.36 - - [30/Dec/2025:10:56:07 +0100] "GET /?o=19900170257703 HTTP/2.0" 200 - "-" "meta-externalagent/1.1 (+https://developers.facebook.com/docs/sharing/webmasters/crawler)"
209.15.111.206 - - [30/Dec/2025:10:56:09 +0100] "GET /wp-wso.php HTTP/1.1" 403 - "-" "python-httpx/0.28.1"
209.15.111.206 - - [30/Dec/2025:10:56:15 +0100] "GET /qindex.php HTTP/1.1" 403 - "-" "python-httpx/0.28.1"
209.15.111.206 - - [30/Dec/2025:10:56:21 +0100] "GET /priv8.php HTTP/1.1" 403 - "-" "python-httpx/0.28.1"
209.15.111.206 - - [30/Dec/2025:10:56:26 +0100] "GET /minimo.php HTTP/1.1" 403 - "-" "python-httpx/0.28.1"
94.23.188.210 - - [30/Dec/2025:10:56:29 +0100] "GET /litecoin-risikobewertungsbericht-2024-3-8-6-50/ HTTP/2.0" 200 - "-" "Mozilla/5.0 (compatible; AhrefsBot/7.0; +http://ahrefs.com/robot/)"
209.15.111.206 - - [30/Dec/2025:10:56:31 +0100] "GET /xleet.php HTTP/1.1" 403 - "-" "python-httpx/0.28.1"
209.15.111.206 - - [30/Dec/2025:10:56:37 +0100] "GET /V3.php HTTP/1.1" 403 - "-" "python-httpx/0.28.1"
209.15.111.206 - - [30/Dec/2025:10:56:42 +0100] "GET /V5.php HTTP/1.1" 403 - "-" "python-httpx/0.28.1"
57.141.18.60 - - [30/Dec/2025:10:56:45 +0100] "GET /?o=98807185762800 HTTP/2.0" 200 - "-" "meta-externalagent/1.1 (+https://developers.facebook.com/docs/sharing/webmasters/crawler)"
57.141.18.58 - - [30/Dec/2025:10:56:46 +0100] "GET /?o=1272996674000 HTTP/2.0" 200 - "-" "meta-externalagent/1.1 (+https://developers.facebook.com/docs/sharing/webmasters/crawler)"
209.15.111.206 - - [30/Dec/2025:10:56:48 +0100] "GET /404.php HTTP/1.1" 403 - "-" "python-httpx/0.28.1"
209.15.111.206 - - [30/Dec/2025:10:56:54 +0100] "GET /up.php HTTP/1.1" 403 - "-" "python-httpx/0.28.1"
209.15.111.206 - - [30/Dec/2025:10:56:59 +0100] "GET /www.php HTTP/1.1" 403 - "-" "python-httpx/0.28.1"
209.15.111.206 - - [30/Dec/2025:10:57:06 +0100] "GET /100.php HTTP/1.1" 403 - "-" "python-httpx/0.28.1"
209.15.111.206 - - [30/Dec/2025:10:57:11 +0100] "GET /777.php HTTP/1.1" 403 - "-" "python-httpx/0.28.1"
209.15.111.206 - - [30/Dec/2025:10:57:17 +0100] "GET /defau1t.php HTTP/1.1" 403 - "-" "python-httpx/0.28.1"
57.141.18.50 - - [30/Dec/2025:10:57:22 +0100] "GET /?o=91619115594801 HTTP/2.0" 200 - "-" "meta-externalagent/1.1 (+https://developers.facebook.com/docs/sharing/webmasters/crawler)"
209.15.111.206 - - [30/Dec/2025:10:57:22 +0100] "GET /f.php HTTP/1.1" 403 - "-" "python-httpx/0.28.1"
209.15.111.206 - - [30/Dec/2025:10:57:28 +0100] "GET /xox.php HTTP/1.1" 403 - "-" "python-httpx/0.28.1"
57.141.18.37 - - [30/Dec/2025:10:57:33 +0100] "GET /?o=27924213223702 HTTP/2.0" 200 - "-" "meta-externalagent/1.1 (+https://developers.facebook.com/docs/sharing/webmasters/crawler)"
209.15.111.206 - - [30/Dec/2025:10:57:34 +0100] "GET /o.php HTTP/1.1" 403 - "-" "python-httpx/0.28.1"
209.15.111.206 - - [30/Dec/2025:10:57:39 +0100] "GET /new.php HTTP/1.1" 403 - "-" "python-httpx/0.28.1"
57.141.18.3 - - [30/Dec/2025:10:57:43 +0100] "GET /?o=6439154344509 HTTP/2.0" 200 - "-" "meta-externalagent/1.1 (+https://developers.facebook.com/docs/sharing/webmasters/crawler)"
209.15.111.206 - - [30/Dec/2025:10:57:45 +0100] "GET /sindex.php HTTP/1.1" 403 - "-" "python-httpx/0.28.1"
57.141.18.59 - - [30/Dec/2025:10:57:49 +0100] "GET /?o=21925117708003 HTTP/2.0" 200 - "-" "meta-externalagent/1.1 (+https://developers.facebook.com/docs/sharing/webmasters/crawler)"
209.15.111.206 - - [30/Dec/2025:10:57:50 +0100] "GET /baindex.php HTTP/1.1" 403 - "-" "python-httpx/0.28.1"
209.15.111.206 - - [30/Dec/2025:10:57:56 +0100] "GET /wi.php HTTP/1.1" 403 - "-" "python-httpx/0.28.1"
209.15.111.206 - - [30/Dec/2025:10:58:02 +0100] "GET /mar.php HTTP/1.1" 403 - "-" "python-httpx/0.28.1"
57.141.18.19 - - [30/Dec/2025:10:58:02 +0100] "GET /?o=21468289442704 HTTP/2.0" 200 - "-" "meta-externalagent/1.1 (+https://developers.facebook.com/docs/sharing/webmasters/crawler)"
57.141.18.91 - - [30/Dec/2025:10:58:03 +0100] "GET /?o=94027247471300 HTTP/2.0" 200 - "-" "meta-externalagent/1.1 (+https://developers.facebook.com/docs/sharing/webmasters/crawler)"
209.15.111.206 - - [30/Dec/2025:10:58:07 +0100] "GET /root.php HTTP/1.1" 403 - "-" "python-httpx/0.28.1"
209.15.111.206 - - [30/Dec/2025:10:58:12 +0100] "GET /nee.php HTTP/1.1" 403 - "-" "python-httpx/0.28.1"
209.15.111.206 - - [30/Dec/2025:10:58:18 +0100] "GET /v.php HTTP/1.1" 403 - "-" "python-httpx/0.28.1"
209.15.111.206 - - [30/Dec/2025:10:58:24 +0100] "GET /z.php HTTP/1.1" 403 - "-" "python-httpx/0.28.1"
57.141.18.2 - - [30/Dec/2025:10:58:25 +0100] "GET /?o=41319250664302 HTTP/2.0" 200 - "-" "meta-externalagent/1.1 (+https://developers.facebook.com/docs/sharing/webmasters/crawler)"
57.141.18.97 - - [30/Dec/2025:10:58:26 +0100] "GET /?o=24768255560500 HTTP/2.0" 200 - "-" "meta-externalagent/1.1 (+https://developers.facebook.com/docs/sharing/webmasters/crawler)"
209.15.111.206 - - [30/Dec/2025:10:58:29 +0100] "GET /g.php HTTP/1.1" 403 - "-" "python-httpx/0.28.1"
209.15.111.206 - - [30/Dec/2025:10:58:34 +0100] "GET /c99.php HTTP/1.1" 403 - "-" "python-httpx/0.28.1"
66.249.68.66 - - [30/Dec/2025:10:58:36 +0100] "GET /?o=64670219243604 HTTP/1.1" 200 26349 "-" "Mozilla/5.0 (Linux; Android 6.0.1; Nexus 5X Build/MMB29P) AppleWebKit/537.36 (KHTML, like Gecko) Chrome/141.0.7390.122 Mobile Safari/537.36 (compatible; Googlebot/2.1; +http://www.google.com/bot.html)"
209.15.111.206 - - [30/Dec/2025:10:58:40 +0100] "GET /w.php HTTP/1.1" 403 - "-" "python-httpx/0.28.1"
57.141.18.103 - - [30/Dec/2025:10:58:41 +0100] "GET /?o=19170223810002 HTTP/2.0" 200 - "-" "meta-externalagent/1.1 (+https://developers.facebook.com/docs/sharing/webmasters/crawler)"
209.15.111.206 - - [30/Dec/2025:10:58:46 +0100] "GET /ws.php HTTP/1.1" 403 - "-" "python-httpx/0.28.1"
209.15.111.206 - - [30/Dec/2025:10:58:51 +0100] "GET /2.php HTTP/1.1" 403 - "-" "python-httpx/0.28.1"
209.15.111.206 - - [30/Dec/2025:10:58:57 +0100] "GET /lol.php HTTP/1.1" 403 - "-" "python-httpx/0.28.1"
209.15.111.206 - - [30/Dec/2025:10:59:02 +0100] "GET /7yn.php HTTP/1.1" 403 - "-" "python-httpx/0.28.1"
37.59.204.144 - - [30/Dec/2025:10:59:06 +0100] "GET /kaarddaano-jokhim-muulyaankn-riportt-2024-2-8-9-52/ HTTP/2.0" 200 - "-" "Mozilla/5.0 (compatible; AhrefsBot/7.0; +http://ahrefs.com/robot/)"
209.15.111.206 - - [30/Dec/2025:10:59:08 +0100] "GET /haxor.php HTTP/1.1" 403 - "-" "python-httpx/0.28.1"
209.15.111.206 - - [30/Dec/2025:10:59:13 +0100] "GET /13.php HTTP/1.1" 403 - "-" "python-httpx/0.28.1"
57.141.18.21 - - [30/Dec/2025:10:59:14 +0100] "GET /?o=46400251798803 HTTP/2.0" 200 - "-" "meta-externalagent/1.1 (+https://developers.facebook.com/docs/sharing/webmasters/crawler)"
209.15.111.206 - - [30/Dec/2025:10:59:18 +0100] "GET /xindex.php HTTP/1.1" 403 - "-" "python-httpx/0.28.1"
209.15.111.206 - - [30/Dec/2025:10:59:24 +0100] "GET /kindex.php HTTP/1.1" 403 - "-" "python-httpx/0.28.1"
209.15.111.206 - - [30/Dec/2025:10:59:29 +0100] "GET /FoxWSOv1.php HTTP/1.1" 403 - "-" "python-httpx/0.28.1"
209.15.111.206 - - [30/Dec/2025:10:59:35 +0100] "GET /alf.php HTTP/1.1" 403 - "-" "python-httpx/0.28.1"
209.15.111.206 - - [30/Dec/2025:10:59:40 +0100] "GET /bb.php HTTP/1.1" 403 - "-" "python-httpx/0.28.1"
209.15.111.206 - - [30/Dec/2025:10:59:46 +0100] "GET /lf.php HTTP/1.1" 403 - "-" "python-httpx/0.28.1"
209.15.111.206 - - [30/Dec/2025:10:59:52 +0100] "GET /WSO.php HTTP/1.1" 403 - "-" "python-httpx/0.28.1"
209.15.111.206 - - [30/Dec/2025:10:59:58 +0100] "GET /wp-admin/maint/atomlib.php HTTP/1.1" 403 - "-" "python-httpx/0.28.1"
57.141.18.85 - - [30/Dec/2025:11:00:13 +0100] "GET /?o=7314093381203 HTTP/2.0" 200 - "-" "meta-externalagent/1.1 (+https://developers.facebook.com/docs/sharing/webmasters/crawler)"
146.88.233.70 - - [30/Dec/2025:11:00:23 +0100] "POST /wp-cron.php?doing_wp_cron=1767088823.7598690986633300781250 HTTP/1.1" 403 - "-" "WordPress/6.8.3; https://www.loger.cm"
209.15.111.206 - - [30/Dec/2025:11:00:03 +0100] "GET /wp-admin/network/admin.php HTTP/1.1" 302 - "-" "python-httpx/0.28.1"
66.249.68.66 - - [30/Dec/2025:11:00:29 +0100] "GET /?o=20140183442809 HTTP/1.1" 200 25854 "-" "Mozilla/5.0 (Linux; Android 6.0.1; Nexus 5X Build/MMB29P) AppleWebKit/537.36 (KHTML, like Gecko) Chrome/141.0.7390.122 Mobile Safari/537.36 (compatible; Googlebot/2.1; +http://www.google.com/bot.html)"
57.141.18.87 - - [30/Dec/2025:11:01:08 +0100] "GET /?o=91982124232200 HTTP/2.0" 200 - "-" "meta-externalagent/1.1 (+https://developers.facebook.com/docs/sharing/webmasters/crawler)"
57.141.18.96 - - [30/Dec/2025:11:01:20 +0100] "GET /?o=3885780522304 HTTP/2.0" 200 - "-" "meta-externalagent/1.1 (+https://developers.facebook.com/docs/sharing/webmasters/crawler)"
57.141.18.98 - - [30/Dec/2025:11:01:23 +0100] "GET /?o=16166300320402 HTTP/2.0" 200 - "-" "meta-externalagent/1.1 (+https://developers.facebook.com/docs/sharing/webmasters/crawler)"
185.102.115.120 - - [30/Dec/2025:11:01:27 +0100] "POST /wp.php HTTP/1.1" 403 - "-" "Mozilla/4.0 (compatible; MSIE 6.0; Windows NT 5.1; SV1)"
Coded With 💗 by
0x6ick